{"id":64,"date":"2014-09-18T12:39:08","date_gmt":"2014-09-18T11:39:08","guid":{"rendered":"http:\/\/agora.xtec.cat\/ceip-catalunya-sabadell\/?page_id=64"},"modified":"2026-02-17T15:46:23","modified_gmt":"2026-02-17T14:46:23","slug":"projecte-educatiu","status":"publish","type":"page","link":"https:\/\/agora.xtec.cat\/ceip-catalunya-sabadell\/lescola\/projecte-educatiu\/","title":{"rendered":"Projecte educatiu"},"content":{"rendered":"<p><iframe loading=\"lazy\" title=\"Escola Catalunya\" width=\"500\" height=\"281\" src=\"https:\/\/www.youtube.com\/embed\/4Fd8zFpciQQ?feature=oembed\" frameborder=\"0\" allow=\"accelerometer; autoplay; clipboard-write; encrypted-media; gyroscope; picture-in-picture; web-share\" referrerpolicy=\"strict-origin-when-cross-origin\" allowfullscreen><\/iframe><\/p>\n<p><b><span lang=\"CA\"><span style=\"font-size: large;\">(Extracte del projecte Educatiu del Centre)<\/span><\/span><\/b><\/p>\n<p><span style=\"font-size: medium;\"><b><span lang=\"CA\">\u00a0\u00a0\u00a0 <\/span><span style=\"font-size: small;\"><u><span lang=\"CA\"><span style=\"font-size: medium;\">PRINCIPIS<\/span> <span style=\"font-size: medium;\">B\u00c0SICS<\/span> <\/span><\/u><\/span><\/b><\/span><\/p>\n<p><span style=\"font-size: small;\"><span lang=\"CA\">L\u2019Escola Catalunya \u00e9s:<\/span><\/span><\/p>\n<p style=\"text-align: left;\"><span lang=\"CA\">\u00a0 \u00a0 1.- Una escola p\u00fablica catalana, acollidora i integradora.<\/span><\/p>\n<p style=\"text-align: left;\"><span lang=\"CA\">\u00a0 \u00a0 2.- Una escola activa i din\u00e0mica.<\/span><\/p>\n<p style=\"text-align: left;\"><span lang=\"CA\">\u00a0 \u00a0 3.- Una escola que vetlla pel desenvolupament integral de l\u2019alumnat<\/span><\/p>\n<p style=\"text-align: left;\"><span lang=\"CA\">\u00a0\u00a0\u00a0 4.- Una escola respectuosa amb el medi ambient<\/span><\/p>\n<p style=\"text-align: left;\"><span lang=\"CA\">\u00a0\u00a0\u00a0 5.- Una escola oberta a l\u2019entorn\u00a0 <\/span><\/p>\n<p style=\"text-align: left;\"><span lang=\"CA\">\u00a0\u00a0\u00a0 6.- Una escola participativa<\/span><\/p>\n<p><span lang=\"CA\">\u00a0\u00a0\u00a0<u> <\/u><u>1.- UNA ESCOLA P\u00daBLICA CATALANA, ACOLLIDORA I INTEGRADORA<\/u><\/span><\/p>\n<ul>\n<li><span lang=\"CA\">Utilitzem el catal\u00e0 com a llengua vehicular del centre, com a eina d\u2019aprenentatge i comunicaci\u00f3.<\/span><span lang=\"CA\"><br \/>\n<\/span><\/li>\n<\/ul>\n<ul>\n<li><span lang=\"CA\">Ensenyem la realitat catalana en totes les seves manifestacions: cultural, hist\u00f2rica, llengua i costums, tot i coneixent tamb\u00e9 les d\u2019altres indrets.<\/span><span lang=\"CA\"><br \/>\n<\/span><\/li>\n<\/ul>\n<ul>\n<li><span lang=\"CA\">Gestionem i controlem el seu finan\u00e7ament, administraci\u00f3 i planificaci\u00f3 pedag\u00f2gica mitjan\u00e7ant el Consell Escolar, \u00f2rgan format pels diferents estaments representatius de l\u2019escola<\/span><span lang=\"CA\"> ( pares, mestres, personal no docent &#8230;).<\/span><\/li>\n<\/ul>\n<ul>\n<li><span lang=\"CA\">Obrim l\u2019escola a tothom que respecti els principis democr\u00e0tics, sense discriminacions de cap tipus: ling\u00fc\u00edstiques, de capacitats intel\u00b7lectuals i\/o f\u00edsiques, culturals, sexuals, econ\u00f2miques, socials&#8230;<\/span><span lang=\"CA\"><br \/>\n<\/span><\/li>\n<\/ul>\n<ul>\n<li><span lang=\"CA\">Respectem la pluralitat ideol\u00f2gica, tant pel que fa a les idees pol\u00edtiques com religioses, les quals s\u2019han de con\u00e8ixer, per\u00f2 mai s\u2019han d\u2019imposar.<\/span><span lang=\"CA\"><br \/>\n<\/span><\/li>\n<\/ul>\n<ul>\n<li><span lang=\"CA\">Volem superar el risc de fer comunitats separades i hostils per aconseguir una veritable conviv\u00e8ncia de ciutadans en una mateixa terra, a trav\u00e9s del coneixement d\u2019altres realitats diferents a la nostra.<\/span><\/li>\n<\/ul>\n<ul>\n<li><span lang=\"CA\">Pensem que la conviv\u00e8ncia entre alumnes amb capacitats intel\u00b7lectuals i f\u00edsiques diferents \u00e9s un enriquiment per a tota la comunitat educativa. En aquest sentit, a les places reservades per alumnes amb necessitats espec\u00edfiques hi tenim alumnes amb sordesa.<\/span><\/li>\n<\/ul>\n<p><span lang=\"CA\">\u00a0\u00a0<u>\u00a0<\/u><u>2.- UNA ESCOLA ACTIVA I DIN\u00c0MICA<\/u><\/span><\/p>\n<ul>\n<li><span lang=\"CA\">Basem els plantejaments pedag\u00f2gics en l\u2019observaci\u00f3, l\u2019experimentaci\u00f3 i la participaci\u00f3 activa dels nens i nenes en les tasques escolars.<\/span><span lang=\"CA\"><br \/>\n<\/span><\/li>\n<\/ul>\n<ul>\n<li><span lang=\"CA\">Fomentem tant el treball en grup com l\u2019individual.<\/span><\/li>\n<\/ul>\n<ul>\n<li><span lang=\"CA\">Programem sortides i col\u00f2nies per fer apropar l\u2019alumnat a la realitat que l\u2019envolta i que ha de ser objecte d\u2019estudi.<\/span><\/li>\n<\/ul>\n<ul>\n<li><span lang=\"CA\">Participem en els projectes que la Generalitat, l\u2019Ajuntament o altres entitats ens posen a l\u2019abast i que creiem interessants per tal de contribuir a un aprenentatge m\u00e9s significatiu (projectes europeus, d\u2019impuls de l\u2019angl\u00e8s, per la millora de les TIC&#8230;).<\/span><\/li>\n<\/ul>\n<ul>\n<li><span lang=\"CA\">Adeq\u00fcem la programaci\u00f3 del curr\u00edculum a la nostra realitat. Es realitzen projectes de treball que sorgeixen dels interessos dels\/les alumnes.<\/span><\/li>\n<\/ul>\n<ul>\n<li><span lang=\"CA\">Treballem per incrementar i millorar cada any l\u2019equipament inform\u00e0tic i audiovisual. <\/span><\/li>\n<\/ul>\n<ul>\n<li><span lang=\"CA\">Programem activitats pel foment i l\u2019\u00fas de les noves tecnologies com un mitj\u00e0 habitual d\u2019ensenyament-aprenentatge.<\/span><\/li>\n<\/ul>\n<p><u><span lang=\"CA\">3.- UNA ESCOLA QUE VETLLA PEL\u00a0 DESENVOLUPAMENT INTEGRAL DE L\u2019ALUMNAT<\/span><\/u><\/p>\n<ul>\n<li><span lang=\"CA\">\u00a0 <\/span><span lang=\"CA\">Ajudem l\u2019alumnat a realitzar-se intel\u00b7lectualment i a desplegar al m\u00e0xim les potencialitats del seu pensament.<\/span><\/li>\n<\/ul>\n<ul>\n<li><span lang=\"CA\">Promovem l\u2019autonomia personal, la independ\u00e8ncia de criteri i \u00a0la capacitat d\u2019establir relacions sanes amb les altres persones, sense caure en la depend\u00e8ncia ni en la desvinculaci\u00f3 .<\/span><\/li>\n<\/ul>\n<ul>\n<li><span lang=\"CA\">Impulsem la capacitat d\u2019acceptaci\u00f3 dels propis errors i de reconeixement dels propis encerts, fomentant l\u2019autoestima i l\u2019equilibri personal.<\/span><\/li>\n<\/ul>\n<ul>\n<li><span lang=\"CA\">Treballem per la resoluci\u00f3 dels conflictes de manera pac\u00edfica i assertiva.<\/span><\/li>\n<\/ul>\n<ul>\n<li><span lang=\"CA\">Els ensenyem a desenvolupar h\u00e0bits saludables i eduquem la responsabilitat dels nois i noies en l\u2019obtenci\u00f3 i el manteniment de la pr\u00f2pia salut \u00a0i en la prevenci\u00f3 de l\u2019aparici\u00f3 d\u2019h\u00e0bits nocius.<\/span><\/li>\n<\/ul>\n<ul>\n<li><span lang=\"CA\">Fem viure amb serenitat la sexualitat.<\/span><\/li>\n<\/ul>\n<ul>\n<li><span lang=\"CA\">Ajudem a l\u2019alumnat a comprendre la realitat i a esdevenir capa\u00e7os d\u2019actuar-hi.<\/span><\/li>\n<\/ul>\n<ul>\n<li><span lang=\"CA\">Desenvolupem la capacitat d\u2019actuar efica\u00e7ment en el seu \u00e0mbit de vida quotidiana ( casa, carrer, escola) i de resoldre els problemes pr\u00e0ctics, tant personals com col\u00b7lectius, que s\u2019hi plantegen.<\/span><\/li>\n<\/ul>\n<ul>\n<li><span lang=\"CA\">Fem entendre que el treball i l\u2019esfor\u00e7 s\u00f3n indispensables per realitzar un bon aprenentatge.<\/span><\/li>\n<\/ul>\n<ul>\n<li><span lang=\"CA\">Ajudem a l\u2019alumnat a establir i mantenir relacions personals positives i a esdevenir capa\u00e7os de participar en la vida de grups.<\/span><\/li>\n<\/ul>\n<ul>\n<li><span lang=\"CA\">Afavorim la capacitat d\u2019experimentar sentiments de\u00a0 pertinen\u00e7a al grup i a la col\u00b7lectivitat de l\u2019escola. Tamb\u00e9 la capacitat d\u2019implicaci\u00f3 en els problemes col\u00b7lectius i de comprom\u00eds en la soluci\u00f3 d\u2019aquests problemes.<\/span><\/li>\n<\/ul>\n<ul>\n<li><span lang=\"CA\">Vetllem perqu\u00e8 l\u2019alumnat assumeixi com a valors que cal desenvolupar personalment:<\/span><\/li>\n<\/ul>\n<ul>\n<li><span lang=\"CA\">La imaginaci\u00f3<\/span><\/li>\n<li><span lang=\"CA\">La capacitat d\u2019entusiasmar-se<\/span><\/li>\n<li><span lang=\"CA\">La creativitat<\/span><\/li>\n<li><span lang=\"CA\">L\u2019atenci\u00f3<\/span><\/li>\n<li><span lang=\"CA\">L\u2019autenticitat personal en el tracte<\/span><\/li>\n<li><span lang=\"CA\">L\u2019esfor\u00e7<\/span><\/li>\n<li><span lang=\"CA\">La tenacitat<\/span><\/li>\n<li><span lang=\"CA\">L\u2019austeritat, la senzillesa<\/span><\/li>\n<li><span lang=\"CA\">L\u2019actitud activa davant la vida, l\u2019esperit cr\u00edtic<\/span><\/li>\n<li><span lang=\"CA\">La curiositat i el gust per aprendre<\/span><\/li>\n<\/ul>\n<p><span lang=\"CA\">\u00a0\u00a0<u>\u00a0 <\/u><u>4.- UNA ESCOLA RESPECTUOSA AMB EL MEDI AMBIENT<\/u><\/span><\/p>\n<ul>\n<li><span lang=\"CA\">Promovem actuacions i actituds que respectin el medi ambient\u00a0 ( no utilitzaci\u00f3 del paper d\u2019alumini, reciclatge i reutilitzaci\u00f3 del paper, de l\u2019aigua &#8230;)<\/span><span lang=\"CA\"><br \/>\n<\/span><\/li>\n<\/ul>\n<ul>\n<li><span lang=\"CA\">Participem en activitats de l\u2019Agenda 21 escolar (hort escolar).<\/span><span lang=\"CA\"><br \/>\n<\/span><\/li>\n<\/ul>\n<ul>\n<li><span lang=\"CA\">Tenim tot el\u00a0 material socialitzat (llibres de text, materials fungibles, eines de treball a l\u2019aula, jocs&#8230;)<\/span><\/li>\n<\/ul>\n<p><span lang=\"CA\">Aquest fet afavoreix en gran manera el foment de la reutilitzaci\u00f3 i ens ajuda a formar ciutadans solidaris, sensibles i participatius en la comunitat on viuen.<\/span><\/p>\n<p><span lang=\"CA\">A m\u00e9s comporta una s\u00e8rie d\u2019avantatges:<\/span><\/p>\n<ul>\n<li style=\"list-style-type: none;\">\n<ul>\n<li><span lang=\"CA\">Tots els alumnes tenen sempre el material que necessiten quan ho necessiten.<\/span><\/li>\n<li><span lang=\"CA\">Tots els alumnes tenen el mateix material per a treballar, evitant difer\u00e8ncies entre ells.<\/span><\/li>\n<li><span lang=\"CA\">Els pares i mares no s\u2019han de preocupar d\u2019anar a comprar el material. La despesa resulta m\u00e9s econ\u00f2mica per les fam\u00edlies.<\/span><\/li>\n<li><span lang=\"CA\">Els alumnes aprenen a respectar el material comunitari. <\/span><\/li>\n<\/ul>\n<\/li>\n<\/ul>\n<p><span lang=\"CA\">El seguiment de les despeses i els ingressos els fa la comissi\u00f3 econ\u00f2mica que dep\u00e8n del Consell Escolar.<br \/>\n<\/span><\/p>\n<p><u><span lang=\"CA\">5.- UNA ESCOLA OBERTA A L\u2019ENTORN<\/span><\/u><\/p>\n<ul>\n<li><span lang=\"CA\">\u00a0Facilitem que el nostre alumnat s\u2019integri a la societat de forma cr\u00edtica i prengui consci\u00e8ncia de les exig\u00e8ncies de la vida social organitzada.<\/span><\/li>\n<\/ul>\n<ul>\n<li><span lang=\"CA\">Potenciem aquells aprenentatges que s\u00f3n propis de la cultura en qu\u00e8 viuen: educaci\u00f3 vi\u00e0ria, cultura popular, \u00a0coneixement dels avantatges i perills de les noves tecnologies i xarxes socials&#8230;<\/span><\/li>\n<\/ul>\n<ul>\n<li><span lang=\"CA\">Impulsem la participaci\u00f3 de forma activa en les activitats que es proposen al barri\u00a0 i a la ciutat: festes, exposicions, activitats esportives, teatre&#8230;<\/span><\/li>\n<\/ul>\n<p><span lang=\"CA\">\u00a0 \u00a0<u>6.- UNA ESCOLA PARTICIPATIVA<\/u><\/span><\/p>\n<ul>\n<li><span lang=\"CA\">Pensem que l\u2019educaci\u00f3 i aprenentatge dels nens i nenes \u00e9s una tasca conjunta entre la fam\u00edlia i l\u2019escola.<\/span><\/li>\n<\/ul>\n<ul>\n<li><span lang=\"CA\">L\u2019escola d\u00f3na la possibilitat i anima a totes les fam\u00edlies a participar-hi a trav\u00e9s dels seus \u00f2rgans representatius ( AMPA, Consell Escolar) aix\u00ed com de totes les trobades que s\u2019organitzen.<\/span><\/li>\n<\/ul>\n","protected":false},"excerpt":{"rendered":"<p>(Extracte del projecte Educatiu del Centre)<br \/>\n\u00a0\u00a0\u00a0 PRINCIPIS B\u00c0SICS<br \/>\nL\u2019Escola Catalunya \u00e9s:<br \/>\n\u00a0 \u00a0 1.- Una escola p\u00fablica catalana, acollidora i integradora.<br \/>\n\u00a0 \u00a0 2.- Una escola activa i din\u00e0mica.<br \/>\n\u00a0 \u00a0 3.- Una escola que vetlla pel desenvolupament integral de l\u2019alumnat<br \/>\n\u00a0\u00a0\u00a0 4.- Una escola respectuosa amb el medi&hellip;  <a href=\"https:\/\/agora.xtec.cat\/ceip-catalunya-sabadell\/lescola\/projecte-educatiu\/\" title=\"Read Projecte educatiu\">Llegeix m\u00e9s\u00bb<\/a><\/p>\n","protected":false},"author":1,"featured_media":0,"parent":22,"menu_order":2,"comment_status":"closed","ping_status":"closed","template":"page-templates\/side-menu.php","meta":{"_bbp_topic_count":0,"_bbp_reply_count":0,"_bbp_total_topic_count":0,"_bbp_total_reply_count":0,"_bbp_voice_count":0,"_bbp_anonymous_reply_count":0,"_bbp_topic_count_hidden":0,"_bbp_reply_count_hidden":0,"_bbp_forum_subforum_count":0,"footnotes":""},"class_list":["post-64","page","type-page","status-publish","hentry"],"post_mailing_queue_ids":[],"_links":{"self":[{"href":"https:\/\/agora.xtec.cat\/ceip-catalunya-sabadell\/wp-json\/wp\/v2\/pages\/64","targetHints":{"allow":["GET"]}}],"collection":[{"href":"https:\/\/agora.xtec.cat\/ceip-catalunya-sabadell\/wp-json\/wp\/v2\/pages"}],"about":[{"href":"https:\/\/agora.xtec.cat\/ceip-catalunya-sabadell\/wp-json\/wp\/v2\/types\/page"}],"author":[{"embeddable":true,"href":"https:\/\/agora.xtec.cat\/ceip-catalunya-sabadell\/wp-json\/wp\/v2\/users\/1"}],"replies":[{"embeddable":true,"href":"https:\/\/agora.xtec.cat\/ceip-catalunya-sabadell\/wp-json\/wp\/v2\/comments?post=64"}],"version-history":[{"count":3,"href":"https:\/\/agora.xtec.cat\/ceip-catalunya-sabadell\/wp-json\/wp\/v2\/pages\/64\/revisions"}],"predecessor-version":[{"id":5377,"href":"https:\/\/agora.xtec.cat\/ceip-catalunya-sabadell\/wp-json\/wp\/v2\/pages\/64\/revisions\/5377"}],"up":[{"embeddable":true,"href":"https:\/\/agora.xtec.cat\/ceip-catalunya-sabadell\/wp-json\/wp\/v2\/pages\/22"}],"wp:attachment":[{"href":"https:\/\/agora.xtec.cat\/ceip-catalunya-sabadell\/wp-json\/wp\/v2\/media?parent=64"}],"curies":[{"name":"wp","href":"https:\/\/api.w.org\/{rel}","templated":true}]}}