{"id":36,"date":"2014-09-18T12:33:11","date_gmt":"2014-09-18T11:33:11","guid":{"rendered":"http:\/\/agora.xtec.cat\/ceip-catalunya-sabadell\/?page_id=36"},"modified":"2025-07-10T12:22:28","modified_gmt":"2025-07-10T10:22:28","slug":"material-escolar","status":"publish","type":"page","link":"https:\/\/agora.xtec.cat\/ceip-catalunya-sabadell\/curs-2015-2016\/material-escolar\/","title":{"rendered":"Material escolar"},"content":{"rendered":"<p><b>QU\u00c8 CAL PORTAR?\u00a0 \u00a0<\/b><\/p>\n<p>I3 i I4:<\/p>\n<ul>\n<li>Una fotografia de la fam\u00edlia el primer dia d&#8217;escola (Nom\u00e9s I3)<\/li>\n<li>Bata amb una veta per penjar-la (ha de ser cordada pel davant amb botons\u00a0 i amb goma als punys)<\/li>\n<li>Bossa amb muda de recanvi (i cal\u00e7at, si escau)<\/li>\n<li>Paquet tovalloletes humides<\/li>\n<li>Capsa mocadors de paper<\/li>\n<li>Bosseta d&#8217;esmorzar cada dia amb el tovall\u00f3 a dintre. L\u2019esmorzar dins d\u2019una carmanyola o similar (que no sigui de vidre), o embolicat amb paper que no sigui de plata o pl\u00e0stic<\/li>\n<li>Pitet si es queda al menjador<\/li>\n<li>Cal\u00e7at cordat amb \u201cvelcro\u201d (sempre)<\/li>\n<li>Ampolla o bid\u00f3 amb aigua (que no sigui de vidre)<\/li>\n<\/ul>\n<p>TOT AMB VETA PER PENJAR I MARCAT AMB EL NOM EN UN LLOC VISIBLE<\/p>\n<p>I5:<\/p>\n<ul>\n<li>Bata amb una veta llarga per penjar-la<\/li>\n<li>Capsa de mocadors de paper<\/li>\n<li>Paquet tovalloletes humides<\/li>\n<li>Bosseta amb l&#8217;esmorzar. L\u2019esmorzar dins d\u2019una carmanyola o similar\u00a0 (que no sigui de vidre), o embolicat amb paper que no sigui de plata o pl\u00e0stic<\/li>\n<li>Cal\u00e7at cordat amb \u201cvelcro\u201d (sempre)<\/li>\n<li>Ampolla o bid\u00f3 amb aigua\u00a0 (que no sigui de vidre)<\/li>\n<\/ul>\n<p>TOT AMB VETA PER PENJAR I MARCAT AMB EL NOM EN UN LLOC VISIBLE<\/p>\n<p>CICLE INICIAL (1r i 2n)<\/p>\n<ul>\n<li>Bosseta de roba amb l&#8217;esmorzar (no motxilla). L\u2019esmorzar dins d\u2019una carmanyola o similar (que no sigui de vidre), o embolicat amb paper que no sigui de plata o pl\u00e0stic<\/li>\n<li>Una capsa de mocadors de paper<\/li>\n<li>Bata marcada amb el nom i amb <span style=\"font-size: revert; color: initial;\">una veta llarga<\/span><span style=\"font-size: revert; color: initial;\"> per penjar-la (es far\u00e0 servir nom\u00e9s per la pl\u00e0stica)<\/span><\/li>\n<li>Ampolla o bid\u00f3 amb aigua\u00a0 (que no sigui de vidre)<\/li>\n<\/ul>\n<p>TOT AMB VETA PER PENJAR I MARCAT AMB EL NOM EN UN LLOC VISIBLE<\/p>\n<p>CICLE MITJ\u00c0 \u00a0 i\u00a0 CICLE SUPERIOR<\/p>\n<ul>\n<li>Motxilla<\/li>\n<li>L\u2019esmorzar dins d\u2019una carmanyola o similar (que no sigui de vidre), o embolicat amb paper que no sigui de plata o pl\u00e0stic<\/li>\n<li>Bata o una camisa vella per pl\u00e0stica<\/li>\n<li>Bossa per Educaci\u00f3 F\u00edsica amb tovallola petita, sab\u00f3 i una samarreta de recanvi<\/li>\n<li>Portar com a h\u00e0bit, un paquet petit de mocadors de paper<\/li>\n<li>Ampolla o bid\u00f3 amb aigua\u00a0 (que no sigui de vidre)<\/li>\n<\/ul>\n<p>TOT AMB VETA PER PENJAR I\u00a0 MARCAT AMB EL NOM EN UN LLOC VISIBLE<\/p>\n","protected":false},"excerpt":{"rendered":"<p>QU\u00c8 CAL PORTAR?\u00a0 \u00a0<br \/>\nI3 i I4:<\/p>\n<ul>\n<li>Una fotografia de la fam\u00edlia el primer dia d&#8217;escola (Nom\u00e9s I3)<\/li>\n<li>Bata amb una veta per penjar-la (ha de ser cordada pel davant amb botons\u00a0 i amb goma als punys)<\/li>\n<li>Bossa amb muda de recanvi (i cal\u00e7at, si escau)<\/li>\n<li>Paquet tovalloletes humides<\/li>\n<li>Capsa mocadors&hellip;  <a href=\"https:\/\/agora.xtec.cat\/ceip-catalunya-sabadell\/curs-2015-2016\/material-escolar\/\" title=\"Read Material escolar\">Llegeix m\u00e9s\u00bb<\/a><br \/>\n","protected":false},"author":1,"featured_media":0,"parent":240,"menu_order":4,"comment_status":"closed","ping_status":"closed","template":"page-templates\/side-menu.php","meta":{"_bbp_topic_count":0,"_bbp_reply_count":0,"_bbp_total_topic_count":0,"_bbp_total_reply_count":0,"_bbp_voice_count":0,"_bbp_anonymous_reply_count":0,"_bbp_topic_count_hidden":0,"_bbp_reply_count_hidden":0,"_bbp_forum_subforum_count":0,"footnotes":""},"class_list":["post-36","page","type-page","status-publish","hentry"],"post_mailing_queue_ids":[],"_links":{"self":[{"href":"https:\/\/agora.xtec.cat\/ceip-catalunya-sabadell\/wp-json\/wp\/v2\/pages\/36","targetHints":{"allow":["GET"]}}],"collection":[{"href":"https:\/\/agora.xtec.cat\/ceip-catalunya-sabadell\/wp-json\/wp\/v2\/pages"}],"about":[{"href":"https:\/\/agora.xtec.cat\/ceip-catalunya-sabadell\/wp-json\/wp\/v2\/types\/page"}],"author":[{"embeddable":true,"href":"https:\/\/agora.xtec.cat\/ceip-catalunya-sabadell\/wp-json\/wp\/v2\/users\/1"}],"replies":[{"embeddable":true,"href":"https:\/\/agora.xtec.cat\/ceip-catalunya-sabadell\/wp-json\/wp\/v2\/comments?post=36"}],"version-history":[{"count":6,"href":"https:\/\/agora.xtec.cat\/ceip-catalunya-sabadell\/wp-json\/wp\/v2\/pages\/36\/revisions"}],"predecessor-version":[{"id":5337,"href":"https:\/\/agora.xtec.cat\/ceip-catalunya-sabadell\/wp-json\/wp\/v2\/pages\/36\/revisions\/5337"}],"up":[{"embeddable":true,"href":"https:\/\/agora.xtec.cat\/ceip-catalunya-sabadell\/wp-json\/wp\/v2\/pages\/240"}],"wp:attachment":[{"href":"https:\/\/agora.xtec.cat\/ceip-catalunya-sabadell\/wp-json\/wp\/v2\/media?parent=36"}],"curies":[{"name":"wp","href":"https:\/\/api.w.org\/{rel}","templated":true}]}}

<p><b>QUÈ CAL PORTAR?   </b></p>
<p>I3 i I4:</p>
<ul>
<li>Una fotografia de la família el primer dia d&#8217;escola (Només I3)</li>
<li>Bata amb una veta per penjar-la (ha de ser cordada pel davant amb botons  i amb goma als punys)</li>
<li>Bossa amb muda de recanvi (i calçat, si escau)</li>
<li>Paquet tovalloletes humides</li>
<li>Capsa mocadors de paper</li>
<li>Bosseta d&#8217;esmorzar cada dia amb el tovalló a dintre. L’esmorzar dins d’una carmanyola o similar (que no sigui de vidre), o embolicat amb paper que no sigui de plata o plàstic</li>
<li>Pitet si es queda al menjador</li>
<li>Calçat cordat amb “velcro” (sempre)</li>
<li>Ampolla o bidó amb aigua (que no sigui de vidre)</li>
</ul>
<p>TOT AMB VETA PER PENJAR I MARCAT AMB EL NOM EN UN LLOC VISIBLE</p>
<p>I5:</p>
<ul>
<li>Bata amb una veta llarga per penjar-la</li>
<li>Capsa de mocadors de paper</li>
<li>Paquet tovalloletes humides</li>
<li>Bosseta amb l&#8217;esmorzar. L’esmorzar dins d’una carmanyola o similar  (que no sigui de vidre), o embolicat amb paper que no sigui de plata o plàstic</li>
<li>Calçat cordat amb “velcro” (sempre)</li>
<li>Ampolla o bidó amb aigua  (que no sigui de vidre)</li>
</ul>
<p>TOT AMB VETA PER PENJAR I MARCAT AMB EL NOM EN UN LLOC VISIBLE</p>
<p>CICLE INICIAL (1r i 2n)</p>
<ul>
<li>Bosseta de roba amb l&#8217;esmorzar (no motxilla). L’esmorzar dins d’una carmanyola o similar (que no sigui de vidre), o embolicat amb paper que no sigui de plata o plàstic</li>
<li>Una capsa de mocadors de paper</li>
<li>Bata marcada amb el nom i amb <span style="font-size: revert; color: initial;">una veta llarga</span><span style="font-size: revert; color: initial;"> per penjar-la (es farà servir només per la plàstica)</span></li>
<li>Ampolla o bidó amb aigua  (que no sigui de vidre)</li>
</ul>
<p>TOT AMB VETA PER PENJAR I MARCAT AMB EL NOM EN UN LLOC VISIBLE</p>
<p>CICLE MITJÀ   i  CICLE SUPERIOR</p>
<ul>
<li>Motxilla</li>
<li>L’esmorzar dins d’una carmanyola o similar (que no sigui de vidre), o embolicat amb paper que no sigui de plata o plàstic</li>
<li>Bata o una camisa vella per plàstica</li>
<li>Bossa per Educació Física amb tovallola petita, sabó i una samarreta de recanvi</li>
<li>Portar com a hàbit, un paquet petit de mocadors de paper</li>
<li>Ampolla o bidó amb aigua  (que no sigui de vidre)</li>
</ul>
<p>TOT AMB VETA PER PENJAR I  MARCAT AMB EL NOM EN UN LLOC VISIBLE</p>

<p>QUÈ CAL PORTAR?   <br />
I3 i I4:</p>
<ul>
<li>Una fotografia de la família el primer dia d&#8217;escola (Només I3)</li>
<li>Bata amb una veta per penjar-la (ha de ser cordada pel davant amb botons  i amb goma als punys)</li>
<li>Bossa amb muda de recanvi (i calçat, si escau)</li>
<li>Paquet tovalloletes humides</li>
<li>Capsa mocadors&hellip;  <a href="https://agora.xtec.cat/ceip-catalunya-sabadell/curs-2015-2016/material-escolar/" title="Read Material escolar">Llegeix més»</a><br />
