{"id":26,"date":"2014-09-18T12:24:32","date_gmt":"2014-09-18T11:24:32","guid":{"rendered":"http:\/\/agora.xtec.cat\/ceip-catalunya-sabadell\/?page_id=26"},"modified":"2016-02-28T15:49:12","modified_gmt":"2016-02-28T14:49:12","slug":"historia","status":"publish","type":"page","link":"https:\/\/agora.xtec.cat\/ceip-catalunya-sabadell\/lescola\/historia\/","title":{"rendered":"Hist\u00f2ria"},"content":{"rendered":"<p style=\"text-align: justify;\"><span style=\"font-family: Arial;\"><span style=\"font-size: medium;\">L&#8217;Escola Catalunya es va inaugurar l&#8217;any 1981.<br \/>\nVa ser la primera escola p\u00fablica de Sabadell on tot l&#8217;aprenentatge s&#8217;impartia en catal\u00e0.<br \/>\nEs va construir en els terrenys de l&#8217;antiga f\u00e0brica de Cal Jep\u00f3, que d\u00f3na nom\u00a0 al passeig situat davant de l&#8217;escola.<\/span><\/span><br \/>\n<img loading=\"lazy\" decoding=\"async\" class=\" alignright\" src=\"https:\/\/sites.google.com\/a\/xtec.cat\/escola-catalunya-sabadell\/_\/rsrc\/1423936987392\/noticies\/trets-d-identitat\/Porta%20Cal%20Jep%C3%B3%20peque.jpg?height=133&amp;width=200\" alt=\"\" width=\"300\" height=\"199\" border=\"0\" \/>De l&#8217;antiga f\u00e0brica encara es conserva una de les portes d&#8217;acc\u00e9s que es pot veure al costat dret de la porta principal d&#8217;entrada.<\/p>\n<p style=\"text-align: justify;\">Si voleu saber m\u00e9s sobre Cal Jep\u00f3 i la industria t\u00e8xtil de la nostra ciutat, podeu consultar el web que vam crear per recollir tota la informaci\u00f3 i activitats realitzades en un gran projecte d&#8217;escola:<\/p>\n<div style=\"text-align: justify;\"><strong>\u00a0 \u00a0 \u00a0 \u00a0<a href=\"https:\/\/sites.google.com\/a\/xtec.cat\/de-cal-jepo-a-l-escola-catalunya\/\" target=\"_blank\">&#8220;De Cal Jep\u00f3 a l&#8217;escola Catalunya&#8221;<\/a><\/strong><\/div>\n<div style=\"text-align: justify;\"><\/div>\n<div style=\"text-align: justify;\"><\/div>\n<div style=\"text-align: justify;\"><\/div>\n<div style=\"text-align: justify;\"><\/div>\n<div style=\"text-align: left;\"><a href=\"http:\/\/agora.xtec.cat\/ceip-catalunya-sabadell\/wp-content\/uploads\/usu823\/2014\/09\/Dues-fotos-juntes-peque-ultima.jpg\"><img loading=\"lazy\" decoding=\"async\" class=\" size-full wp-image-296 alignleft\" src=\"http:\/\/agora.xtec.cat\/ceip-catalunya-sabadell\/wp-content\/uploads\/usu823\/2014\/09\/Dues-fotos-juntes-peque-ultima.jpg\" alt=\"Dues fotos juntes peque ultima\" width=\"650\" height=\"223\" srcset=\"https:\/\/agora.xtec.cat\/ceip-catalunya-sabadell\/wp-content\/uploads\/usu823\/2014\/09\/Dues-fotos-juntes-peque-ultima.jpg 650w, https:\/\/agora.xtec.cat\/ceip-catalunya-sabadell\/wp-content\/uploads\/usu823\/2014\/09\/Dues-fotos-juntes-peque-ultima-300x103.jpg 300w\" sizes=\"auto, (max-width: 650px) 100vw, 650px\" \/><\/a><\/div>\n","protected":false},"excerpt":{"rendered":"<p>L&#8217;Escola Catalunya es va inaugurar l&#8217;any 1981.<br \/>\nVa ser la primera escola p\u00fablica de Sabadell on tot l&#8217;aprenentatge s&#8217;impartia en catal\u00e0.<br \/>\nEs va construir en els terrenys de l&#8217;antiga f\u00e0brica de Cal Jep\u00f3, que d\u00f3na nom\u00a0 al passeig situat davant de l&#8217;escola.<br \/>\nDe l&#8217;antiga f\u00e0brica encara es conserva&hellip;  <a href=\"https:\/\/agora.xtec.cat\/ceip-catalunya-sabadell\/lescola\/historia\/\" title=\"Read Hist\u00f2ria\">Llegeix m\u00e9s\u00bb<\/a><\/p>\n","protected":false},"author":1,"featured_media":0,"parent":22,"menu_order":1,"comment_status":"closed","ping_status":"closed","template":"page-templates\/side-menu.php","meta":{"_bbp_topic_count":0,"_bbp_reply_count":0,"_bbp_total_topic_count":0,"_bbp_total_reply_count":0,"_bbp_voice_count":0,"_bbp_anonymous_reply_count":0,"_bbp_topic_count_hidden":0,"_bbp_reply_count_hidden":0,"_bbp_forum_subforum_count":0,"footnotes":""},"class_list":["post-26","page","type-page","status-publish","hentry"],"post_mailing_queue_ids":[],"_links":{"self":[{"href":"https:\/\/agora.xtec.cat\/ceip-catalunya-sabadell\/wp-json\/wp\/v2\/pages\/26","targetHints":{"allow":["GET"]}}],"collection":[{"href":"https:\/\/agora.xtec.cat\/ceip-catalunya-sabadell\/wp-json\/wp\/v2\/pages"}],"about":[{"href":"https:\/\/agora.xtec.cat\/ceip-catalunya-sabadell\/wp-json\/wp\/v2\/types\/page"}],"author":[{"embeddable":true,"href":"https:\/\/agora.xtec.cat\/ceip-catalunya-sabadell\/wp-json\/wp\/v2\/users\/1"}],"replies":[{"embeddable":true,"href":"https:\/\/agora.xtec.cat\/ceip-catalunya-sabadell\/wp-json\/wp\/v2\/comments?post=26"}],"version-history":[{"count":4,"href":"https:\/\/agora.xtec.cat\/ceip-catalunya-sabadell\/wp-json\/wp\/v2\/pages\/26\/revisions"}],"predecessor-version":[{"id":341,"href":"https:\/\/agora.xtec.cat\/ceip-catalunya-sabadell\/wp-json\/wp\/v2\/pages\/26\/revisions\/341"}],"up":[{"embeddable":true,"href":"https:\/\/agora.xtec.cat\/ceip-catalunya-sabadell\/wp-json\/wp\/v2\/pages\/22"}],"wp:attachment":[{"href":"https:\/\/agora.xtec.cat\/ceip-catalunya-sabadell\/wp-json\/wp\/v2\/media?parent=26"}],"curies":[{"name":"wp","href":"https:\/\/api.w.org\/{rel}","templated":true}]}}