{"id":248,"date":"2015-12-23T09:13:31","date_gmt":"2015-12-23T08:13:31","guid":{"rendered":"http:\/\/agora.xtec.cat\/ceip-catalunya-sabadell\/?page_id=248"},"modified":"2024-09-18T12:49:21","modified_gmt":"2024-09-18T10:49:21","slug":"documentacio-per-imprimir-les-families","status":"publish","type":"page","link":"https:\/\/agora.xtec.cat\/ceip-catalunya-sabadell\/curs-2015-2016\/documentacio-per-imprimir-les-families\/","title":{"rendered":"Documentaci\u00f3 per descarregar"},"content":{"rendered":"<p style=\"text-align: justify;\"><a href=\"http:\/\/agora.xtec.cat\/ceip-catalunya-sabadell\/wp-content\/uploads\/usu823\/2015\/12\/Medicaments-150.jpg\"><img loading=\"lazy\" decoding=\"async\" class=\" wp-image-373 alignleft\" src=\"http:\/\/agora.xtec.cat\/ceip-catalunya-sabadell\/wp-content\/uploads\/usu823\/2015\/12\/Medicaments-150.jpg\" alt=\"Medicaments 150\" width=\"133\" height=\"105\" \/><\/a> <strong>AUTORITZACI\u00d3 ADMINISTRACI\u00d3 DE MEDICAMENTS<\/strong><\/p>\n<p style=\"text-align: justify;\">Recordeu que a l&#8217;escola no es pot administrar cap medicament que no hagi sigut autoritzat per la fam\u00edlia. \u00c9s important tamb\u00e9 portar la recepta m\u00e8dica.<br \/>\nSi s&#8217;ha de donar durant la franja hor\u00e0ria de menjador tant la medicina com l&#8217;autoritzaci\u00f3 s&#8217;ha de donar a la coordinadora N\u00faria Garcia.<\/p>\n<p style=\"text-align: justify;\">La podeu imprimir des del seg\u00fcent enlla\u00e7 :\u00a0<a href=\"https:\/\/drive.google.com\/file\/d\/1dRKUY_G826yp5XXbPcCWsOujtwb2QlVi\/view?usp=sharing\">\u00a0autoritzaci\u00f3 medicaments<\/a><\/p>\n<p>&nbsp;<\/p>\n<p><a href=\"http:\/\/agora.xtec.cat\/ceip-catalunya-sabadell\/wp-content\/uploads\/usu823\/2015\/12\/Fam\u00edlia-i-Escola-1.jpg\"><img loading=\"lazy\" decoding=\"async\" class=\" wp-image-375 alignleft\" src=\"http:\/\/agora.xtec.cat\/ceip-catalunya-sabadell\/wp-content\/uploads\/usu823\/2015\/12\/Fam\u00edlia-i-Escola-1.jpg\" alt=\"Fam\u00edlia i Escola (1)\" width=\"191\" height=\"43\" \/><\/a>\u00a0\u00a0\u00a0<strong> CARTA DE COMPROM\u00cdS EDUCATIU<\/strong><\/p>\n<p>La present carta \u00e9s un comprom\u00eds mutu per garantir l&#8217;educaci\u00f3 dels nens i nenes.<br \/>\nTotes les fam\u00edlies l&#8217;han de signar i portar a l&#8217;escola.<\/p>\n<p>La podeu imprimir des del seg\u00fcent enlla\u00e7 : <a href=\"https:\/\/drive.google.com\/file\/d\/19dFp6OsVA6vJjrkYQXkJpZKFuz8eY8Tx\/view?usp=sharing\" target=\"_blank\" rel=\"noopener noreferrer\">carta de comprom\u00eds<\/a><\/p>\n<p style=\"text-align: justify;\">\n","protected":false},"excerpt":{"rendered":"<p><a href=\"http:\/\/agora.xtec.cat\/ceip-catalunya-sabadell\/wp-content\/uploads\/usu823\/2015\/12\/Medicaments-150.jpg\"><\/a> AUTORITZACI\u00d3 ADMINISTRACI\u00d3 DE MEDICAMENTS<br \/>\nRecordeu que a l&#8217;escola no es pot administrar cap medicament que no hagi sigut autoritzat per la fam\u00edlia. \u00c9s important tamb\u00e9 portar la recepta m\u00e8dica.<br \/>\nSi s&#8217;ha de donar durant la franja hor\u00e0ria de menjador tant la medicina com l&#8217;autoritzaci\u00f3 s&#8217;ha&hellip;  <a href=\"https:\/\/agora.xtec.cat\/ceip-catalunya-sabadell\/curs-2015-2016\/documentacio-per-imprimir-les-families\/\" title=\"Read Documentaci\u00f3 per descarregar\">Llegeix m\u00e9s\u00bb<\/a><\/p>\n","protected":false},"author":3,"featured_media":0,"parent":240,"menu_order":6,"comment_status":"closed","ping_status":"closed","template":"page-templates\/side-menu.php","meta":{"_bbp_topic_count":0,"_bbp_reply_count":0,"_bbp_total_topic_count":0,"_bbp_total_reply_count":0,"_bbp_voice_count":0,"_bbp_anonymous_reply_count":0,"_bbp_topic_count_hidden":0,"_bbp_reply_count_hidden":0,"_bbp_forum_subforum_count":0,"footnotes":""},"class_list":["post-248","page","type-page","status-publish","hentry"],"post_mailing_queue_ids":[],"_links":{"self":[{"href":"https:\/\/agora.xtec.cat\/ceip-catalunya-sabadell\/wp-json\/wp\/v2\/pages\/248","targetHints":{"allow":["GET"]}}],"collection":[{"href":"https:\/\/agora.xtec.cat\/ceip-catalunya-sabadell\/wp-json\/wp\/v2\/pages"}],"about":[{"href":"https:\/\/agora.xtec.cat\/ceip-catalunya-sabadell\/wp-json\/wp\/v2\/types\/page"}],"author":[{"embeddable":true,"href":"https:\/\/agora.xtec.cat\/ceip-catalunya-sabadell\/wp-json\/wp\/v2\/users\/3"}],"replies":[{"embeddable":true,"href":"https:\/\/agora.xtec.cat\/ceip-catalunya-sabadell\/wp-json\/wp\/v2\/comments?post=248"}],"version-history":[{"count":6,"href":"https:\/\/agora.xtec.cat\/ceip-catalunya-sabadell\/wp-json\/wp\/v2\/pages\/248\/revisions"}],"predecessor-version":[{"id":5175,"href":"https:\/\/agora.xtec.cat\/ceip-catalunya-sabadell\/wp-json\/wp\/v2\/pages\/248\/revisions\/5175"}],"up":[{"embeddable":true,"href":"https:\/\/agora.xtec.cat\/ceip-catalunya-sabadell\/wp-json\/wp\/v2\/pages\/240"}],"wp:attachment":[{"href":"https:\/\/agora.xtec.cat\/ceip-catalunya-sabadell\/wp-json\/wp\/v2\/media?parent=248"}],"curies":[{"name":"wp","href":"https:\/\/api.w.org\/{rel}","templated":true}]}}

Documentació per descarregar

<p style="text-align: justify;"><a href="http://agora.xtec.cat/ceip-catalunya-sabadell/wp-content/uploads/usu823/2015/12/Medicaments-150.jpg"><img loading="lazy" decoding="async" class=" wp-image-373 alignleft" src="http://agora.xtec.cat/ceip-catalunya-sabadell/wp-content/uploads/usu823/2015/12/Medicaments-150.jpg" alt="Medicaments 150" width="133" height="105" /></a> <strong>AUTORITZACIÓ ADMINISTRACIÓ DE MEDICAMENTS</strong></p>
<p style="text-align: justify;">Recordeu que a l&#8217;escola no es pot administrar cap medicament que no hagi sigut autoritzat per la família. És important també portar la recepta mèdica.<br />
Si s&#8217;ha de donar durant la franja horària de menjador tant la medicina com l&#8217;autorització s&#8217;ha de donar a la coordinadora Núria Garcia.</p>
<p style="text-align: justify;">La podeu imprimir des del següent enllaç : <a href="https://drive.google.com/file/d/1dRKUY_G826yp5XXbPcCWsOujtwb2QlVi/view?usp=sharing"> autorització medicaments</a></p>
<p>&nbsp;</p>
<p><a href="http://agora.xtec.cat/ceip-catalunya-sabadell/wp-content/uploads/usu823/2015/12/Família-i-Escola-1.jpg"><img loading="lazy" decoding="async" class=" wp-image-375 alignleft" src="http://agora.xtec.cat/ceip-catalunya-sabadell/wp-content/uploads/usu823/2015/12/Família-i-Escola-1.jpg" alt="Família i Escola (1)" width="191" height="43" /></a>   <strong> CARTA DE COMPROMÍS EDUCATIU</strong></p>
<p>La present carta és un compromís mutu per garantir l&#8217;educació dels nens i nenes.<br />
Totes les famílies l&#8217;han de signar i portar a l&#8217;escola.</p>
<p>La podeu imprimir des del següent enllaç : <a href="https://drive.google.com/file/d/19dFp6OsVA6vJjrkYQXkJpZKFuz8eY8Tx/view?usp=sharing" target="_blank" rel="noopener noreferrer">carta de compromís</a></p>
<p style="text-align: justify;">

<p><a href="http://agora.xtec.cat/ceip-catalunya-sabadell/wp-content/uploads/usu823/2015/12/Medicaments-150.jpg"></a> AUTORITZACIÓ ADMINISTRACIÓ DE MEDICAMENTS<br />
Recordeu que a l&#8217;escola no es pot administrar cap medicament que no hagi sigut autoritzat per la família. És important també portar la recepta mèdica.<br />
Si s&#8217;ha de donar durant la franja horària de menjador tant la medicina com l&#8217;autorització s&#8217;ha&hellip;  <a href="https://agora.xtec.cat/ceip-catalunya-sabadell/curs-2015-2016/documentacio-per-imprimir-les-families/" title="Read Documentació per descarregar">Llegeix més»</a></p>
