{"id":5952,"date":"2019-05-10T08:23:24","date_gmt":"2019-05-10T06:23:24","guid":{"rendered":"http:\/\/agora.xtec.cat\/ceip-catalunya-navarcles\/?page_id=5952"},"modified":"2019-05-27T12:32:47","modified_gmt":"2019-05-27T10:32:47","slug":"novetats-2","status":"publish","type":"page","link":"https:\/\/agora.xtec.cat\/ceip-catalunya-navarcles\/lescola\/biblioteca\/novetats-2\/","title":{"rendered":"NOVETATS"},"content":{"rendered":"<p>Ep! A la biblioteca tenim novetats. La primera \u00e9s aquest bloc on intentarem anar-vos informant de novetats de llibres, d&#8217;algunes activitats de les que anem fent, de llibres recomanats, de webs sobre llibres, d&#8217;altres biblioteques&#8230; I la segona \u00e9s que des del dia de Sant Jordi tenim una bona pila de libres nous que us convidem a venir a veure, llegir i fins i tot emportar-vos-els de pr\u00e9stec.<\/p>\n<p><a href=\"https:\/\/agora.xtec.cat\/ceip-catalunya-navarcles\/wp-content\/uploads\/usu727\/2019\/05\/IMG_7943.jpg\"><img loading=\"lazy\" decoding=\"async\" class=\"alignnone wp-image-5984\" src=\"https:\/\/agora.xtec.cat\/ceip-catalunya-navarcles\/wp-content\/uploads\/usu727\/2019\/05\/IMG_7943.jpg\" alt=\"\" width=\"421\" height=\"316\" \/><\/a><a href=\"https:\/\/agora.xtec.cat\/ceip-catalunya-navarcles\/wp-content\/uploads\/usu727\/2019\/05\/IMG_7948-e1558092040417.jpg\"><img loading=\"lazy\" decoding=\"async\" class=\"alignnone wp-image-6000\" src=\"https:\/\/agora.xtec.cat\/ceip-catalunya-navarcles\/wp-content\/uploads\/usu727\/2019\/05\/IMG_7948-e1558092040417.jpg\" alt=\"\" width=\"421\" height=\"316\" \/><\/a><\/p>\n<p>Clicant en aquest <a href=\"https:\/\/www.symbaloo.com\/mix\/biblioteca84\">enlla\u00e7 hi trobar\u00e0s moltes activitats de lectura i p\u00e0gines amigues<\/a><\/p>\n","protected":false},"excerpt":{"rendered":"<p>Ep! A la biblioteca tenim novetats. La primera \u00e9s aquest bloc on intentarem anar-vos informant de novetats de llibres, d&#8217;algunes activitats de les que anem fent, de llibres recomanats, de webs sobre llibres, d&#8217;altres biblioteques&#8230; I la segona \u00e9s que des del dia de Sant&hellip;  <a href=\"https:\/\/agora.xtec.cat\/ceip-catalunya-navarcles\/lescola\/biblioteca\/novetats-2\/\" title=\"Read NOVETATS\">Llegeix m\u00e9s\u00bb<\/a><\/p>\n","protected":false},"author":1,"featured_media":0,"parent":5947,"menu_order":0,"comment_status":"closed","ping_status":"closed","template":"","meta":{"_bbp_topic_count":0,"_bbp_reply_count":0,"_bbp_total_topic_count":0,"_bbp_total_reply_count":0,"_bbp_voice_count":0,"_bbp_anonymous_reply_count":0,"_bbp_topic_count_hidden":0,"_bbp_reply_count_hidden":0,"_bbp_forum_subforum_count":0,"footnotes":""},"class_list":["post-5952","page","type-page","status-publish","hentry"],"post_mailing_queue_ids":[],"_links":{"self":[{"href":"https:\/\/agora.xtec.cat\/ceip-catalunya-navarcles\/wp-json\/wp\/v2\/pages\/5952","targetHints":{"allow":["GET"]}}],"collection":[{"href":"https:\/\/agora.xtec.cat\/ceip-catalunya-navarcles\/wp-json\/wp\/v2\/pages"}],"about":[{"href":"https:\/\/agora.xtec.cat\/ceip-catalunya-navarcles\/wp-json\/wp\/v2\/types\/page"}],"author":[{"embeddable":true,"href":"https:\/\/agora.xtec.cat\/ceip-catalunya-navarcles\/wp-json\/wp\/v2\/users\/1"}],"replies":[{"embeddable":true,"href":"https:\/\/agora.xtec.cat\/ceip-catalunya-navarcles\/wp-json\/wp\/v2\/comments?post=5952"}],"version-history":[{"count":0,"href":"https:\/\/agora.xtec.cat\/ceip-catalunya-navarcles\/wp-json\/wp\/v2\/pages\/5952\/revisions"}],"up":[{"embeddable":true,"href":"https:\/\/agora.xtec.cat\/ceip-catalunya-navarcles\/wp-json\/wp\/v2\/pages\/5947"}],"wp:attachment":[{"href":"https:\/\/agora.xtec.cat\/ceip-catalunya-navarcles\/wp-json\/wp\/v2\/media?parent=5952"}],"curies":[{"name":"wp","href":"https:\/\/api.w.org\/{rel}","templated":true}]}}