{"id":22,"date":"2014-09-18T12:19:57","date_gmt":"2014-09-18T11:19:57","guid":{"rendered":"http:\/\/agora.xtec.cat\/ceip-castanyer\/?page_id=22"},"modified":"2025-08-03T19:14:21","modified_gmt":"2025-08-03T17:14:21","slug":"lescola","status":"publish","type":"page","link":"https:\/\/agora.xtec.cat\/ceip-castanyer\/lescola\/","title":{"rendered":"L&#8217;escola"},"content":{"rendered":"\n<div class=\"wp-block-media-text is-stacked-on-mobile\" style=\"grid-template-columns:38% auto\"><figure class=\"wp-block-media-text__media\"><img loading=\"lazy\" decoding=\"async\" width=\"900\" height=\"675\" src=\"https:\/\/agora.xtec.cat\/ceip-castanyer\/wp-content\/uploads\/usu1717\/2019\/10\/ceipcastanyer.jpg\" alt=\"\" class=\"wp-image-597 size-full\" srcset=\"https:\/\/agora.xtec.cat\/ceip-castanyer\/wp-content\/uploads\/usu1717\/2019\/10\/ceipcastanyer.jpg 900w, https:\/\/agora.xtec.cat\/ceip-castanyer\/wp-content\/uploads\/usu1717\/2019\/10\/ceipcastanyer-300x225.jpg 300w, https:\/\/agora.xtec.cat\/ceip-castanyer\/wp-content\/uploads\/usu1717\/2019\/10\/ceipcastanyer-768x576.jpg 768w, https:\/\/agora.xtec.cat\/ceip-castanyer\/wp-content\/uploads\/usu1717\/2019\/10\/ceipcastanyer-200x150.jpg 200w\" sizes=\"auto, (max-width: 900px) 100vw, 900px\" \/><\/figure><div class=\"wp-block-media-text__content\">\n<p><strong>Hist\u00f2ria \/ Situaci\u00f3<\/strong><\/p>\n\n\n\n<p>L&#8217;any 1974, al barri de Castanyer, es comen\u00e7aven les obres de la que avui \u00e9s la nostra escola. <\/p>\n\n\n\n<p>La planta \u00e9s quadrada i s&#8217;organitza al voltant d&#8217;un pati central. <\/p>\n\n\n\n<p>L&#8217;edifici s&#8217;estructura en dues plantes.<\/p>\n\n\n\n<p>Est\u00e0 situada en un terreny de deu mil metres quadrats, en el qual s&#8217;hi han constru\u00eft dues pistes poliesportives. La resta de terreny es distribueix entre la zona d&#8217;esbarjo d&#8217;Educaci\u00f3 infantil i el pati de prim\u00e0ria.<\/p>\n\n\n\n<p>El setembre de 1976 s&#8217;estren\u00e0 i la inauguraci\u00f3 oficial tingu\u00e9 lloc el 4 de desembre de 1976.<\/p>\n<\/div><\/div>\n\n\n\n<div class=\"wp-block-columns is-layout-flex wp-container-core-columns-is-layout-1 wp-block-columns-is-layout-flex\">\n<div class=\"wp-block-column is-layout-flow wp-block-column-is-layout-flow\">\n<h4 class=\"wp-block-heading has-text-align-center has-background\" style=\"background-color:#cae4b6\"><a href=\"https:\/\/agora.xtec.cat\/ceip-castanyer\/lescola\/on-som\/\" data-type=\"page\" data-id=\"24\">On som?<\/a><\/h4>\n<\/div>\n\n\n\n<div class=\"wp-block-column is-layout-flow wp-block-column-is-layout-flow\">\n<h4 class=\"wp-block-heading has-text-align-center has-background\" style=\"background-color:#cae4b6\"><a href=\"https:\/\/agora.xtec.cat\/ceip-castanyer\/lescola\/quisom\/\" data-type=\"page\" data-id=\"611\">Qui som?<\/a><\/h4>\n<\/div>\n\n\n\n<div class=\"wp-block-column is-layout-flow wp-block-column-is-layout-flow\">\n<h4 class=\"wp-block-heading has-text-align-center has-background\" style=\"background-color:#cae4b6\"><a href=\"https:\/\/agora.xtec.cat\/ceip-castanyer\/curs-25-26-2\/consell-escolar\/\" data-type=\"page\" data-id=\"28\">Consell Escolar<\/a><\/h4>\n<\/div>\n\n\n\n<div class=\"wp-block-column is-layout-flow wp-block-column-is-layout-flow\">\n<h4 class=\"wp-block-heading has-text-align-center has-background\" style=\"background-color:#cae4b6\"><a href=\"https:\/\/agora.xtec.cat\/ceip-castanyer\/lescola\/orles\/\" data-type=\"page\" data-id=\"846\">Orles<\/a><\/h4>\n<\/div>\n<\/div>\n","protected":false},"excerpt":{"rendered":"<p>Hist\u00f2ria \/ Situaci\u00f3 L&#8217;any 1974, al barri de Castanyer, es comen\u00e7aven les obres de la que avui \u00e9s la nostra escola. La planta \u00e9s quadrada i s&#8217;organitza al voltant d&#8217;un pati central. L&#8217;edifici s&#8217;estructura en dues plantes. Est\u00e0 situada en un terreny de deu mil metres quadrats, en el qual s&#8217;hi han constru\u00eft dues pistes [&hellip;]<\/p>\n","protected":false},"author":1,"featured_media":0,"parent":0,"menu_order":0,"comment_status":"closed","ping_status":"closed","template":"page-templates\/side-menu.php","meta":{"_bbp_topic_count":0,"_bbp_reply_count":0,"_bbp_total_topic_count":0,"_bbp_total_reply_count":0,"_bbp_voice_count":0,"_bbp_anonymous_reply_count":0,"_bbp_topic_count_hidden":0,"_bbp_reply_count_hidden":0,"_bbp_forum_subforum_count":0,"site-sidebar-layout":"default","site-content-layout":"","ast-site-content-layout":"default","site-content-style":"default","site-sidebar-style":"default","ast-global-header-display":"","ast-banner-title-visibility":"","ast-main-header-display":"","ast-hfb-above-header-display":"","ast-hfb-below-header-display":"","ast-hfb-mobile-header-display":"","site-post-title":"","ast-breadcrumbs-content":"","ast-featured-img":"","footer-sml-layout":"","theme-transparent-header-meta":"","adv-header-id-meta":"","stick-header-meta":"","header-above-stick-meta":"","header-main-stick-meta":"","header-below-stick-meta":"","astra-migrate-meta-layouts":"set","ast-page-background-enabled":"default","ast-page-background-meta":{"desktop":{"background-color":"var(--ast-global-color-4)","background-image":"","background-repeat":"repeat","background-position":"center center","background-size":"auto","background-attachment":"scroll","background-type":"","background-media":"","overlay-type":"","overlay-color":"","overlay-opacity":"","overlay-gradient":""},"tablet":{"background-color":"","background-image":"","background-repeat":"repeat","background-position":"center center","background-size":"auto","background-attachment":"scroll","background-type":"","background-media":"","overlay-type":"","overlay-color":"","overlay-opacity":"","overlay-gradient":""},"mobile":{"background-color":"","background-image":"","background-repeat":"repeat","background-position":"center center","background-size":"auto","background-attachment":"scroll","background-type":"","background-media":"","overlay-type":"","overlay-color":"","overlay-opacity":"","overlay-gradient":""}},"ast-content-background-meta":{"desktop":{"background-color":"var(--ast-global-color-5)","background-image":"","background-repeat":"repeat","background-position":"center center","background-size":"auto","background-attachment":"scroll","background-type":"","background-media":"","overlay-type":"","overlay-color":"","overlay-opacity":"","overlay-gradient":""},"tablet":{"background-color":"var(--ast-global-color-5)","background-image":"","background-repeat":"repeat","background-position":"center center","background-size":"auto","background-attachment":"scroll","background-type":"","background-media":"","overlay-type":"","overlay-color":"","overlay-opacity":"","overlay-gradient":""},"mobile":{"background-color":"var(--ast-global-color-5)","background-image":"","background-repeat":"repeat","background-position":"center center","background-size":"auto","background-attachment":"scroll","background-type":"","background-media":"","overlay-type":"","overlay-color":"","overlay-opacity":"","overlay-gradient":""}},"footnotes":""},"class_list":["post-22","page","type-page","status-publish","hentry"],"post_mailing_queue_ids":[],"_links":{"self":[{"href":"https:\/\/agora.xtec.cat\/ceip-castanyer\/wp-json\/wp\/v2\/pages\/22","targetHints":{"allow":["GET"]}}],"collection":[{"href":"https:\/\/agora.xtec.cat\/ceip-castanyer\/wp-json\/wp\/v2\/pages"}],"about":[{"href":"https:\/\/agora.xtec.cat\/ceip-castanyer\/wp-json\/wp\/v2\/types\/page"}],"author":[{"embeddable":true,"href":"https:\/\/agora.xtec.cat\/ceip-castanyer\/wp-json\/wp\/v2\/users\/1"}],"replies":[{"embeddable":true,"href":"https:\/\/agora.xtec.cat\/ceip-castanyer\/wp-json\/wp\/v2\/comments?post=22"}],"version-history":[{"count":2,"href":"https:\/\/agora.xtec.cat\/ceip-castanyer\/wp-json\/wp\/v2\/pages\/22\/revisions"}],"predecessor-version":[{"id":19076,"href":"https:\/\/agora.xtec.cat\/ceip-castanyer\/wp-json\/wp\/v2\/pages\/22\/revisions\/19076"}],"wp:attachment":[{"href":"https:\/\/agora.xtec.cat\/ceip-castanyer\/wp-json\/wp\/v2\/media?parent=22"}],"curies":[{"name":"wp","href":"https:\/\/api.w.org\/{rel}","templated":true}]}}