{"id":1011,"date":"2020-01-16T12:30:52","date_gmt":"2020-01-16T11:30:52","guid":{"rendered":"https:\/\/agora.xtec.cat\/ceip-castanyer\/?page_id=1011"},"modified":"2025-10-27T16:28:31","modified_gmt":"2025-10-27T15:28:31","slug":"activitats-per-treballar-on-line","status":"publish","type":"page","link":"https:\/\/agora.xtec.cat\/ceip-castanyer\/activitats-per-treballar-on-line\/","title":{"rendered":"ACTIVITATS PER TREBALLAR ON-LINE"},"content":{"rendered":"<div style=\"width: 100%;\">\n<div style=\"position: relative; padding-bottom: 50%; padding-top: 0px; height: 0px; text-align: center;\"><iframe loading=\"lazy\" src=\"https:\/\/view.genial.ly\/5c52d13fa558062c2eaf1b5b\" width=\"800\" height=\"600\" frameborder=\"0\"><\/iframe><\/div>\n<\/div>\n<table style=\"height: 231px;\" border=\"0\" width=\"528\" align=\"center\">\n<tbody>\n<tr style=\"height: 33px;\">\n<td style=\"height: 33px; width: 522px;\" colspan=\"2\" bgcolor=\"#FFFF66\">\n<div class=\"Estilo9\" align=\"center\">\n<div align=\"center\"><a style=\"color: #ff0000;\" href=\"http:\/\/www.symbaloo.com\/embed\/educacioinfantil17\" target=\"_blank\" rel=\"noopener noreferrer\"><span style=\"color: #000000;\">EDUCACI\u00d3 INFANTIL<\/span><\/a><\/div>\n<\/div>\n<\/td>\n<\/tr>\n<tr style=\"height: 33px;\">\n<td style=\"height: 33px; width: 522px;\" colspan=\"2\" bgcolor=\"#00FF33\">\n<div class=\"Estilo9\" align=\"center\">\n<div align=\"center\"><a style=\"color: #000000;\" href=\"http:\/\/www.symbaloo.com\/embed\/cicleinicial23\" target=\"_blank\" rel=\"noopener noreferrer\"><span style=\"color: #000000;\">CICLE INICIAL <\/span><\/a><\/div>\n<\/div>\n<\/td>\n<\/tr>\n<tr style=\"height: 33px;\">\n<td style=\"height: 33px; width: 522px;\" colspan=\"2\" bgcolor=\"#FF6600\">\n<div class=\"Estilo9\" align=\"center\">\n<div align=\"center\"><a style=\"color: #000000;\" href=\"http:\/\/www.symbaloo.com\/embed\/ciclemitja13\" target=\"_blank\" rel=\"noopener noreferrer\"><span style=\"color: #000000;\">CICLE MITJ\u00c0 <\/span><\/a><\/div>\n<\/div>\n<\/td>\n<\/tr>\n<tr style=\"height: 33px;\">\n<td style=\"height: 33px; width: 522px;\" colspan=\"2\" bgcolor=\"#CC0000\">\n<div style=\"text-align: center;\" align=\"center\"><a style=\"color: #000000;\" href=\"http:\/\/www.symbaloo.com\/embed\/ciclesuperior11\" target=\"_blank\" rel=\"noopener noreferrer\"><span style=\"color: #000000;\">CICLE SUPERIOR <\/span><\/a><\/div>\n<\/td>\n<\/tr>\n<\/tbody>\n<\/table>\n<table border=\"0\" width=\"321\" align=\"center\">\n<tbody>\n<tr>\n<td colspan=\"2\" bgcolor=\"#FF9999\">\n<div class=\"Estilo18\" align=\"center\">\n<p><span class=\"Estilo19\" style=\"color: #ffffff;\">ANEM a JUGAR<\/span><\/p>\n<div class=\"Estilo18\" align=\"center\"><a href=\"http:\/\/www.friv.com\/\" target=\"_blank\" rel=\"noopener noreferrer\"><img loading=\"lazy\" decoding=\"async\" class=\"alignnone wp-image-15880\" src=\"https:\/\/agora.xtec.cat\/ceip-castanyer\/wp-content\/uploads\/usu1717\/2020\/01\/friv.gif\" alt=\"\" width=\"109\" height=\"85\" \/><\/a><br \/>\n<a href=\"https:\/\/www.poissonrouge.com\/\" target=\"_blank\" rel=\"noopener noreferrer\"><img loading=\"lazy\" decoding=\"async\" class=\"alignnone wp-image-15881\" src=\"https:\/\/agora.xtec.cat\/ceip-castanyer\/wp-content\/uploads\/usu1717\/2020\/01\/poisson.gif\" alt=\"\" width=\"112\" height=\"49\" \/><\/a><\/div>\n<\/div>\n<\/td>\n<\/tr>\n<\/tbody>\n<\/table>\n<table style=\"height: 262px;\" border=\"0\" width=\"400\" align=\"center\">\n<tbody>\n<tr style=\"height: 44px;\">\n<td style=\"width: 394px; height: 44px;\" colspan=\"2\" bgcolor=\"#0c33a8\">\n<div class=\"Estilo9\" align=\"center\"><span style=\"color: #ffffff;\">CULTURA RELIGIOSA<\/span><\/div>\n<\/td>\n<\/tr>\n<tr style=\"height: 86px;\">\n<td class=\"Estilo7\" style=\"width: 133.333px; height: 86px;\" bgcolor=\"#0099FF\">\n<div class=\"Estilo10\" align=\"center\"><span style=\"color: #000000;\">CATEDRAL DE GIRONA<\/span><\/div>\n<\/td>\n<td class=\"Estilo7\" style=\"width: 258.667px; height: 86px;\" bgcolor=\"#0099FF\"><a href=\"http:\/\/www.xtec.cat\/ceip-castanyer\/JCLICS_HTML5\/CATEDRAL_GIRONA\/CLAUSTRE\/index.html\" target=\"_blank\" rel=\"noopener noreferrer\"><span style=\"color: #000000;\">Claustre<\/span><\/a><a href=\"http:\/\/www.xtec.cat\/ceip-castanyer\/JCLICS_HTML5\/CATEDRAL_GIRONA\/TAPIS\/index.html\" target=\"_blank\" rel=\"noopener noreferrer\"><span style=\"color: #000000;\">Tap\u00eds de la Creaci\u00f3<\/span><\/a><a href=\"http:\/\/www.xtec.cat\/ceip-castanyer\/JCLICS_HTML5\/CATEDRAL_GIRONA\/NAU\/index.html\" target=\"_blank\" rel=\"noopener noreferrer\"><span style=\"color: #000000;\">Nau i exterior<\/span><\/a><\/td>\n<\/tr>\n<tr style=\"height: 44px;\">\n<td class=\"Estilo7\" style=\"width: 394px; height: 44px;\" colspan=\"2\" bgcolor=\"#0099FF\">\n<div class=\"Estilo11\" align=\"center\"><a style=\"color: #000000;\" href=\"http:\/\/www.xtec.cat\/ceip-castanyer\/JCLICS_HTML5\/RELIGIONS_MONOTEISTES\/index.html\" target=\"_blank\" rel=\"noopener noreferrer\"><span style=\"color: #000000;\">Jclic Religions Monoteistes <\/span><\/a><\/div>\n<\/td>\n<\/tr>\n<tr style=\"height: 44px;\">\n<td class=\"Estilo20\" style=\"width: 394px; height: 44px;\" colspan=\"2\" bgcolor=\"#0099FF\">\n<div align=\"center\"><a href=\"https:\/\/scratch.mit.edu\/projects\/1060875\/embed\" target=\"_blank\" rel=\"noopener noreferrer\"><span style=\"color: #000000;\">Joc de preguntes de la b\u00edblia <\/span><\/a><\/div>\n<\/td>\n<\/tr>\n<tr style=\"height: 44px;\">\n<td class=\"Estilo21\" style=\"width: 394px; height: 44px;\" colspan=\"2\" bgcolor=\"#0099FF\">\n<div align=\"center\"><a href=\"https:\/\/scratch.mit.edu\/projects\/41081284\/embed\" target=\"_blank\" rel=\"noopener noreferrer\"><span style=\"color: #000000;\">Joc de preguntes del Primer Nadal<\/span><\/a><\/div>\n<\/td>\n<\/tr>\n<\/tbody>\n<\/table>\n<table style=\"height: 11px; width: 94.7625%;\" border=\"0\" width=\"460\" align=\"center\">\n<tbody>\n<tr style=\"height: 11px;\">\n<td style=\"height: 11px; width: 522px; text-align: center;\" colspan=\"2\" bgcolor=\"#FFFF66\"><a href=\"http:\/\/www.xtec.cat\/~figlesi2\/teclat.htm\" target=\"_blank\" rel=\"noopener noreferrer\"><span style=\"color: #000000;\">PR\u00c0CTIQUES AMB EL TECLAT <\/span><\/a><a href=\"https:\/\/sites.google.com\/view\/dominiteclat\/jocs\" target=\"_blank\" rel=\"noopener\">M\u00c9S JOCS PER PRACTICAR EL TECLAT<\/a><\/td>\n<\/tr>\n<\/tbody>\n<\/table>\n","protected":false},"excerpt":{"rendered":"<p>EDUCACI\u00d3 INFANTIL CICLE INICIAL CICLE MITJ\u00c0 CICLE SUPERIOR ANEM a JUGAR CULTURA RELIGIOSA CATEDRAL DE GIRONA ClaustreTap\u00eds de la Creaci\u00f3Nau i exterior Jclic Religions Monoteistes Joc de preguntes de la b\u00edblia Joc de preguntes del Primer Nadal PR\u00c0CTIQUES AMB EL TECLAT M\u00c9S JOCS PER PRACTICAR EL TECLAT<\/p>\n","protected":false},"author":1,"featured_media":0,"parent":0,"menu_order":0,"comment_status":"closed","ping_status":"closed","template":"","meta":{"_bbp_topic_count":0,"_bbp_reply_count":0,"_bbp_total_topic_count":0,"_bbp_total_reply_count":0,"_bbp_voice_count":0,"_bbp_anonymous_reply_count":0,"_bbp_topic_count_hidden":0,"_bbp_reply_count_hidden":0,"_bbp_forum_subforum_count":0,"site-sidebar-layout":"default","site-content-layout":"","ast-site-content-layout":"default","site-content-style":"default","site-sidebar-style":"default","ast-global-header-display":"","ast-banner-title-visibility":"","ast-main-header-display":"","ast-hfb-above-header-display":"","ast-hfb-below-header-display":"","ast-hfb-mobile-header-display":"","site-post-title":"","ast-breadcrumbs-content":"","ast-featured-img":"","footer-sml-layout":"","theme-transparent-header-meta":"","adv-header-id-meta":"","stick-header-meta":"","header-above-stick-meta":"","header-main-stick-meta":"","header-below-stick-meta":"","astra-migrate-meta-layouts":"set","ast-page-background-enabled":"default","ast-page-background-meta":{"desktop":{"background-color":"var(--ast-global-color-4)","background-image":"","background-repeat":"repeat","background-position":"center center","background-size":"auto","background-attachment":"scroll","background-type":"","background-media":"","overlay-type":"","overlay-color":"","overlay-opacity":"","overlay-gradient":""},"tablet":{"background-color":"","background-image":"","background-repeat":"repeat","background-position":"center center","background-size":"auto","background-attachment":"scroll","background-type":"","background-media":"","overlay-type":"","overlay-color":"","overlay-opacity":"","overlay-gradient":""},"mobile":{"background-color":"","background-image":"","background-repeat":"repeat","background-position":"center center","background-size":"auto","background-attachment":"scroll","background-type":"","background-media":"","overlay-type":"","overlay-color":"","overlay-opacity":"","overlay-gradient":""}},"ast-content-background-meta":{"desktop":{"background-color":"var(--ast-global-color-5)","background-image":"","background-repeat":"repeat","background-position":"center center","background-size":"auto","background-attachment":"scroll","background-type":"","background-media":"","overlay-type":"","overlay-color":"","overlay-opacity":"","overlay-gradient":""},"tablet":{"background-color":"var(--ast-global-color-5)","background-image":"","background-repeat":"repeat","background-position":"center center","background-size":"auto","background-attachment":"scroll","background-type":"","background-media":"","overlay-type":"","overlay-color":"","overlay-opacity":"","overlay-gradient":""},"mobile":{"background-color":"var(--ast-global-color-5)","background-image":"","background-repeat":"repeat","background-position":"center center","background-size":"auto","background-attachment":"scroll","background-type":"","background-media":"","overlay-type":"","overlay-color":"","overlay-opacity":"","overlay-gradient":""}},"footnotes":""},"class_list":["post-1011","page","type-page","status-publish","hentry"],"post_mailing_queue_ids":[],"_links":{"self":[{"href":"https:\/\/agora.xtec.cat\/ceip-castanyer\/wp-json\/wp\/v2\/pages\/1011","targetHints":{"allow":["GET"]}}],"collection":[{"href":"https:\/\/agora.xtec.cat\/ceip-castanyer\/wp-json\/wp\/v2\/pages"}],"about":[{"href":"https:\/\/agora.xtec.cat\/ceip-castanyer\/wp-json\/wp\/v2\/types\/page"}],"author":[{"embeddable":true,"href":"https:\/\/agora.xtec.cat\/ceip-castanyer\/wp-json\/wp\/v2\/users\/1"}],"replies":[{"embeddable":true,"href":"https:\/\/agora.xtec.cat\/ceip-castanyer\/wp-json\/wp\/v2\/comments?post=1011"}],"version-history":[{"count":6,"href":"https:\/\/agora.xtec.cat\/ceip-castanyer\/wp-json\/wp\/v2\/pages\/1011\/revisions"}],"predecessor-version":[{"id":19193,"href":"https:\/\/agora.xtec.cat\/ceip-castanyer\/wp-json\/wp\/v2\/pages\/1011\/revisions\/19193"}],"wp:attachment":[{"href":"https:\/\/agora.xtec.cat\/ceip-castanyer\/wp-json\/wp\/v2\/media?parent=1011"}],"curies":[{"name":"wp","href":"https:\/\/api.w.org\/{rel}","templated":true}]}}