{"id":6969,"date":"2025-01-21T09:54:51","date_gmt":"2025-01-21T08:54:51","guid":{"rendered":"https:\/\/agora.xtec.cat\/ceip-carlesiii\/?page_id=6969"},"modified":"2025-04-28T13:10:11","modified_gmt":"2025-04-28T11:10:11","slug":"contes-radiocontats","status":"publish","type":"page","link":"https:\/\/agora.xtec.cat\/ceip-carlesiii\/contes-radiocontats\/","title":{"rendered":"CONTES RADIOCONTATS"},"content":{"rendered":"<p>L&#8217;alumnat de 4t de prim\u00e0ria estem enregistrant un p\u00f2dcast on expliquem contes.<\/p>\n<p>Els voleu escoltar? Aqu\u00ed teniu els cap\u00edtols de CONTES RADIOCONTATS.<\/p>\n<p><img loading=\"lazy\" decoding=\"async\" class=\"aligncenter wp-image-6987\" src=\"https:\/\/agora.xtec.cat\/ceip-carlesiii\/wp-content\/uploads\/usu1600\/2025\/01\/contes-radiocontats-Lloc-web-3-300x169.png\" alt=\"\" width=\"716\" height=\"403\" srcset=\"https:\/\/agora.xtec.cat\/ceip-carlesiii\/wp-content\/uploads\/usu1600\/2025\/01\/contes-radiocontats-Lloc-web-3-300x169.png 300w, https:\/\/agora.xtec.cat\/ceip-carlesiii\/wp-content\/uploads\/usu1600\/2025\/01\/contes-radiocontats-Lloc-web-3-1024x576.png 1024w, https:\/\/agora.xtec.cat\/ceip-carlesiii\/wp-content\/uploads\/usu1600\/2025\/01\/contes-radiocontats-Lloc-web-3-768x432.png 768w, https:\/\/agora.xtec.cat\/ceip-carlesiii\/wp-content\/uploads\/usu1600\/2025\/01\/contes-radiocontats-Lloc-web-3.png 1366w\" sizes=\"auto, (max-width: 716px) 100vw, 716px\" \/><\/p>\n<!--[if lt IE 9]><script>document.createElement('audio');<\/script><![endif]-->\n<audio class=\"wp-audio-shortcode\" id=\"audio-6969-1\" preload=\"none\" style=\"width: 100%;\" controls=\"controls\"><source type=\"audio\/mpeg\" src=\"https:\/\/agora.xtec.cat\/ceip-carlesiii\/wp-content\/uploads\/usu1600\/2025\/01\/Falca-radiocontes.mp3?_=1\" \/><a href=\"https:\/\/agora.xtec.cat\/ceip-carlesiii\/wp-content\/uploads\/usu1600\/2025\/01\/Falca-radiocontes.mp3\">https:\/\/agora.xtec.cat\/ceip-carlesiii\/wp-content\/uploads\/usu1600\/2025\/01\/Falca-radiocontes.mp3<\/a><\/audio>\n<p>&nbsp;<\/p>\n<h3><\/h3>\n<h3><\/h3>\n<h2 style=\"text-align: center;\">SEGONA TEMPORADA<\/h2>\n<h3>Un problema al Delta de l&#8217;Ebre<\/h3>\n<p><span style=\"font-weight: 400;\">La hist\u00f2ria que avui radiocontarem passa als camps d\u2019arr\u00f2s del Delta de l\u2019Ebre, un mat\u00ed assolellat de primavera. L\u2019aire \u00e9s fresc, els camps s\u2019estenen fins a l\u2019horitz\u00f3, i els canals d\u2019aigua reflecteixen el cel blau. Tres pagesos treballen junts en les seves terres, per\u00f2 aviat descobreixen un problema inesperat.<\/span><\/p>\n<audio class=\"wp-audio-shortcode\" id=\"audio-6969-2\" preload=\"none\" style=\"width: 100%;\" controls=\"controls\"><source type=\"audio\/mpeg\" src=\"https:\/\/agora.xtec.cat\/ceip-carlesiii\/wp-content\/uploads\/usu1600\/2025\/04\/Un-problema-al-delta-de-lebre.mp3?_=2\" \/><a href=\"https:\/\/agora.xtec.cat\/ceip-carlesiii\/wp-content\/uploads\/usu1600\/2025\/04\/Un-problema-al-delta-de-lebre.mp3\">https:\/\/agora.xtec.cat\/ceip-carlesiii\/wp-content\/uploads\/usu1600\/2025\/04\/Un-problema-al-delta-de-lebre.mp3<\/a><\/audio>\n<p>&nbsp;<\/p>\n<h3>Salvem el bosc<\/h3>\n<p>La hist\u00f2ria que avui radiocontarem passa e<span style=\"font-weight: 400;\">n un bosc encantat, ple d\u2019arbres majestuosos i flors brillants, viuen tres fades encarregades de protegir la natura. Elles cuiden els arbres, els rius i els animals, assegurant-se que tot es mantingui en equilibri. Per\u00f2 un dia, alguna cosa estranya succeeix&#8230;<\/span><\/p>\n<audio class=\"wp-audio-shortcode\" id=\"audio-6969-3\" preload=\"none\" style=\"width: 100%;\" controls=\"controls\"><source type=\"audio\/mpeg\" src=\"https:\/\/agora.xtec.cat\/ceip-carlesiii\/wp-content\/uploads\/usu1600\/2025\/04\/Salvem-el-bosc.mp3?_=3\" \/><a href=\"https:\/\/agora.xtec.cat\/ceip-carlesiii\/wp-content\/uploads\/usu1600\/2025\/04\/Salvem-el-bosc.mp3\">https:\/\/agora.xtec.cat\/ceip-carlesiii\/wp-content\/uploads\/usu1600\/2025\/04\/Salvem-el-bosc.mp3<\/a><\/audio>\n<p>&nbsp;<\/p>\n<h3>Marxem de casa<\/h3>\n<p><span style=\"font-weight: 400;\">La hist\u00f2ria que avui radiocontarem passa en un petit poble envoltat de boscos i camps. Els protagonistes s\u00f3n tres amics que, despr\u00e9s d\u2019un gran enfado amb els seus pares, decideixen marxar de casa per comen\u00e7ar una nova vida\u2026 o almenys aix\u00f2 creuen!<\/span><\/p>\n<audio class=\"wp-audio-shortcode\" id=\"audio-6969-4\" preload=\"none\" style=\"width: 100%;\" controls=\"controls\"><source type=\"audio\/mpeg\" src=\"https:\/\/agora.xtec.cat\/ceip-carlesiii\/wp-content\/uploads\/usu1600\/2025\/04\/Marxem-de-casa.mp3?_=4\" \/><a href=\"https:\/\/agora.xtec.cat\/ceip-carlesiii\/wp-content\/uploads\/usu1600\/2025\/04\/Marxem-de-casa.mp3\">https:\/\/agora.xtec.cat\/ceip-carlesiii\/wp-content\/uploads\/usu1600\/2025\/04\/Marxem-de-casa.mp3<\/a><\/audio>\n<p>&nbsp;<\/p>\n<h3>La veu amagada<\/h3>\n<p><span style=\"font-weight: 400;\">La hist\u00f2ria que avui radiocontarem passa en una escola plena de nens i nenes alegres, amb passadissos decorats amb dibuixos de colors i un pati on sempre es juga a pilota i a fet i amagar. Un dia, arriba un nen nou a la classe, per\u00f2 sembla que no t\u00e9 ganes de parlar&#8230;<\/span><\/p>\n<audio class=\"wp-audio-shortcode\" id=\"audio-6969-5\" preload=\"none\" style=\"width: 100%;\" controls=\"controls\"><source type=\"audio\/mpeg\" src=\"https:\/\/agora.xtec.cat\/ceip-carlesiii\/wp-content\/uploads\/usu1600\/2025\/04\/La-veu-amagada.mp3?_=5\" \/><a href=\"https:\/\/agora.xtec.cat\/ceip-carlesiii\/wp-content\/uploads\/usu1600\/2025\/04\/La-veu-amagada.mp3\">https:\/\/agora.xtec.cat\/ceip-carlesiii\/wp-content\/uploads\/usu1600\/2025\/04\/La-veu-amagada.mp3<\/a><\/audio>\n<p>&nbsp;<\/p>\n<h3>La tribu africana<\/h3>\n<p><span style=\"font-weight: 400;\">La hist\u00f2ria que avui radiocontarem passa en una petita tribu de l\u2019\u00c0frica, enmig de la sabana, on el sol brilla intensament i el vent fa dansar les fulles dels baobabs. Els habitants de la tribu viuen en cabanes de fang i palla i segueixen les antigues tradicions que han passat de generaci\u00f3 en generaci\u00f3. Tres joves de la tribu s\u2019enfrontaran a un repte que posar\u00e0 a prova el seu valor i el seu esperit d\u2019equip.<\/span><\/p>\n<audio class=\"wp-audio-shortcode\" id=\"audio-6969-6\" preload=\"none\" style=\"width: 100%;\" controls=\"controls\"><source type=\"audio\/mpeg\" src=\"https:\/\/agora.xtec.cat\/ceip-carlesiii\/wp-content\/uploads\/usu1600\/2025\/04\/La-tribu-africana.mp3?_=6\" \/><a href=\"https:\/\/agora.xtec.cat\/ceip-carlesiii\/wp-content\/uploads\/usu1600\/2025\/04\/La-tribu-africana.mp3\">https:\/\/agora.xtec.cat\/ceip-carlesiii\/wp-content\/uploads\/usu1600\/2025\/04\/La-tribu-africana.mp3<\/a><\/audio>\n<p>&nbsp;<\/p>\n<h3>Els animals del zoo<\/h3>\n<p><span style=\"font-weight: 400;\">La hist\u00f2ria que avui radiocontarem passa en un zoo gran i ple de visitants on tres animals molt diferents comparteixen el mateix desig: ser lliures. Cada dia veuen nens i nenes rient i assenyalant-los, per\u00f2 dins de les seves g\u00e0bies, somien amb la natura.<\/span><\/p>\n<audio class=\"wp-audio-shortcode\" id=\"audio-6969-7\" preload=\"none\" style=\"width: 100%;\" controls=\"controls\"><source type=\"audio\/mpeg\" src=\"https:\/\/agora.xtec.cat\/ceip-carlesiii\/wp-content\/uploads\/usu1600\/2025\/04\/Elsa-animals-del-zoo.mp3?_=7\" \/><a href=\"https:\/\/agora.xtec.cat\/ceip-carlesiii\/wp-content\/uploads\/usu1600\/2025\/04\/Elsa-animals-del-zoo.mp3\">https:\/\/agora.xtec.cat\/ceip-carlesiii\/wp-content\/uploads\/usu1600\/2025\/04\/Elsa-animals-del-zoo.mp3<\/a><\/audio>\n<p>&nbsp;<\/p>\n<h3>Els guardians de l&#8217;aire net<\/h3>\n<p><span style=\"font-weight: 400;\">La hist\u00f2ria que avui radiocontarem passa en un petit poble envoltat de muntanyes, on abans l&#8217;aire era pur i fresc, ara una boira grisa cobria els carrers. Les f\u00e0briques i els cotxes omplien l&#8217;ambient de fum, i cada dia era m\u00e9s dif\u00edcil respirar. Per\u00f2 tres nens, l&#8217;Arnau, la Laia i en Pau, estaven disposats a canviar les coses.<\/span><\/p>\n<audio class=\"wp-audio-shortcode\" id=\"audio-6969-8\" preload=\"none\" style=\"width: 100%;\" controls=\"controls\"><source type=\"audio\/mpeg\" src=\"https:\/\/agora.xtec.cat\/ceip-carlesiii\/wp-content\/uploads\/usu1600\/2025\/04\/Els-guardians-de-laire-net.mp3?_=8\" \/><a href=\"https:\/\/agora.xtec.cat\/ceip-carlesiii\/wp-content\/uploads\/usu1600\/2025\/04\/Els-guardians-de-laire-net.mp3\">https:\/\/agora.xtec.cat\/ceip-carlesiii\/wp-content\/uploads\/usu1600\/2025\/04\/Els-guardians-de-laire-net.mp3<\/a><\/audio>\n<p>&nbsp;<\/p>\n<h3>El gran espectacle del circ estel\u00b7lar<\/h3>\n<p><span style=\"font-weight: 400;\">La hist\u00f2ria que avui radiocontarem parla del Circ Estel\u00b7lar, un lloc m\u00e0gic on cada nit es viuen emocions incre\u00efbles. Malabaristes, trapezistes i mags fan que el p\u00fablic es quedi bocabadat. Per\u00f2 aquesta nit, quatre artistes es troben amb un gran problema just abans de l\u2019espectacle\u2026<\/span><\/p>\n<audio class=\"wp-audio-shortcode\" id=\"audio-6969-9\" preload=\"none\" style=\"width: 100%;\" controls=\"controls\"><source type=\"audio\/mpeg\" src=\"https:\/\/agora.xtec.cat\/ceip-carlesiii\/wp-content\/uploads\/usu1600\/2025\/04\/El-gran-espectacle-del-circ-estelar.mp3?_=9\" \/><a href=\"https:\/\/agora.xtec.cat\/ceip-carlesiii\/wp-content\/uploads\/usu1600\/2025\/04\/El-gran-espectacle-del-circ-estelar.mp3\">https:\/\/agora.xtec.cat\/ceip-carlesiii\/wp-content\/uploads\/usu1600\/2025\/04\/El-gran-espectacle-del-circ-estelar.mp3<\/a><\/audio>\n<p>&nbsp;<\/p>\n<h3>El drac i les dues princeses<\/h3>\n<p><span style=\"font-weight: 400;\">La hist\u00f2ria que avui radiocontarem passa fa molt de temps, en un regne lluny\u00e0, hi havia un gran castell envoltat de boscos i rius brillants. Per\u00f2 en una cova fosca, a la muntanya m\u00e9s alta, hi vivia un drac terrible que atemoria el poble. Dues princeses valentes decideixen enfrontar-se a ell per salvar el regne.<\/span><\/p>\n<audio class=\"wp-audio-shortcode\" id=\"audio-6969-10\" preload=\"none\" style=\"width: 100%;\" controls=\"controls\"><source type=\"audio\/mpeg\" src=\"https:\/\/agora.xtec.cat\/ceip-carlesiii\/wp-content\/uploads\/usu1600\/2025\/04\/EL-drac-i-les-dues-princeses.mp3?_=10\" \/><a href=\"https:\/\/agora.xtec.cat\/ceip-carlesiii\/wp-content\/uploads\/usu1600\/2025\/04\/EL-drac-i-les-dues-princeses.mp3\">https:\/\/agora.xtec.cat\/ceip-carlesiii\/wp-content\/uploads\/usu1600\/2025\/04\/EL-drac-i-les-dues-princeses.mp3<\/a><\/audio>\n<p>&nbsp;<\/p>\n<h2><\/h2>\n<h2 style=\"text-align: center;\">PRIMERA TEMPORADA<\/h2>\n<h3 style=\"text-align: justify;\">Aventura espacial<\/h3>\n<p><span style=\"font-weight: 400;\">La hist\u00f2ria que avui radiocontarem t\u00e9 lloc a l\u2019espai, a bord d\u2019una nau espacial petita per\u00f2 plena de tecnologia avan\u00e7ada. Tres extraterrestres amics viatgen a trav\u00e9s de gal\u00e0xies llunyanes. Durant el seu viatge, aterren en un planeta misteri\u00f3s i estrany, ple de plantes lluminoses i criatures curioses&#8230;<\/span><\/p>\n<audio class=\"wp-audio-shortcode\" id=\"audio-6969-11\" preload=\"none\" style=\"width: 100%;\" controls=\"controls\"><source type=\"audio\/mpeg\" src=\"https:\/\/agora.xtec.cat\/ceip-carlesiii\/wp-content\/uploads\/usu1600\/2025\/01\/Aventura-espacial.mp3?_=11\" \/><a href=\"https:\/\/agora.xtec.cat\/ceip-carlesiii\/wp-content\/uploads\/usu1600\/2025\/01\/Aventura-espacial.mp3\">https:\/\/agora.xtec.cat\/ceip-carlesiii\/wp-content\/uploads\/usu1600\/2025\/01\/Aventura-espacial.mp3<\/a><\/audio>\n<p>&nbsp;<\/p>\n<h3><\/h3>\n<h3 style=\"text-align: justify;\">El rescat dels ocellets<\/h3>\n<p><span style=\"font-weight: 400;\">La hist\u00f2ria que avui radiocontarem t\u00e9 lloc en una selva frondosa i plena de vida, durant un c\u00e0lid mat\u00ed d\u2019estiu. Els arbres s\u00f3n alts i frondosos, i els animals s\u2019amaguen entre els arbustos i els rierols que travessen l\u2019esp\u00e8s bosc. Tot est\u00e0 en calma, per\u00f2 aviat una petita aventura sacsejar\u00e0 la tranquil\u00b7litat de la selva&#8230;<\/span><\/p>\n<audio class=\"wp-audio-shortcode\" id=\"audio-6969-12\" preload=\"none\" style=\"width: 100%;\" controls=\"controls\"><source type=\"audio\/mpeg\" src=\"https:\/\/agora.xtec.cat\/ceip-carlesiii\/wp-content\/uploads\/usu1600\/2025\/01\/El-rescat-del-ocellets-bo.mp3?_=12\" \/><a href=\"https:\/\/agora.xtec.cat\/ceip-carlesiii\/wp-content\/uploads\/usu1600\/2025\/01\/El-rescat-del-ocellets-bo.mp3\">https:\/\/agora.xtec.cat\/ceip-carlesiii\/wp-content\/uploads\/usu1600\/2025\/01\/El-rescat-del-ocellets-bo.mp3<\/a><\/audio>\n<p>&nbsp;<\/p>\n<h3><\/h3>\n<h3><\/h3>\n<h3>Problemes a la granja<\/h3>\n<p>La hist\u00f2ria que avui radiocontarem t\u00e9 lloc en una granja situada en un prat verd i ple de vida, amb un gran graner vermell, arbres frondosos i camps extensos. \u00c9s una tarda assolellada, i els animals de la granja estan tranquils fins que alguna cosa inesperada posa a prova la seva amistat i treball en equip&#8230;<\/p>\n<audio class=\"wp-audio-shortcode\" id=\"audio-6969-13\" preload=\"none\" style=\"width: 100%;\" controls=\"controls\"><source type=\"audio\/mpeg\" src=\"https:\/\/agora.xtec.cat\/ceip-carlesiii\/wp-content\/uploads\/usu1600\/2025\/01\/Problemes-a-la-granja.mp3?_=13\" \/><a href=\"https:\/\/agora.xtec.cat\/ceip-carlesiii\/wp-content\/uploads\/usu1600\/2025\/01\/Problemes-a-la-granja.mp3\">https:\/\/agora.xtec.cat\/ceip-carlesiii\/wp-content\/uploads\/usu1600\/2025\/01\/Problemes-a-la-granja.mp3<\/a><\/audio>\n<p>&nbsp;<\/p>\n<h3><\/h3>\n<h3>El misteri de la badia<\/h3>\n<p>La hist\u00f2ria que avui radiocontarem t\u00e9 lloc a la Badia dels Alfacs, una zona tranquil\u00b7la i plena de vida al Delta de l\u2019Ebre. \u00c9s un dia assolellat amb una brisa suau, i tres pescadors es troben al mig de la badia amb les seves canyes i xarxes, navegant en una petita barca. El mar est\u00e0 en calma, i tot sembla perfecte per a un dia de pesca fins que es troben amb una sorpresa inesperada&#8230;<\/p>\n<audio class=\"wp-audio-shortcode\" id=\"audio-6969-14\" preload=\"none\" style=\"width: 100%;\" controls=\"controls\"><source type=\"audio\/mpeg\" src=\"https:\/\/agora.xtec.cat\/ceip-carlesiii\/wp-content\/uploads\/usu1600\/2025\/01\/el-misteri-de-la-badia.mp3?_=14\" \/><a href=\"https:\/\/agora.xtec.cat\/ceip-carlesiii\/wp-content\/uploads\/usu1600\/2025\/01\/el-misteri-de-la-badia.mp3\">https:\/\/agora.xtec.cat\/ceip-carlesiii\/wp-content\/uploads\/usu1600\/2025\/01\/el-misteri-de-la-badia.mp3<\/a><\/audio>\n<p>&nbsp;<\/p>\n<h3><\/h3>\n<h3>Excursi\u00f3 a la muntanya<\/h3>\n<p>La hist\u00f2ria que avui radiocontarem t\u00e9 lloc en una muntanya frondosa i tranquil\u00b7la, plena de camins, arbres alts, i animals que hi viuen. \u00c9s un mat\u00ed assolellat de primavera, i tres amics han decidit fer una excursi\u00f3 per explorar la natura i gaudir de l&#8217;aire fresc. Per\u00f2 durant la seva aventura, es trobaran amb un problema inesperat que els far\u00e0 reflexionar sobre la import\u00e0ncia de cuidar el medi ambient.<\/p>\n<audio class=\"wp-audio-shortcode\" id=\"audio-6969-15\" preload=\"none\" style=\"width: 100%;\" controls=\"controls\"><source type=\"audio\/mpeg\" src=\"https:\/\/agora.xtec.cat\/ceip-carlesiii\/wp-content\/uploads\/usu1600\/2025\/01\/Excursio-a-la-montanya.mp3?_=15\" \/><a href=\"https:\/\/agora.xtec.cat\/ceip-carlesiii\/wp-content\/uploads\/usu1600\/2025\/01\/Excursio-a-la-montanya.mp3\">https:\/\/agora.xtec.cat\/ceip-carlesiii\/wp-content\/uploads\/usu1600\/2025\/01\/Excursio-a-la-montanya.mp3<\/a><\/audio>\n<p>&nbsp;<\/p>\n<h3><\/h3>\n<h3><\/h3>\n<h3>L&#8217;illa trobada<\/h3>\n<p>La hist\u00f2ria que avui radiocontarem t\u00e9 lloc en un vaixell pirata que navega pels mars tropicals. \u00c9s una tarda de sol, el vent bufa fort i les onades colpegen suaument el casc del vaixell. Els pirates es dirigeixen cap a una illa desconeguda, envoltada de misteri. La seva missi\u00f3: trobar un tresor que, segons les llegendes, est\u00e0 amagat all\u00e0.<\/p>\n<audio class=\"wp-audio-shortcode\" id=\"audio-6969-16\" preload=\"none\" style=\"width: 100%;\" controls=\"controls\"><source type=\"audio\/mpeg\" src=\"https:\/\/agora.xtec.cat\/ceip-carlesiii\/wp-content\/uploads\/usu1600\/2025\/01\/Lilla-trobada.mp3?_=16\" \/><a href=\"https:\/\/agora.xtec.cat\/ceip-carlesiii\/wp-content\/uploads\/usu1600\/2025\/01\/Lilla-trobada.mp3\">https:\/\/agora.xtec.cat\/ceip-carlesiii\/wp-content\/uploads\/usu1600\/2025\/01\/Lilla-trobada.mp3<\/a><\/audio>\n<p>&nbsp;<\/p>\n<h3>Els tres amics del mar<\/h3>\n<p>La hist\u00f2ria que avui radiocontarem t\u00e9 lloc a les profunditats del mar, en un escull de corall ple de vida. Els peixos neden entre les algues i les roques, jugant entre ells en un entorn ple de colors vius i llum que travessa l\u2019aigua. Per\u00f2 aquest m\u00f3n submar\u00ed es veur\u00e0 afectat per la brossa que els humans llancen al mar, i els habitants del fons mar\u00ed hauran de prendre mesures per protegir la seva llar&#8230;<\/p>\n<audio class=\"wp-audio-shortcode\" id=\"audio-6969-17\" preload=\"none\" style=\"width: 100%;\" controls=\"controls\"><source type=\"audio\/mpeg\" src=\"https:\/\/agora.xtec.cat\/ceip-carlesiii\/wp-content\/uploads\/usu1600\/2025\/01\/els-tres-amics-del-mar-bo.mp3?_=17\" \/><a href=\"https:\/\/agora.xtec.cat\/ceip-carlesiii\/wp-content\/uploads\/usu1600\/2025\/01\/els-tres-amics-del-mar-bo.mp3\">https:\/\/agora.xtec.cat\/ceip-carlesiii\/wp-content\/uploads\/usu1600\/2025\/01\/els-tres-amics-del-mar-bo.mp3<\/a><\/audio>\n<p>&nbsp;<\/p>\n<h3>L&#8217;escut m\u00e0gic<\/h3>\n<p>La hist\u00f2ria que avui radiocontarem transcorre a l\u2019\u00e8poca medieval, en un petit poble situat als peus d\u2019un castell majestu\u00f3s. El poble est\u00e0 envoltat de camps verds, boscos frondosos i una muralla que el protegeix dels perills. Les campanes del castell sovint anuncien esdeveniments importants, i els habitants viuen en pau sota la protecci\u00f3 del cavaller del rei&#8230;<\/p>\n<audio class=\"wp-audio-shortcode\" id=\"audio-6969-18\" preload=\"none\" style=\"width: 100%;\" controls=\"controls\"><source type=\"audio\/mpeg\" src=\"https:\/\/agora.xtec.cat\/ceip-carlesiii\/wp-content\/uploads\/usu1600\/2025\/01\/Lescut-magic.mp3?_=18\" \/><a href=\"https:\/\/agora.xtec.cat\/ceip-carlesiii\/wp-content\/uploads\/usu1600\/2025\/01\/Lescut-magic.mp3\">https:\/\/agora.xtec.cat\/ceip-carlesiii\/wp-content\/uploads\/usu1600\/2025\/01\/Lescut-magic.mp3<\/a><\/audio>\n<p>&nbsp;<\/p>\n<h3>Perduts pel Delta de l&#8217;Ebre<\/h3>\n<p>La hist\u00f2ria que avui radiocontarem t\u00e9 lloc en el paisatge tranquil del Delta de l\u2019Ebre, una zona plena d\u2019arrossars i camins que semblen interminables. \u00c9s una tarda de primavera, amb el sol reflectint-se en l\u2019aigua dels arrossars. Tres nens surten a explorar amb les seves bicicletes, per\u00f2 les coses es complicaran.<\/p>\n<audio class=\"wp-audio-shortcode\" id=\"audio-6969-19\" preload=\"none\" style=\"width: 100%;\" controls=\"controls\"><source type=\"audio\/mpeg\" src=\"https:\/\/agora.xtec.cat\/ceip-carlesiii\/wp-content\/uploads\/usu1600\/2025\/01\/Perduts-pel-Delta-de-lEbre.mp3?_=19\" \/><a href=\"https:\/\/agora.xtec.cat\/ceip-carlesiii\/wp-content\/uploads\/usu1600\/2025\/01\/Perduts-pel-Delta-de-lEbre.mp3\">https:\/\/agora.xtec.cat\/ceip-carlesiii\/wp-content\/uploads\/usu1600\/2025\/01\/Perduts-pel-Delta-de-lEbre.mp3<\/a><\/audio>\n","protected":false},"excerpt":{"rendered":"<p>L&#8217;alumnat de 4t de prim\u00e0ria estem enregistrant un p\u00f2dcast on expliquem contes.<br \/>\nEls voleu escoltar? Aqu\u00ed teniu els cap\u00edtols de CONTES RADIOCONTATS.<\/p>\n<p><a href=\"https:\/\/agora.xtec.cat\/ceip-carlesiii\/wp-content\/uploads\/usu1600\/2025\/01\/Falca-radiocontes.mp3\">https:\/\/agora.xtec.cat\/ceip-carlesiii\/wp-content\/uploads\/usu1600\/2025\/01\/Falca-radiocontes.mp3<\/a><br \/>\n&nbsp;<\/p>\n<p>SEGONA TEMPORADA<br \/>\nUn problema al Delta de l&#8217;Ebre<br \/>\nLa hist\u00f2ria que avui radiocontarem passa als camps d\u2019arr\u00f2s del Delta de l\u2019Ebre, un mat\u00ed assolellat de primavera.&hellip;  <a href=\"https:\/\/agora.xtec.cat\/ceip-carlesiii\/contes-radiocontats\/\" title=\"Read CONTES RADIOCONTATS\">Llegeix m\u00e9s\u00bb<\/a><\/p>\n","protected":false},"author":1,"featured_media":0,"parent":0,"menu_order":0,"comment_status":"closed","ping_status":"closed","template":"","meta":{"_bbp_topic_count":0,"_bbp_reply_count":0,"_bbp_total_topic_count":0,"_bbp_total_reply_count":0,"_bbp_voice_count":0,"_bbp_anonymous_reply_count":0,"_bbp_topic_count_hidden":0,"_bbp_reply_count_hidden":0,"_bbp_forum_subforum_count":0,"footnotes":""},"class_list":["post-6969","page","type-page","status-publish","hentry"],"post_mailing_queue_ids":[],"_links":{"self":[{"href":"https:\/\/agora.xtec.cat\/ceip-carlesiii\/wp-json\/wp\/v2\/pages\/6969","targetHints":{"allow":["GET"]}}],"collection":[{"href":"https:\/\/agora.xtec.cat\/ceip-carlesiii\/wp-json\/wp\/v2\/pages"}],"about":[{"href":"https:\/\/agora.xtec.cat\/ceip-carlesiii\/wp-json\/wp\/v2\/types\/page"}],"author":[{"embeddable":true,"href":"https:\/\/agora.xtec.cat\/ceip-carlesiii\/wp-json\/wp\/v2\/users\/1"}],"replies":[{"embeddable":true,"href":"https:\/\/agora.xtec.cat\/ceip-carlesiii\/wp-json\/wp\/v2\/comments?post=6969"}],"version-history":[{"count":6,"href":"https:\/\/agora.xtec.cat\/ceip-carlesiii\/wp-json\/wp\/v2\/pages\/6969\/revisions"}],"predecessor-version":[{"id":7121,"href":"https:\/\/agora.xtec.cat\/ceip-carlesiii\/wp-json\/wp\/v2\/pages\/6969\/revisions\/7121"}],"wp:attachment":[{"href":"https:\/\/agora.xtec.cat\/ceip-carlesiii\/wp-json\/wp\/v2\/media?parent=6969"}],"curies":[{"name":"wp","href":"https:\/\/api.w.org\/{rel}","templated":true}]}}