{"id":26,"date":"2014-09-18T12:24:32","date_gmt":"2014-09-18T10:24:32","guid":{"rendered":"http:\/\/agora.xtec.cat\/ceip-carlesiii\/?page_id=26"},"modified":"2017-03-29T16:27:30","modified_gmt":"2017-03-29T14:27:30","slug":"historia","status":"publish","type":"page","link":"https:\/\/agora.xtec.cat\/ceip-carlesiii\/lescola\/historia\/","title":{"rendered":"Hist\u00f2ria"},"content":{"rendered":"<p><a href=\"http:\/\/agora.xtec.cat\/ceip-carlesiii\/wp-content\/uploads\/usu1600\/2014\/09\/20170325_162245.jpg\"><img loading=\"lazy\" decoding=\"async\" class=\"wp-image-773 alignleft\" src=\"http:\/\/agora.xtec.cat\/ceip-carlesiii\/wp-content\/uploads\/usu1600\/2014\/09\/20170325_162245-1024x614.jpg\" alt=\"20170325_162245\" width=\"353\" height=\"211\" srcset=\"https:\/\/agora.xtec.cat\/ceip-carlesiii\/wp-content\/uploads\/usu1600\/2014\/09\/20170325_162245-1024x614.jpg 1024w, https:\/\/agora.xtec.cat\/ceip-carlesiii\/wp-content\/uploads\/usu1600\/2014\/09\/20170325_162245-300x180.jpg 300w, https:\/\/agora.xtec.cat\/ceip-carlesiii\/wp-content\/uploads\/usu1600\/2014\/09\/20170325_162245-768x461.jpg 768w\" sizes=\"auto, (max-width: 353px) 100vw, 353px\" \/><\/a><\/p>\n<p style=\"text-align: left;\"><a href=\"http:\/\/agora.xtec.cat\/ceip-carlesiii\/wp-content\/uploads\/usu1600\/2014\/09\/popcole-030.jpg\"><img loading=\"lazy\" decoding=\"async\" class=\"wp-image-555 alignright\" src=\"http:\/\/agora.xtec.cat\/ceip-carlesiii\/wp-content\/uploads\/usu1600\/2014\/09\/popcole-030.jpg\" alt=\"popcole-030\" width=\"367\" height=\"277\" srcset=\"https:\/\/agora.xtec.cat\/ceip-carlesiii\/wp-content\/uploads\/usu1600\/2014\/09\/popcole-030.jpg 640w, https:\/\/agora.xtec.cat\/ceip-carlesiii\/wp-content\/uploads\/usu1600\/2014\/09\/popcole-030-300x226.jpg 300w, https:\/\/agora.xtec.cat\/ceip-carlesiii\/wp-content\/uploads\/usu1600\/2014\/09\/popcole-030-200x150.jpg 200w\" sizes=\"auto, (max-width: 367px) 100vw, 367px\" \/><\/a>Els inicis de l&#8217;escola es remunten a l&#8217;any <strong>1932<\/strong>, al gener d&#8217;est any va entrar en funcionament un grup escolar conegut com <strong>Les Escoles<\/strong>, ubicat a\u00a0l&#8217;edifici que actualment acull al\u00a0cicle inicial i educaci\u00f3 infantil.<br \/>\nLes Escoles es van situar dalt del cementeri vell, constru\u00eft l&#8217;any 1850 i llavors en des\u00fas. Era i \u00e9s una situaci\u00f3 privilegiada, al final del carrer de la Const\u00e0ncia, coincidint amb l&#8217;eix transversal mar-muntanya, tapant i deixant dins del seu recinte <strong>La Glorieta,<\/strong>\u00a0edificaci\u00f3 de l&#8217;\u00e8poca de Carles III, que era el remat natural de l&#8217;urbanisme neocl\u00e0ssic del citat eix i avui en dia s\u00edmbol caracter\u00edstic de la nostra escola.<br \/>\nDurant la Guerra Civil les escoles foren condicionades com a Hospital de campanya de la rereguarda de la Batalla de l&#8217;Ebre.<br \/>\nM\u00e9s endavant es va construir el pont de pedra que dona acc\u00e9s a l&#8217;edifici antic, amb motiu de les obres del nou ramal de la via f\u00e8rria <strong>Val de Zafan<\/strong>.<br \/>\nTal com anaven passant els anys amb un augment de la poblaci\u00f3 i la immigraci\u00f3 dels anys 60 es va fer necessari construir nous edificis al costat del primer. Fins que a l&#8217;abril de 1979 es va inaugurar l&#8217;\u00faltim edifici escolar\u00a0que formen tot el recinte.<br \/>\nDurant tots aquests anys l&#8217;escola ha tingut diferents denominacions, fins que a l&#8217;any 1973 va ser sol\u2022licitat i aprovat pel Ministeri d&#8217;Educaci\u00f3 i Ci\u00e8ncia l&#8217;actual nom de Carles III.<\/p>\n","protected":false},"excerpt":{"rendered":"<p><a href=\"http:\/\/agora.xtec.cat\/ceip-carlesiii\/wp-content\/uploads\/usu1600\/2014\/09\/20170325_162245.jpg\"><\/a><br \/>\n<a href=\"http:\/\/agora.xtec.cat\/ceip-carlesiii\/wp-content\/uploads\/usu1600\/2014\/09\/popcole-030.jpg\"><\/a>Els inicis de l&#8217;escola es remunten a l&#8217;any 1932, al gener d&#8217;est any va entrar en funcionament un grup escolar conegut com Les Escoles, ubicat a\u00a0l&#8217;edifici que actualment acull al\u00a0cicle inicial i educaci\u00f3 infantil.<br \/>\nLes Escoles es van situar dalt del cementeri vell, constru\u00eft&hellip;  <a href=\"https:\/\/agora.xtec.cat\/ceip-carlesiii\/lescola\/historia\/\" title=\"Read Hist\u00f2ria\">Llegeix m\u00e9s\u00bb<\/a><\/p>\n","protected":false},"author":1,"featured_media":0,"parent":22,"menu_order":35,"comment_status":"closed","ping_status":"closed","template":"page-templates\/side-menu.php","meta":{"_bbp_topic_count":0,"_bbp_reply_count":0,"_bbp_total_topic_count":0,"_bbp_total_reply_count":0,"_bbp_voice_count":0,"_bbp_anonymous_reply_count":0,"_bbp_topic_count_hidden":0,"_bbp_reply_count_hidden":0,"_bbp_forum_subforum_count":0,"footnotes":""},"class_list":["post-26","page","type-page","status-publish","hentry"],"post_mailing_queue_ids":[],"_links":{"self":[{"href":"https:\/\/agora.xtec.cat\/ceip-carlesiii\/wp-json\/wp\/v2\/pages\/26","targetHints":{"allow":["GET"]}}],"collection":[{"href":"https:\/\/agora.xtec.cat\/ceip-carlesiii\/wp-json\/wp\/v2\/pages"}],"about":[{"href":"https:\/\/agora.xtec.cat\/ceip-carlesiii\/wp-json\/wp\/v2\/types\/page"}],"author":[{"embeddable":true,"href":"https:\/\/agora.xtec.cat\/ceip-carlesiii\/wp-json\/wp\/v2\/users\/1"}],"replies":[{"embeddable":true,"href":"https:\/\/agora.xtec.cat\/ceip-carlesiii\/wp-json\/wp\/v2\/comments?post=26"}],"version-history":[{"count":4,"href":"https:\/\/agora.xtec.cat\/ceip-carlesiii\/wp-json\/wp\/v2\/pages\/26\/revisions"}],"predecessor-version":[{"id":774,"href":"https:\/\/agora.xtec.cat\/ceip-carlesiii\/wp-json\/wp\/v2\/pages\/26\/revisions\/774"}],"up":[{"embeddable":true,"href":"https:\/\/agora.xtec.cat\/ceip-carlesiii\/wp-json\/wp\/v2\/pages\/22"}],"wp:attachment":[{"href":"https:\/\/agora.xtec.cat\/ceip-carlesiii\/wp-json\/wp\/v2\/media?parent=26"}],"curies":[{"name":"wp","href":"https:\/\/api.w.org\/{rel}","templated":true}]}}