{"id":28,"date":"2014-09-18T12:29:35","date_gmt":"2014-09-18T10:29:35","guid":{"rendered":"http:\/\/agora.xtec.cat\/ceip-canpuig\/?page_id=28"},"modified":"2022-10-25T17:24:46","modified_gmt":"2022-10-25T15:24:46","slug":"consell-escolar","status":"publish","type":"page","link":"https:\/\/agora.xtec.cat\/ceip-canpuig\/lescola\/consell-escolar\/","title":{"rendered":"Espais"},"content":{"rendered":"<p>L\u2019escola Can Puig est\u00e0 situada en un lloc privilegiat de la ciutat, lluny de carreteres i de sorolls, i a prop d\u2019espais naturals, com \u00e9s el bosc de Can Puig.<\/p>\n<p>L\u2019edifici compta amb v\u00e0ries terrasses amb vistes a la ciutat, i grans finestrals que fan que sigui una escola amb gran lluminositat. Els passadissos tamb\u00e9 s\u00f3n lluminosos i amples.<\/p>\n<p>Tota l\u2019escola s\u2019ent\u00e9n com un espai que pot generar oportunitats de situacions d\u2019aprenentatge.<\/p>\n<p>Els principals espais de l\u2019edifici de l\u2019escola s\u00f3n els seg\u00fcents:<\/p>\n<p><strong><span style=\"color: #3978b8;\">6 aules d\u2019Educaci\u00f3 Infantil i 12 aules d\u2019Educaci\u00f3 Prim\u00e0ria<\/span><\/strong>, dissenyades a partir espais modulars i di\u00e0fans. Totes tenen acc\u00e9s a terrasses exteriors. Aquestes s\u00f3n espais que tamb\u00e9 s\u2019aprofiten per crear espais d\u2019aprenentatge.<\/p>\n<p><span style=\"color: #3978b8;\"><strong>1 biblioteca d\u2019Ed. Infantil i 1 d\u2019Ed. Prim\u00e0ria<\/strong><\/span>, entesos com a espais per fomentar el gust per la lectura. Aquests espais compten amb una comissi\u00f3 formada per docents que dissenyen actuacions per dinamitzar el seu \u00fas.<\/p>\n<p><span style=\"color: #3978b8;\"><strong>1 laboratori<\/strong><\/span>, on actualment hi assisteix l\u2019alumnat de Prim\u00e0ria per dur a terme les sessions de Science.<\/p>\n<p><span style=\"color: #3978b8;\"><strong>1 aula digital<\/strong><\/span>, on tamb\u00e9 hi assisteix l\u2019alumnat de Prim\u00e0ria per dur a terme les sessions de Rob\u00f2tica, amb mig grup.<\/p>\n<p><span style=\"color: #3978b8;\"><strong>1 aula de m\u00fasica<\/strong><\/span>, on hi assisteix l\u2019alumnat des d\u2019I4 fins a 6\u00e8 de prim\u00e0ria. Aquesta aula compta amb diferents instruments i recursos per dur a terme sessions el m\u00e0xim de vivencials possible.<\/p>\n<p><span style=\"color: #3978b8;\"><strong>1 aula de psicomotricitat<\/strong><\/span>, on l\u2019alumnat d\u2019I3 hi dur a terme aquestes sessions.<\/p>\n<p><span style=\"color: #3978b8;\"><strong>1 sala polivalent<\/strong><\/span>, que utilitza l\u2019alumnat d\u2019I4 fins a 6\u00e8 per dur a terme les sessions de psicomotricitat, en el cas d\u2019Infantil, i d\u2019Educaci\u00f3 F\u00edsica, en el cas de Prim\u00e0ria. A m\u00e9s, aquests \u00faltims, tamb\u00e9 fan \u00fas del pavell\u00f3 de Can Puig.<\/p>\n<p>La sala polivalent \u00e9s un espai que tamb\u00e9 ens permet dur a terme altres activitats, com la Reuni\u00f3 Inaugural d\u2019inici de curs amb les fam\u00edlies, festes d\u2019escola, com la Festa de Nadal o el Dia de l\u2019Autor\/a, Consells Escolars Municipals, trobades de l\u2019Eduquem en Fam\u00edlia&#8230;<\/p>\n<p><span style=\"color: #3978b8;\"><strong>1 aula d\u2019angl\u00e8s<\/strong><\/span>, on hi assisteix l\u2019alumnat de Cicle Mitj\u00e0 i Cicle Superior.<\/p>\n<p><span style=\"color: #3978b8;\"><strong>1 aula d\u2019atenci\u00f3 individualitzada<\/strong><\/span>, on hi assisteix alumnat que necessita rebre un suport m\u00e9s directa i personalitzat.<\/p>\n<p><span style=\"color: #3978b8;\"><strong>1 menjador<\/strong><\/span>, el qual compta amb cuina pr\u00f2pia. Tamb\u00e9 est\u00e0 dissenyat per dur a terme altres activitats, com l\u2019acollida matinal, les trobades de l\u2019AFA&#8230;<\/p>\n<p>A m\u00e9s a m\u00e9s, l\u2019escola compta amb aules auxiliars, que faciliten el treball en petits o mitjos grups per tal de poder dur a terme activitats de suport, racons, activitats art\u00edstiques o de projectes diversos&#8230;<\/p>\n<p>Pel que fa als espais exteriors, comptem amb els seg\u00fcents:<\/p>\n<p><span style=\"color: #3978b8;\"><strong>1 hort<\/strong><\/span>, que est\u00e0 gestionat per diferents cursos d\u2019Educaci\u00f3 Infantil i Prim\u00e0ria.<\/p>\n<p><span style=\"color: #3978b8;\"><strong>1 pati de pedres<\/strong><\/span>, que compta amb una sorrera, gronxadors, tobogan&#8230;<\/p>\n<p><span style=\"color: #3978b8;\"><strong>1 pista de futbol\/b\u00e0squet<\/strong><\/span>, amb grades.<\/p>\n<p><span style=\"color: #3978b8;\"><strong>1 zona de gespa<\/strong><\/span>, que a m\u00e9s de ser una zona d\u2019esbarjo, tamb\u00e9 \u00e9s un punt de trobada per activitats i projectes diversos.<\/p>\n<p><span style=\"color: #3978b8;\"><strong>Els espais adjacents al menjador i la sala polivalent<\/strong><\/span>, que tamb\u00e9 s\u00f3n espais de jocs durant les estones d\u2019esbarjo, que inclou jocs al terra, la zona de la cuineta&#8230;<\/p>\n<p>Finalment cal destacar que tot l\u2019espai exterior compta amb un gran varietat d\u2019arbres, plantes i arbustos.<\/p>\n","protected":false},"excerpt":{"rendered":"<p>L\u2019escola Can Puig est\u00e0 situada en un lloc privilegiat de la ciutat, lluny de carreteres i de sorolls, i a prop d\u2019espais naturals, com \u00e9s el bosc de Can Puig.<br \/>\nL\u2019edifici compta amb v\u00e0ries terrasses amb vistes a la ciutat, i grans finestrals que fan que&hellip;  <a href=\"https:\/\/agora.xtec.cat\/ceip-canpuig\/lescola\/consell-escolar\/\" title=\"Read Espais\">Llegeix m\u00e9s\u00bb<\/a><\/p>\n","protected":false},"author":1,"featured_media":0,"parent":22,"menu_order":5,"comment_status":"closed","ping_status":"closed","template":"page-templates\/side-menu.php","meta":{"_bbp_topic_count":0,"_bbp_reply_count":0,"_bbp_total_topic_count":0,"_bbp_total_reply_count":0,"_bbp_voice_count":0,"_bbp_anonymous_reply_count":0,"_bbp_topic_count_hidden":0,"_bbp_reply_count_hidden":0,"_bbp_forum_subforum_count":0,"footnotes":""},"class_list":["post-28","page","type-page","status-publish","hentry"],"post_mailing_queue_ids":[],"_links":{"self":[{"href":"https:\/\/agora.xtec.cat\/ceip-canpuig\/wp-json\/wp\/v2\/pages\/28","targetHints":{"allow":["GET"]}}],"collection":[{"href":"https:\/\/agora.xtec.cat\/ceip-canpuig\/wp-json\/wp\/v2\/pages"}],"about":[{"href":"https:\/\/agora.xtec.cat\/ceip-canpuig\/wp-json\/wp\/v2\/types\/page"}],"author":[{"embeddable":true,"href":"https:\/\/agora.xtec.cat\/ceip-canpuig\/wp-json\/wp\/v2\/users\/1"}],"replies":[{"embeddable":true,"href":"https:\/\/agora.xtec.cat\/ceip-canpuig\/wp-json\/wp\/v2\/comments?post=28"}],"version-history":[{"count":4,"href":"https:\/\/agora.xtec.cat\/ceip-canpuig\/wp-json\/wp\/v2\/pages\/28\/revisions"}],"predecessor-version":[{"id":12568,"href":"https:\/\/agora.xtec.cat\/ceip-canpuig\/wp-json\/wp\/v2\/pages\/28\/revisions\/12568"}],"up":[{"embeddable":true,"href":"https:\/\/agora.xtec.cat\/ceip-canpuig\/wp-json\/wp\/v2\/pages\/22"}],"wp:attachment":[{"href":"https:\/\/agora.xtec.cat\/ceip-canpuig\/wp-json\/wp\/v2\/media?parent=28"}],"curies":[{"name":"wp","href":"https:\/\/api.w.org\/{rel}","templated":true}]}}

<p>L’escola Can Puig està situada en un lloc privilegiat de la ciutat, lluny de carreteres i de sorolls, i a prop d’espais naturals, com és el bosc de Can Puig.</p>
<p>L’edifici compta amb vàries terrasses amb vistes a la ciutat, i grans finestrals que fan que sigui una escola amb gran lluminositat. Els passadissos també són lluminosos i amples.</p>
<p>Tota l’escola s’entén com un espai que pot generar oportunitats de situacions d’aprenentatge.</p>
<p>Els principals espais de l’edifici de l’escola són els següents:</p>
<p><strong><span style="color: #3978b8;">6 aules d’Educació Infantil i 12 aules d’Educació Primària</span></strong>, dissenyades a partir espais modulars i diàfans. Totes tenen accés a terrasses exteriors. Aquestes són espais que també s’aprofiten per crear espais d’aprenentatge.</p>
<p><span style="color: #3978b8;"><strong>1 biblioteca d’Ed. Infantil i 1 d’Ed. Primària</strong></span>, entesos com a espais per fomentar el gust per la lectura. Aquests espais compten amb una comissió formada per docents que dissenyen actuacions per dinamitzar el seu ús.</p>
<p><span style="color: #3978b8;"><strong>1 laboratori</strong></span>, on actualment hi assisteix l’alumnat de Primària per dur a terme les sessions de Science.</p>
<p><span style="color: #3978b8;"><strong>1 aula digital</strong></span>, on també hi assisteix l’alumnat de Primària per dur a terme les sessions de Robòtica, amb mig grup.</p>
<p><span style="color: #3978b8;"><strong>1 aula de música</strong></span>, on hi assisteix l’alumnat des d’I4 fins a 6è de primària. Aquesta aula compta amb diferents instruments i recursos per dur a terme sessions el màxim de vivencials possible.</p>
<p><span style="color: #3978b8;"><strong>1 aula de psicomotricitat</strong></span>, on l’alumnat d’I3 hi dur a terme aquestes sessions.</p>
<p><span style="color: #3978b8;"><strong>1 sala polivalent</strong></span>, que utilitza l’alumnat d’I4 fins a 6è per dur a terme les sessions de psicomotricitat, en el cas d’Infantil, i d’Educació Física, en el cas de Primària. A més, aquests últims, també fan ús del pavelló de Can Puig.</p>
<p>La sala polivalent és un espai que també ens permet dur a terme altres activitats, com la Reunió Inaugural d’inici de curs amb les famílies, festes d’escola, com la Festa de Nadal o el Dia de l’Autor/a, Consells Escolars Municipals, trobades de l’Eduquem en Família&#8230;</p>
<p><span style="color: #3978b8;"><strong>1 aula d’anglès</strong></span>, on hi assisteix l’alumnat de Cicle Mitjà i Cicle Superior.</p>
<p><span style="color: #3978b8;"><strong>1 aula d’atenció individualitzada</strong></span>, on hi assisteix alumnat que necessita rebre un suport més directa i personalitzat.</p>
<p><span style="color: #3978b8;"><strong>1 menjador</strong></span>, el qual compta amb cuina pròpia. També està dissenyat per dur a terme altres activitats, com l’acollida matinal, les trobades de l’AFA&#8230;</p>
<p>A més a més, l’escola compta amb aules auxiliars, que faciliten el treball en petits o mitjos grups per tal de poder dur a terme activitats de suport, racons, activitats artístiques o de projectes diversos&#8230;</p>
<p>Pel que fa als espais exteriors, comptem amb els següents:</p>
<p><span style="color: #3978b8;"><strong>1 hort</strong></span>, que està gestionat per diferents cursos d’Educació Infantil i Primària.</p>
<p><span style="color: #3978b8;"><strong>1 pati de pedres</strong></span>, que compta amb una sorrera, gronxadors, tobogan&#8230;</p>
<p><span style="color: #3978b8;"><strong>1 pista de futbol/bàsquet</strong></span>, amb grades.</p>
<p><span style="color: #3978b8;"><strong>1 zona de gespa</strong></span>, que a més de ser una zona d’esbarjo, també és un punt de trobada per activitats i projectes diversos.</p>
<p><span style="color: #3978b8;"><strong>Els espais adjacents al menjador i la sala polivalent</strong></span>, que també són espais de jocs durant les estones d’esbarjo, que inclou jocs al terra, la zona de la cuineta&#8230;</p>
<p>Finalment cal destacar que tot l’espai exterior compta amb un gran varietat d’arbres, plantes i arbustos.</p>

<p>L’escola Can Puig està situada en un lloc privilegiat de la ciutat, lluny de carreteres i de sorolls, i a prop d’espais naturals, com és el bosc de Can Puig.<br />
L’edifici compta amb vàries terrasses amb vistes a la ciutat, i grans finestrals que fan que&hellip;  <a href="https://agora.xtec.cat/ceip-canpuig/lescola/consell-escolar/" title="Read Espais">Llegeix més»</a></p>
