{"id":26,"date":"2014-09-18T12:24:32","date_gmt":"2014-09-18T11:24:32","guid":{"rendered":"http:\/\/agora.xtec.cat\/ceip-canpuig\/?page_id=26"},"modified":"2021-05-11T16:59:45","modified_gmt":"2021-05-11T14:59:45","slug":"historia","status":"publish","type":"page","link":"https:\/\/agora.xtec.cat\/ceip-canpuig\/lescola\/historia\/","title":{"rendered":"Una mica d&#8217;hist\u00f2ria"},"content":{"rendered":"<p style=\"text-align: justify;\">La nostra escola es troba ubicada al\u00a0barri de Can Puig el qual li d\u00f3na el nom.<\/p>\n<p style=\"text-align: justify;\">El centre va iniciar la seva activitat\u00a0el curs 82-83 amb dues aules, una de P4 i una de P5. Aquest any tamb\u00e9 es van comen\u00e7ar\u00a0les obres per tal de construir l\u2019edifici.Durant l\u2019any 87-88, l\u2019escola engega amb ple funcionament amb les instal\u00b7lacions ben acabades.<\/p>\n<p style=\"text-align: justify;\">El curs 93-95 s\u2019amplia el parvulari amb una nova aula de P3.<\/p>\n<p style=\"text-align: justify;\">Al llarg dels cursos 2009-2010 i 2010-2011 l&#8217;edifici s&#8217;amplia i es reforma \u00e0mpliament\u00a0per tal de donar cabuda ja a dues l\u00ednies i aix\u00ed poder atendre la demanda de places escolars de la localitat.<\/p>\n<p style=\"text-align: justify;\">Posteriorment la segona l\u00ednia ha anat creixent cada curs fins arribar al curs 2016-2017, moment en que arriba plenament a la seva consolidaci\u00f3. Per tant, \u00a0amb poc temps l&#8217;escola ha augmentat significativament i quantitativament en nombre de mestres i d&#8217;alumnes.<\/p>\n<p style=\"text-align: justify;\">A la nostra escola, el respecte per la natura i la cooperaci\u00f3 regeixen els nostres actes. Volem que aquesta cooperaci\u00f3 entre tots els agents educadors; alumnes, mestres, pares, educadors, personal no docent, barri, ciutat&#8230; sigui m\u00e9s que un objectiu, sigui una filosofia de vida.<\/p>\n<p style=\"text-align: justify;\">Us animem a endinsar-nos a la nostra p\u00e0gina web\u00a0i als nostres blogs de manera que us permetr\u00e0 con\u00e8ixer la nostra manera de treball i la manera en qu\u00e8 volem entendre l\u2019acci\u00f3 educadora cooperativa.<\/p>\n<p style=\"text-align: justify;\"><strong>Tamb\u00e9 us convidem a que ens visiteu, que veieu la nostra escola, les nostres instal.lacions, la nostra manera de ser, de fer i d\u2019estar.<\/strong><\/p>\n<hr \/>\n<h2 style=\"text-align: center;\"><span style=\"text-decoration: underline;\">L\u00cdNIES GENERALS<\/span><\/h2>\n<p style=\"text-align: justify;\">L\u2019escola ha d\u2019esdevenir el marc idoni on el nen aprengui a desenvolupar les habilitats socials i els aprenentatges significatius rellevants que l\u2019ajudin a convertir-se en una persona sana i feli\u00e7. Perqu\u00e8 aix\u00f2 sigui possible tot el personal que treballa a l\u2019escola ha de sentir-se a gust amb ell mateix i amb els altres i aix\u00ed poder desenvolupar la seva professionalitat al m\u00e0xim.<\/p>\n<p><strong>Per potenciar aquest clima de treball i benestar, nosaltres presentem les seg\u00fcents l\u00ednies pedag\u00f2giques:<\/strong><\/p>\n<ul>\n<li>Volem que l\u2019escola sigui un lloc agradable on tothom s\u2019hi trobi b\u00e9.<\/li>\n<li>Volem fomentar el coneixement de les diferents cultures, el respecte a la diversitat i la integraci\u00f3 a la nostra cultura.<\/li>\n<li>Volem que totes les activitats que s\u2019hi realitzin, tant instrumentals com l\u00fadiques, serveixin per ajudar a aprendre i fomentin el sentit de la responsabilitat i de l\u2019esfor\u00e7 individual i grupal aix\u00ed com de l\u2019esperit de superaci\u00f3.<\/li>\n<li>Volem que sigui un lloc per aprendre a opinar, a dialogar i a respectar les opinions dels altres.<\/li>\n<li>Volem que sigui un lloc idoni per valorar i desenvolupar les aptituds de l\u2019alumnat i de l\u2019equip docent.<\/li>\n<li>Volem que sigui un lloc obert als pares, al barri i al municipi afavorint les activitats col\u00b7lectives per fomentar un sentiment global d\u2019escola.<\/li>\n<li>Volem que sigui un lloc on es desenvolupi el treball cooperatiu entre mestres, entre mestres i alumnes i entre alumnes.<\/li>\n<li>Volem que sigui un lloc que potenci\u00ef l\u2019autonomia i l\u2019autoestima de tots els seus membres.<\/li>\n<\/ul>\n","protected":false},"excerpt":{"rendered":"<p>La nostra escola es troba ubicada al\u00a0barri de Can Puig el qual li d\u00f3na el nom.<br \/>\nEl centre va iniciar la seva activitat\u00a0el curs 82-83 amb dues aules, una de P4 i una de P5. Aquest any tamb\u00e9 es van comen\u00e7ar\u00a0les obres per tal de construir&hellip;  <a href=\"https:\/\/agora.xtec.cat\/ceip-canpuig\/lescola\/historia\/\" title=\"Read Una mica d&#8217;hist\u00f2ria\">Llegeix m\u00e9s\u00bb<\/a><\/p>\n","protected":false},"author":1,"featured_media":0,"parent":22,"menu_order":1,"comment_status":"closed","ping_status":"closed","template":"page-templates\/side-menu.php","meta":{"_bbp_topic_count":0,"_bbp_reply_count":0,"_bbp_total_topic_count":0,"_bbp_total_reply_count":0,"_bbp_voice_count":0,"_bbp_anonymous_reply_count":0,"_bbp_topic_count_hidden":0,"_bbp_reply_count_hidden":0,"_bbp_forum_subforum_count":0,"footnotes":""},"class_list":["post-26","page","type-page","status-publish","hentry"],"post_mailing_queue_ids":[],"_links":{"self":[{"href":"https:\/\/agora.xtec.cat\/ceip-canpuig\/wp-json\/wp\/v2\/pages\/26","targetHints":{"allow":["GET"]}}],"collection":[{"href":"https:\/\/agora.xtec.cat\/ceip-canpuig\/wp-json\/wp\/v2\/pages"}],"about":[{"href":"https:\/\/agora.xtec.cat\/ceip-canpuig\/wp-json\/wp\/v2\/types\/page"}],"author":[{"embeddable":true,"href":"https:\/\/agora.xtec.cat\/ceip-canpuig\/wp-json\/wp\/v2\/users\/1"}],"replies":[{"embeddable":true,"href":"https:\/\/agora.xtec.cat\/ceip-canpuig\/wp-json\/wp\/v2\/comments?post=26"}],"version-history":[{"count":4,"href":"https:\/\/agora.xtec.cat\/ceip-canpuig\/wp-json\/wp\/v2\/pages\/26\/revisions"}],"predecessor-version":[{"id":11894,"href":"https:\/\/agora.xtec.cat\/ceip-canpuig\/wp-json\/wp\/v2\/pages\/26\/revisions\/11894"}],"up":[{"embeddable":true,"href":"https:\/\/agora.xtec.cat\/ceip-canpuig\/wp-json\/wp\/v2\/pages\/22"}],"wp:attachment":[{"href":"https:\/\/agora.xtec.cat\/ceip-canpuig\/wp-json\/wp\/v2\/media?parent=26"}],"curies":[{"name":"wp","href":"https:\/\/api.w.org\/{rel}","templated":true}]}}

Una mica d&#8217;història

<p style="text-align: justify;">La nostra escola es troba ubicada al barri de Can Puig el qual li dóna el nom.</p>
<p style="text-align: justify;">El centre va iniciar la seva activitat el curs 82-83 amb dues aules, una de P4 i una de P5. Aquest any també es van començar les obres per tal de construir l’edifici.Durant l’any 87-88, l’escola engega amb ple funcionament amb les instal·lacions ben acabades.</p>
<p style="text-align: justify;">El curs 93-95 s’amplia el parvulari amb una nova aula de P3.</p>
<p style="text-align: justify;">Al llarg dels cursos 2009-2010 i 2010-2011 l&#8217;edifici s&#8217;amplia i es reforma àmpliament per tal de donar cabuda ja a dues línies i així poder atendre la demanda de places escolars de la localitat.</p>
<p style="text-align: justify;">Posteriorment la segona línia ha anat creixent cada curs fins arribar al curs 2016-2017, moment en que arriba plenament a la seva consolidació. Per tant,  amb poc temps l&#8217;escola ha augmentat significativament i quantitativament en nombre de mestres i d&#8217;alumnes.</p>
<p style="text-align: justify;">A la nostra escola, el respecte per la natura i la cooperació regeixen els nostres actes. Volem que aquesta cooperació entre tots els agents educadors; alumnes, mestres, pares, educadors, personal no docent, barri, ciutat&#8230; sigui més que un objectiu, sigui una filosofia de vida.</p>
<p style="text-align: justify;">Us animem a endinsar-nos a la nostra pàgina web i als nostres blogs de manera que us permetrà conèixer la nostra manera de treball i la manera en què volem entendre l’acció educadora cooperativa.</p>
<p style="text-align: justify;"><strong>També us convidem a que ens visiteu, que veieu la nostra escola, les nostres instal.lacions, la nostra manera de ser, de fer i d’estar.</strong></p>
<hr />
<h2 style="text-align: center;"><span style="text-decoration: underline;">LÍNIES GENERALS</span></h2>
<p style="text-align: justify;">L’escola ha d’esdevenir el marc idoni on el nen aprengui a desenvolupar les habilitats socials i els aprenentatges significatius rellevants que l’ajudin a convertir-se en una persona sana i feliç. Perquè això sigui possible tot el personal que treballa a l’escola ha de sentir-se a gust amb ell mateix i amb els altres i així poder desenvolupar la seva professionalitat al màxim.</p>
<p><strong>Per potenciar aquest clima de treball i benestar, nosaltres presentem les següents línies pedagògiques:</strong></p>
<ul>
<li>Volem que l’escola sigui un lloc agradable on tothom s’hi trobi bé.</li>
<li>Volem fomentar el coneixement de les diferents cultures, el respecte a la diversitat i la integració a la nostra cultura.</li>
<li>Volem que totes les activitats que s’hi realitzin, tant instrumentals com lúdiques, serveixin per ajudar a aprendre i fomentin el sentit de la responsabilitat i de l’esforç individual i grupal així com de l’esperit de superació.</li>
<li>Volem que sigui un lloc per aprendre a opinar, a dialogar i a respectar les opinions dels altres.</li>
<li>Volem que sigui un lloc idoni per valorar i desenvolupar les aptituds de l’alumnat i de l’equip docent.</li>
<li>Volem que sigui un lloc obert als pares, al barri i al municipi afavorint les activitats col·lectives per fomentar un sentiment global d’escola.</li>
<li>Volem que sigui un lloc on es desenvolupi el treball cooperatiu entre mestres, entre mestres i alumnes i entre alumnes.</li>
<li>Volem que sigui un lloc que potenciï l’autonomia i l’autoestima de tots els seus membres.</li>
</ul>

<p>La nostra escola es troba ubicada al barri de Can Puig el qual li dóna el nom.<br />
El centre va iniciar la seva activitat el curs 82-83 amb dues aules, una de P4 i una de P5. Aquest any també es van començar les obres per tal de construir&hellip;  <a href="https://agora.xtec.cat/ceip-canpuig/lescola/historia/" title="Read Una mica d&#8217;història">Llegeix més»</a></p>
