{"id":14747,"date":"2026-02-25T18:55:20","date_gmt":"2026-02-25T17:55:20","guid":{"rendered":"https:\/\/agora.xtec.cat\/ceip-canpuig\/?page_id=14747"},"modified":"2026-02-25T18:55:20","modified_gmt":"2026-02-25T17:55:20","slug":"projectes-per-coneixer-lentorn","status":"publish","type":"page","link":"https:\/\/agora.xtec.cat\/ceip-canpuig\/projectes-per-coneixer-lentorn\/","title":{"rendered":"Projectes per con\u00e8ixer l&#8217;entorn"},"content":{"rendered":"<p><span style=\"font-weight: 400;\">A la nostra escola impulsem el <span style=\"color: #3978b8;\">treball per projectes<\/span> com una manera significativa i motivadora de con\u00e8ixer l\u2019entorn. A partir dels <span style=\"color: #3978b8;\">interessos dels infants<\/span>, plantegem preguntes i reptes que ens permeten investigar la realitat m\u00e9s propera: el barri, el poble, els serveis, la natura i les tradicions, tot relacionant els nous aprenentatges amb all\u00f2 que ja saben.\u00a0<\/span><\/p>\n<p><span style=\"font-weight: 400;\">Els projectes fomenten la <span style=\"color: #3978b8;\">curiositat, l\u2019esperit cr\u00edtic i el treball cooperatiu<\/span>, ja que l\u2019alumnat observa, formula hip\u00f2tesis, cerca informaci\u00f3 i comparteix descobertes. Es tracta d\u2019un treball interdisciplinari, globalitzat, sistem\u00e0tic i reflexiu que afavoreix el proc\u00e9s de construcci\u00f3 del coneixement m\u00e9s que en la simple adquisici\u00f3 d\u2019informaci\u00f3.<\/span><\/p>\n<p><span style=\"font-weight: 400;\">Sovint comptem amb la <span style=\"color: #3978b8;\">col\u00b7laboraci\u00f3 de les fam\u00edlies i d\u2019agents del territori<\/span>, fet que enriqueix els projectes i refor\u00e7a el vincle escola-entorn.\u00a0<\/span><\/p>\n<p><span style=\"font-weight: 400;\"><span style=\"color: #3978b8;\">Sortides, visites, entrevistes i activitats d\u2019experimentaci\u00f3<\/span> ens permeten viure experi\u00e8ncies reals i contextualitzades. D\u2019aquesta manera, els infants aprenen a treballar de manera cooperativa i adquireixen una mirada cr\u00edtica i respectuosa envers el m\u00f3n que els envolta.<\/span><\/p>\n","protected":false},"excerpt":{"rendered":"<p>A la nostra escola impulsem el treball per projectes com una manera significativa i motivadora de con\u00e8ixer l\u2019entorn. A partir dels interessos dels infants, plantegem preguntes i reptes que ens permeten investigar la realitat m\u00e9s propera: el barri, el poble, els serveis, la natura i&hellip;  <a href=\"https:\/\/agora.xtec.cat\/ceip-canpuig\/projectes-per-coneixer-lentorn\/\" title=\"Read Projectes per con\u00e8ixer l&#8217;entorn\">Llegeix m\u00e9s\u00bb<\/a><\/p>\n","protected":false},"author":1,"featured_media":0,"parent":0,"menu_order":0,"comment_status":"closed","ping_status":"closed","template":"page-templates\/side-menu.php","meta":{"_bbp_topic_count":0,"_bbp_reply_count":0,"_bbp_total_topic_count":0,"_bbp_total_reply_count":0,"_bbp_voice_count":0,"_bbp_anonymous_reply_count":0,"_bbp_topic_count_hidden":0,"_bbp_reply_count_hidden":0,"_bbp_forum_subforum_count":0,"footnotes":""},"class_list":["post-14747","page","type-page","status-publish","hentry"],"post_mailing_queue_ids":[],"_links":{"self":[{"href":"https:\/\/agora.xtec.cat\/ceip-canpuig\/wp-json\/wp\/v2\/pages\/14747","targetHints":{"allow":["GET"]}}],"collection":[{"href":"https:\/\/agora.xtec.cat\/ceip-canpuig\/wp-json\/wp\/v2\/pages"}],"about":[{"href":"https:\/\/agora.xtec.cat\/ceip-canpuig\/wp-json\/wp\/v2\/types\/page"}],"author":[{"embeddable":true,"href":"https:\/\/agora.xtec.cat\/ceip-canpuig\/wp-json\/wp\/v2\/users\/1"}],"replies":[{"embeddable":true,"href":"https:\/\/agora.xtec.cat\/ceip-canpuig\/wp-json\/wp\/v2\/comments?post=14747"}],"version-history":[{"count":1,"href":"https:\/\/agora.xtec.cat\/ceip-canpuig\/wp-json\/wp\/v2\/pages\/14747\/revisions"}],"predecessor-version":[{"id":14749,"href":"https:\/\/agora.xtec.cat\/ceip-canpuig\/wp-json\/wp\/v2\/pages\/14747\/revisions\/14749"}],"wp:attachment":[{"href":"https:\/\/agora.xtec.cat\/ceip-canpuig\/wp-json\/wp\/v2\/media?parent=14747"}],"curies":[{"name":"wp","href":"https:\/\/api.w.org\/{rel}","templated":true}]}}

Projectes per conèixer l&#8217;entorn

<p><span style="font-weight: 400;">A la nostra escola impulsem el <span style="color: #3978b8;">treball per projectes</span> com una manera significativa i motivadora de conèixer l’entorn. A partir dels <span style="color: #3978b8;">interessos dels infants</span>, plantegem preguntes i reptes que ens permeten investigar la realitat més propera: el barri, el poble, els serveis, la natura i les tradicions, tot relacionant els nous aprenentatges amb allò que ja saben. </span></p>
<p><span style="font-weight: 400;">Els projectes fomenten la <span style="color: #3978b8;">curiositat, l’esperit crític i el treball cooperatiu</span>, ja que l’alumnat observa, formula hipòtesis, cerca informació i comparteix descobertes. Es tracta d’un treball interdisciplinari, globalitzat, sistemàtic i reflexiu que afavoreix el procés de construcció del coneixement més que en la simple adquisició d’informació.</span></p>
<p><span style="font-weight: 400;">Sovint comptem amb la <span style="color: #3978b8;">col·laboració de les famílies i d’agents del territori</span>, fet que enriqueix els projectes i reforça el vincle escola-entorn. </span></p>
<p><span style="font-weight: 400;"><span style="color: #3978b8;">Sortides, visites, entrevistes i activitats d’experimentació</span> ens permeten viure experiències reals i contextualitzades. D’aquesta manera, els infants aprenen a treballar de manera cooperativa i adquireixen una mirada crítica i respectuosa envers el món que els envolta.</span></p>

<p>A la nostra escola impulsem el treball per projectes com una manera significativa i motivadora de conèixer l’entorn. A partir dels interessos dels infants, plantegem preguntes i reptes que ens permeten investigar la realitat més propera: el barri, el poble, els serveis, la natura i&hellip;  <a href="https://agora.xtec.cat/ceip-canpuig/projectes-per-coneixer-lentorn/" title="Read Projectes per conèixer l&#8217;entorn">Llegeix més»</a></p>
