{"id":14703,"date":"2026-02-24T17:24:49","date_gmt":"2026-02-24T16:24:49","guid":{"rendered":"https:\/\/agora.xtec.cat\/ceip-canpuig\/?page_id=14703"},"modified":"2026-02-26T15:39:30","modified_gmt":"2026-02-26T14:39:30","slug":"impuls-a-la-llengua-estrangera","status":"publish","type":"page","link":"https:\/\/agora.xtec.cat\/ceip-canpuig\/nivells\/projectes-descola\/projectes-transversals\/impuls-a-la-llengua-estrangera\/","title":{"rendered":"Impuls a la llengua estrangera"},"content":{"rendered":"<p><span style=\"font-weight: 400;\">L\u2019impuls de la llengua estrangera \u00e9s molt important per ajudar els infants a comunicar-se en un m\u00f3n cada vegada m\u00e9s plural. <\/span><span style=\"font-weight: 400;\">A l\u2019escola fomentem una <\/span><span style=\"font-weight: 400;\">actitud oberta i respectuosa envers la diversitat ling\u00fc\u00edstica<\/span><span style=\"font-weight: 400;\">. <\/span><\/p>\n<p><span style=\"font-weight: 400;\">A Educaci\u00f3 Infantil es realitza un primer <span style=\"color: #3978b8;\">contacte natural i l\u00fadic<\/span> amb l\u2019idioma. A Prim\u00e0ria, en canvi, l\u2019alumnat treballa l\u2019angl\u00e8s i tamb\u00e9 l\u2019\u00e0rea de Science en aquesta llengua, ampliant vocabulari, desenvolupament <span style=\"color: #3978b8;\">habilitats comunicatives<\/span> i refor\u00e7ant la confian\u00e7a en aquesta llengua.<\/span><\/p>\n<p><img loading=\"lazy\" decoding=\"async\" class=\"alignnone size-medium wp-image-14767\" src=\"https:\/\/agora.xtec.cat\/ceip-canpuig\/wp-content\/uploads\/usu1039\/2026\/02\/Science-300x223.jpg\" alt=\"\" width=\"300\" height=\"223\" srcset=\"https:\/\/agora.xtec.cat\/ceip-canpuig\/wp-content\/uploads\/usu1039\/2026\/02\/Science-300x223.jpg 300w, https:\/\/agora.xtec.cat\/ceip-canpuig\/wp-content\/uploads\/usu1039\/2026\/02\/Science-768x571.jpg 768w, https:\/\/agora.xtec.cat\/ceip-canpuig\/wp-content\/uploads\/usu1039\/2026\/02\/Science-200x150.jpg 200w, https:\/\/agora.xtec.cat\/ceip-canpuig\/wp-content\/uploads\/usu1039\/2026\/02\/Science.jpg 828w\" sizes=\"auto, (max-width: 300px) 100vw, 300px\" \/>\u00a0 \u00a0 <img loading=\"lazy\" decoding=\"async\" class=\"alignnone size-medium wp-image-14766\" src=\"https:\/\/agora.xtec.cat\/ceip-canpuig\/wp-content\/uploads\/usu1039\/2026\/02\/7264785c-f096-409a-86e8-5474275f3c98-300x225.jpg\" alt=\"\" width=\"300\" height=\"225\" srcset=\"https:\/\/agora.xtec.cat\/ceip-canpuig\/wp-content\/uploads\/usu1039\/2026\/02\/7264785c-f096-409a-86e8-5474275f3c98-300x225.jpg 300w, https:\/\/agora.xtec.cat\/ceip-canpuig\/wp-content\/uploads\/usu1039\/2026\/02\/7264785c-f096-409a-86e8-5474275f3c98-768x576.jpg 768w, https:\/\/agora.xtec.cat\/ceip-canpuig\/wp-content\/uploads\/usu1039\/2026\/02\/7264785c-f096-409a-86e8-5474275f3c98-200x150.jpg 200w, https:\/\/agora.xtec.cat\/ceip-canpuig\/wp-content\/uploads\/usu1039\/2026\/02\/7264785c-f096-409a-86e8-5474275f3c98.jpg 1024w\" sizes=\"auto, (max-width: 300px) 100vw, 300px\" \/> \u00a0<img loading=\"lazy\" decoding=\"async\" class=\"alignnone size-medium wp-image-14347\" src=\"https:\/\/agora.xtec.cat\/ceip-canpuig\/wp-content\/uploads\/usu1039\/2025\/06\/Foto-7-1-300x225.jpg\" alt=\"\" width=\"300\" height=\"225\" srcset=\"https:\/\/agora.xtec.cat\/ceip-canpuig\/wp-content\/uploads\/usu1039\/2025\/06\/Foto-7-1-300x225.jpg 300w, https:\/\/agora.xtec.cat\/ceip-canpuig\/wp-content\/uploads\/usu1039\/2025\/06\/Foto-7-1-1024x768.jpg 1024w, https:\/\/agora.xtec.cat\/ceip-canpuig\/wp-content\/uploads\/usu1039\/2025\/06\/Foto-7-1-768x576.jpg 768w, https:\/\/agora.xtec.cat\/ceip-canpuig\/wp-content\/uploads\/usu1039\/2025\/06\/Foto-7-1-1536x1152.jpg 1536w, https:\/\/agora.xtec.cat\/ceip-canpuig\/wp-content\/uploads\/usu1039\/2025\/06\/Foto-7-1-2048x1536.jpg 2048w, https:\/\/agora.xtec.cat\/ceip-canpuig\/wp-content\/uploads\/usu1039\/2025\/06\/Foto-7-1-200x150.jpg 200w\" sizes=\"auto, (max-width: 300px) 100vw, 300px\" \/><\/p>\n<p><span style=\"font-weight: 400;\">L\u2019escola participa a l\u2019English Day, una jornada organitzada per l\u2019alumnat de 3r d\u2019ESO d\u2019un dels instituts adscrits al nostre centre. Els nois i noies preparen i dinamitzen diferents activita<\/span><span style=\"font-weight: 400;\">s en angl\u00e8s adre\u00e7ades a l\u2019alumnat de 6\u00e8 que <span style=\"color: #3978b8;\">fomenten l\u2019<\/span><\/span><span style=\"font-weight: 400;\"><span style=\"color: #3978b8;\">\u00fas real i significatiu<\/span> de la llengua<\/span><span style=\"font-weight: 400;\"> en un context l\u00fadic i motivador.<\/span><\/p>\n<p><img loading=\"lazy\" decoding=\"async\" class=\"wp-image-14711 aligncenter\" src=\"https:\/\/agora.xtec.cat\/ceip-canpuig\/wp-content\/uploads\/usu1039\/2026\/02\/IMG_0436-300x225.jpg\" alt=\"\" width=\"397\" height=\"298\" srcset=\"https:\/\/agora.xtec.cat\/ceip-canpuig\/wp-content\/uploads\/usu1039\/2026\/02\/IMG_0436-300x225.jpg 300w, https:\/\/agora.xtec.cat\/ceip-canpuig\/wp-content\/uploads\/usu1039\/2026\/02\/IMG_0436-1024x768.jpg 1024w, https:\/\/agora.xtec.cat\/ceip-canpuig\/wp-content\/uploads\/usu1039\/2026\/02\/IMG_0436-768x576.jpg 768w, https:\/\/agora.xtec.cat\/ceip-canpuig\/wp-content\/uploads\/usu1039\/2026\/02\/IMG_0436-1536x1152.jpg 1536w, https:\/\/agora.xtec.cat\/ceip-canpuig\/wp-content\/uploads\/usu1039\/2026\/02\/IMG_0436-2048x1536.jpg 2048w, https:\/\/agora.xtec.cat\/ceip-canpuig\/wp-content\/uploads\/usu1039\/2026\/02\/IMG_0436-200x150.jpg 200w\" sizes=\"auto, (max-width: 397px) 100vw, 397px\" \/><\/p>\n<p>&nbsp;<\/p>\n","protected":false},"excerpt":{"rendered":"<p>L\u2019impuls de la llengua estrangera \u00e9s molt important per ajudar els infants a comunicar-se en un m\u00f3n cada vegada m\u00e9s plural. A l\u2019escola fomentem una actitud oberta i respectuosa envers la diversitat ling\u00fc\u00edstica.<br \/>\nA Educaci\u00f3 Infantil es realitza un primer contacte natural i l\u00fadic amb&hellip;  <a href=\"https:\/\/agora.xtec.cat\/ceip-canpuig\/nivells\/projectes-descola\/projectes-transversals\/impuls-a-la-llengua-estrangera\/\" title=\"Read Impuls a la llengua estrangera\">Llegeix m\u00e9s\u00bb<\/a><\/p>\n","protected":false},"author":1,"featured_media":0,"parent":1982,"menu_order":1,"comment_status":"closed","ping_status":"closed","template":"page-templates\/side-menu.php","meta":{"_bbp_topic_count":0,"_bbp_reply_count":0,"_bbp_total_topic_count":0,"_bbp_total_reply_count":0,"_bbp_voice_count":0,"_bbp_anonymous_reply_count":0,"_bbp_topic_count_hidden":0,"_bbp_reply_count_hidden":0,"_bbp_forum_subforum_count":0,"footnotes":""},"class_list":["post-14703","page","type-page","status-publish","hentry"],"post_mailing_queue_ids":[],"_links":{"self":[{"href":"https:\/\/agora.xtec.cat\/ceip-canpuig\/wp-json\/wp\/v2\/pages\/14703","targetHints":{"allow":["GET"]}}],"collection":[{"href":"https:\/\/agora.xtec.cat\/ceip-canpuig\/wp-json\/wp\/v2\/pages"}],"about":[{"href":"https:\/\/agora.xtec.cat\/ceip-canpuig\/wp-json\/wp\/v2\/types\/page"}],"author":[{"embeddable":true,"href":"https:\/\/agora.xtec.cat\/ceip-canpuig\/wp-json\/wp\/v2\/users\/1"}],"replies":[{"embeddable":true,"href":"https:\/\/agora.xtec.cat\/ceip-canpuig\/wp-json\/wp\/v2\/comments?post=14703"}],"version-history":[{"count":5,"href":"https:\/\/agora.xtec.cat\/ceip-canpuig\/wp-json\/wp\/v2\/pages\/14703\/revisions"}],"predecessor-version":[{"id":14768,"href":"https:\/\/agora.xtec.cat\/ceip-canpuig\/wp-json\/wp\/v2\/pages\/14703\/revisions\/14768"}],"up":[{"embeddable":true,"href":"https:\/\/agora.xtec.cat\/ceip-canpuig\/wp-json\/wp\/v2\/pages\/1982"}],"wp:attachment":[{"href":"https:\/\/agora.xtec.cat\/ceip-canpuig\/wp-json\/wp\/v2\/media?parent=14703"}],"curies":[{"name":"wp","href":"https:\/\/api.w.org\/{rel}","templated":true}]}}

<p><span style="font-weight: 400;">L’impuls de la llengua estrangera és molt important per ajudar els infants a comunicar-se en un món cada vegada més plural. </span><span style="font-weight: 400;">A l’escola fomentem una </span><span style="font-weight: 400;">actitud oberta i respectuosa envers la diversitat lingüística</span><span style="font-weight: 400;">. </span></p>
<p><span style="font-weight: 400;">A Educació Infantil es realitza un primer <span style="color: #3978b8;">contacte natural i lúdic</span> amb l’idioma. A Primària, en canvi, l’alumnat treballa l’anglès i també l’àrea de Science en aquesta llengua, ampliant vocabulari, desenvolupament <span style="color: #3978b8;">habilitats comunicatives</span> i reforçant la confiança en aquesta llengua.</span></p>
<p><img loading="lazy" decoding="async" class="alignnone size-medium wp-image-14767" src="https://agora.xtec.cat/ceip-canpuig/wp-content/uploads/usu1039/2026/02/Science-300x223.jpg" alt="" width="300" height="223" srcset="https://agora.xtec.cat/ceip-canpuig/wp-content/uploads/usu1039/2026/02/Science-300x223.jpg 300w, https://agora.xtec.cat/ceip-canpuig/wp-content/uploads/usu1039/2026/02/Science-768x571.jpg 768w, https://agora.xtec.cat/ceip-canpuig/wp-content/uploads/usu1039/2026/02/Science-200x150.jpg 200w, https://agora.xtec.cat/ceip-canpuig/wp-content/uploads/usu1039/2026/02/Science.jpg 828w" sizes="auto, (max-width: 300px) 100vw, 300px" />    <img loading="lazy" decoding="async" class="alignnone size-medium wp-image-14766" src="https://agora.xtec.cat/ceip-canpuig/wp-content/uploads/usu1039/2026/02/7264785c-f096-409a-86e8-5474275f3c98-300x225.jpg" alt="" width="300" height="225" srcset="https://agora.xtec.cat/ceip-canpuig/wp-content/uploads/usu1039/2026/02/7264785c-f096-409a-86e8-5474275f3c98-300x225.jpg 300w, https://agora.xtec.cat/ceip-canpuig/wp-content/uploads/usu1039/2026/02/7264785c-f096-409a-86e8-5474275f3c98-768x576.jpg 768w, https://agora.xtec.cat/ceip-canpuig/wp-content/uploads/usu1039/2026/02/7264785c-f096-409a-86e8-5474275f3c98-200x150.jpg 200w, https://agora.xtec.cat/ceip-canpuig/wp-content/uploads/usu1039/2026/02/7264785c-f096-409a-86e8-5474275f3c98.jpg 1024w" sizes="auto, (max-width: 300px) 100vw, 300px" />  <img loading="lazy" decoding="async" class="alignnone size-medium wp-image-14347" src="https://agora.xtec.cat/ceip-canpuig/wp-content/uploads/usu1039/2025/06/Foto-7-1-300x225.jpg" alt="" width="300" height="225" srcset="https://agora.xtec.cat/ceip-canpuig/wp-content/uploads/usu1039/2025/06/Foto-7-1-300x225.jpg 300w, https://agora.xtec.cat/ceip-canpuig/wp-content/uploads/usu1039/2025/06/Foto-7-1-1024x768.jpg 1024w, https://agora.xtec.cat/ceip-canpuig/wp-content/uploads/usu1039/2025/06/Foto-7-1-768x576.jpg 768w, https://agora.xtec.cat/ceip-canpuig/wp-content/uploads/usu1039/2025/06/Foto-7-1-1536x1152.jpg 1536w, https://agora.xtec.cat/ceip-canpuig/wp-content/uploads/usu1039/2025/06/Foto-7-1-2048x1536.jpg 2048w, https://agora.xtec.cat/ceip-canpuig/wp-content/uploads/usu1039/2025/06/Foto-7-1-200x150.jpg 200w" sizes="auto, (max-width: 300px) 100vw, 300px" /></p>
<p><span style="font-weight: 400;">L’escola participa a l’English Day, una jornada organitzada per l’alumnat de 3r d’ESO d’un dels instituts adscrits al nostre centre. Els nois i noies preparen i dinamitzen diferents activita</span><span style="font-weight: 400;">s en anglès adreçades a l’alumnat de 6è que <span style="color: #3978b8;">fomenten l’</span></span><span style="font-weight: 400;"><span style="color: #3978b8;">ús real i significatiu</span> de la llengua</span><span style="font-weight: 400;"> en un context lúdic i motivador.</span></p>
<p><img loading="lazy" decoding="async" class="wp-image-14711 aligncenter" src="https://agora.xtec.cat/ceip-canpuig/wp-content/uploads/usu1039/2026/02/IMG_0436-300x225.jpg" alt="" width="397" height="298" srcset="https://agora.xtec.cat/ceip-canpuig/wp-content/uploads/usu1039/2026/02/IMG_0436-300x225.jpg 300w, https://agora.xtec.cat/ceip-canpuig/wp-content/uploads/usu1039/2026/02/IMG_0436-1024x768.jpg 1024w, https://agora.xtec.cat/ceip-canpuig/wp-content/uploads/usu1039/2026/02/IMG_0436-768x576.jpg 768w, https://agora.xtec.cat/ceip-canpuig/wp-content/uploads/usu1039/2026/02/IMG_0436-1536x1152.jpg 1536w, https://agora.xtec.cat/ceip-canpuig/wp-content/uploads/usu1039/2026/02/IMG_0436-2048x1536.jpg 2048w, https://agora.xtec.cat/ceip-canpuig/wp-content/uploads/usu1039/2026/02/IMG_0436-200x150.jpg 200w" sizes="auto, (max-width: 397px) 100vw, 397px" /></p>
<p>&nbsp;</p>

<p>L’impuls de la llengua estrangera és molt important per ajudar els infants a comunicar-se en un món cada vegada més plural. A l’escola fomentem una actitud oberta i respectuosa envers la diversitat lingüística.<br />
A Educació Infantil es realitza un primer contacte natural i lúdic amb&hellip;  <a href="https://agora.xtec.cat/ceip-canpuig/nivells/projectes-descola/projectes-transversals/impuls-a-la-llengua-estrangera/" title="Read Impuls a la llengua estrangera">Llegeix més»</a></p>
