{"id":14362,"date":"2025-06-25T16:10:10","date_gmt":"2025-06-25T14:10:10","guid":{"rendered":"https:\/\/agora.xtec.cat\/ceip-canpuig\/?page_id=14362"},"modified":"2025-06-26T11:47:04","modified_gmt":"2025-06-26T09:47:04","slug":"treballem-joan-miro","status":"publish","type":"page","link":"https:\/\/agora.xtec.cat\/ceip-canpuig\/propostes-educatives\/educacio-infantil\/treballem-joan-miro\/","title":{"rendered":"Treballem Joan Mir\u00f3"},"content":{"rendered":"<p>L&#8217;alumnat d&#8217;I3 vam estar treballant l&#8217;artista Joan Mir\u00f3.<\/p>\n<p>Vam con\u00e8ixer i reproduir diferents obres seves. Aqu\u00ed en teniu una petita mostra.<\/p>\n<p><img loading=\"lazy\" decoding=\"async\" class=\"alignnone size-medium wp-image-14357\" src=\"https:\/\/agora.xtec.cat\/ceip-canpuig\/wp-content\/uploads\/usu1039\/2025\/06\/FOTO_1-226x300.jpg\" alt=\"\" width=\"226\" height=\"300\" srcset=\"https:\/\/agora.xtec.cat\/ceip-canpuig\/wp-content\/uploads\/usu1039\/2025\/06\/FOTO_1-226x300.jpg 226w, https:\/\/agora.xtec.cat\/ceip-canpuig\/wp-content\/uploads\/usu1039\/2025\/06\/FOTO_1-771x1024.jpg 771w, https:\/\/agora.xtec.cat\/ceip-canpuig\/wp-content\/uploads\/usu1039\/2025\/06\/FOTO_1-768x1020.jpg 768w, https:\/\/agora.xtec.cat\/ceip-canpuig\/wp-content\/uploads\/usu1039\/2025\/06\/FOTO_1-1157x1536.jpg 1157w, https:\/\/agora.xtec.cat\/ceip-canpuig\/wp-content\/uploads\/usu1039\/2025\/06\/FOTO_1-1542x2048.jpg 1542w, https:\/\/agora.xtec.cat\/ceip-canpuig\/wp-content\/uploads\/usu1039\/2025\/06\/FOTO_1-scaled.jpg 1928w\" sizes=\"auto, (max-width: 226px) 100vw, 226px\" \/>\u00a0 <img loading=\"lazy\" decoding=\"async\" class=\"alignnone size-medium wp-image-14356\" src=\"https:\/\/agora.xtec.cat\/ceip-canpuig\/wp-content\/uploads\/usu1039\/2025\/06\/FOTO_2-277x300.jpg\" alt=\"\" width=\"277\" height=\"300\" srcset=\"https:\/\/agora.xtec.cat\/ceip-canpuig\/wp-content\/uploads\/usu1039\/2025\/06\/FOTO_2-277x300.jpg 277w, https:\/\/agora.xtec.cat\/ceip-canpuig\/wp-content\/uploads\/usu1039\/2025\/06\/FOTO_2-945x1024.jpg 945w, https:\/\/agora.xtec.cat\/ceip-canpuig\/wp-content\/uploads\/usu1039\/2025\/06\/FOTO_2-768x832.jpg 768w, https:\/\/agora.xtec.cat\/ceip-canpuig\/wp-content\/uploads\/usu1039\/2025\/06\/FOTO_2-1417x1536.jpg 1417w, https:\/\/agora.xtec.cat\/ceip-canpuig\/wp-content\/uploads\/usu1039\/2025\/06\/FOTO_2-1890x2048.jpg 1890w\" sizes=\"auto, (max-width: 277px) 100vw, 277px\" \/>\u00a0 <img loading=\"lazy\" decoding=\"async\" class=\"alignnone size-medium wp-image-14355\" src=\"https:\/\/agora.xtec.cat\/ceip-canpuig\/wp-content\/uploads\/usu1039\/2025\/06\/FOTO_3-266x300.jpg\" alt=\"\" width=\"266\" height=\"300\" srcset=\"https:\/\/agora.xtec.cat\/ceip-canpuig\/wp-content\/uploads\/usu1039\/2025\/06\/FOTO_3-266x300.jpg 266w, https:\/\/agora.xtec.cat\/ceip-canpuig\/wp-content\/uploads\/usu1039\/2025\/06\/FOTO_3-907x1024.jpg 907w, https:\/\/agora.xtec.cat\/ceip-canpuig\/wp-content\/uploads\/usu1039\/2025\/06\/FOTO_3-768x867.jpg 768w, https:\/\/agora.xtec.cat\/ceip-canpuig\/wp-content\/uploads\/usu1039\/2025\/06\/FOTO_3-1360x1536.jpg 1360w, https:\/\/agora.xtec.cat\/ceip-canpuig\/wp-content\/uploads\/usu1039\/2025\/06\/FOTO_3-1814x2048.jpg 1814w\" sizes=\"auto, (max-width: 266px) 100vw, 266px\" \/><\/p>\n<p>Vam treballar diferents t\u00e8cniques pl\u00e0stiques: l\u2019aiguada, l\u2019estampaci\u00f3 amb els dits, el dibuix\u00a0 i la pintura amb ceres. Tamb\u00e9 a alguns quadres els vam donat l\u2019efecte tridimensional modelant plastilina i enganxant elements al quadre.<\/p>\n<p>Per treballar sempre vam partir de l\u2019obra de l\u2019autor, que ens va servir de refer\u00e8ncia per fer la pr\u00f2pia producci\u00f3.<\/p>\n<p>La t\u00e8cnica de les esquitxades la vam fer de manera col\u00b7lectiva, omplint el mural dels colors que utilitzava Joan Mir\u00f3. Un cop el vam tenir fet, el vam retallar perqu\u00e8 cadasc\u00fa se\u2019n pogu\u00e9s emportar un petit trosset.<\/p>\n<p><img loading=\"lazy\" decoding=\"async\" class=\"alignnone size-medium wp-image-14354\" src=\"https:\/\/agora.xtec.cat\/ceip-canpuig\/wp-content\/uploads\/usu1039\/2025\/06\/FOTO_4-300x277.jpg\" alt=\"\" width=\"300\" height=\"277\" srcset=\"https:\/\/agora.xtec.cat\/ceip-canpuig\/wp-content\/uploads\/usu1039\/2025\/06\/FOTO_4-300x277.jpg 300w, https:\/\/agora.xtec.cat\/ceip-canpuig\/wp-content\/uploads\/usu1039\/2025\/06\/FOTO_4-1024x945.jpg 1024w, https:\/\/agora.xtec.cat\/ceip-canpuig\/wp-content\/uploads\/usu1039\/2025\/06\/FOTO_4-768x708.jpg 768w, https:\/\/agora.xtec.cat\/ceip-canpuig\/wp-content\/uploads\/usu1039\/2025\/06\/FOTO_4-1536x1417.jpg 1536w, https:\/\/agora.xtec.cat\/ceip-canpuig\/wp-content\/uploads\/usu1039\/2025\/06\/FOTO_4-2048x1889.jpg 2048w\" sizes=\"auto, (max-width: 300px) 100vw, 300px\" \/>\u00a0 <img loading=\"lazy\" decoding=\"async\" class=\"alignnone size-medium wp-image-14359\" src=\"https:\/\/agora.xtec.cat\/ceip-canpuig\/wp-content\/uploads\/usu1039\/2025\/06\/FOTO_5-300x240.jpg\" alt=\"\" width=\"300\" height=\"240\" srcset=\"https:\/\/agora.xtec.cat\/ceip-canpuig\/wp-content\/uploads\/usu1039\/2025\/06\/FOTO_5-300x240.jpg 300w, https:\/\/agora.xtec.cat\/ceip-canpuig\/wp-content\/uploads\/usu1039\/2025\/06\/FOTO_5-1024x819.jpg 1024w, https:\/\/agora.xtec.cat\/ceip-canpuig\/wp-content\/uploads\/usu1039\/2025\/06\/FOTO_5-768x614.jpg 768w, https:\/\/agora.xtec.cat\/ceip-canpuig\/wp-content\/uploads\/usu1039\/2025\/06\/FOTO_5-1536x1229.jpg 1536w, https:\/\/agora.xtec.cat\/ceip-canpuig\/wp-content\/uploads\/usu1039\/2025\/06\/FOTO_5-2048x1639.jpg 2048w\" sizes=\"auto, (max-width: 300px) 100vw, 300px\" \/><\/p>\n<p>A m\u00e9s del dibuix tamb\u00e9 vam treballar l\u2019escultura. Vam veure la foto de l\u2019escultura Dona i Ocell, que est\u00e0 situada al Parc de Joan Mir\u00f3 de Barcelona. Vam veure que \u00e9s molt alta. Nosaltres la vam reproduir, per\u00f2 a una mida m\u00e9s petita.<\/p>\n<p><img loading=\"lazy\" decoding=\"async\" class=\"alignnone size-medium wp-image-14358\" src=\"https:\/\/agora.xtec.cat\/ceip-canpuig\/wp-content\/uploads\/usu1039\/2025\/06\/FOTO_6-300x215.jpg\" alt=\"\" width=\"300\" height=\"215\" srcset=\"https:\/\/agora.xtec.cat\/ceip-canpuig\/wp-content\/uploads\/usu1039\/2025\/06\/FOTO_6-300x215.jpg 300w, https:\/\/agora.xtec.cat\/ceip-canpuig\/wp-content\/uploads\/usu1039\/2025\/06\/FOTO_6-1024x733.jpg 1024w, https:\/\/agora.xtec.cat\/ceip-canpuig\/wp-content\/uploads\/usu1039\/2025\/06\/FOTO_6-768x550.jpg 768w, https:\/\/agora.xtec.cat\/ceip-canpuig\/wp-content\/uploads\/usu1039\/2025\/06\/FOTO_6-1536x1099.jpg 1536w, https:\/\/agora.xtec.cat\/ceip-canpuig\/wp-content\/uploads\/usu1039\/2025\/06\/FOTO_6.jpg 1944w\" sizes=\"auto, (max-width: 300px) 100vw, 300px\" \/><\/p>\n<p>Per concloure el treball, vam estar observant diferents figures que surten a les obres de Joan Mir\u00f3. A partir d\u2019aqu\u00ed, cadasc\u00fa va estampar les figures que m\u00e9s li agradaven. Aquesta estampaci\u00f3 ens va servir per decorar la carpeta on hi vam guardar tots els treballs de Joan Mir\u00f3 que hav\u00edem fet.<\/p>\n<p><img loading=\"lazy\" decoding=\"async\" class=\"alignnone size-medium wp-image-14361\" src=\"https:\/\/agora.xtec.cat\/ceip-canpuig\/wp-content\/uploads\/usu1039\/2025\/06\/FOTO_7-300x135.jpg\" alt=\"\" width=\"300\" height=\"135\" srcset=\"https:\/\/agora.xtec.cat\/ceip-canpuig\/wp-content\/uploads\/usu1039\/2025\/06\/FOTO_7-300x135.jpg 300w, https:\/\/agora.xtec.cat\/ceip-canpuig\/wp-content\/uploads\/usu1039\/2025\/06\/FOTO_7-1024x460.jpg 1024w, https:\/\/agora.xtec.cat\/ceip-canpuig\/wp-content\/uploads\/usu1039\/2025\/06\/FOTO_7-768x345.jpg 768w, https:\/\/agora.xtec.cat\/ceip-canpuig\/wp-content\/uploads\/usu1039\/2025\/06\/FOTO_7-1536x690.jpg 1536w, https:\/\/agora.xtec.cat\/ceip-canpuig\/wp-content\/uploads\/usu1039\/2025\/06\/FOTO_7-2048x921.jpg 2048w\" sizes=\"auto, (max-width: 300px) 100vw, 300px\" \/>\u00a0 <img loading=\"lazy\" decoding=\"async\" class=\"alignnone size-medium wp-image-14360\" src=\"https:\/\/agora.xtec.cat\/ceip-canpuig\/wp-content\/uploads\/usu1039\/2025\/06\/FOTO_8-300x173.jpg\" alt=\"\" width=\"300\" height=\"173\" srcset=\"https:\/\/agora.xtec.cat\/ceip-canpuig\/wp-content\/uploads\/usu1039\/2025\/06\/FOTO_8-300x173.jpg 300w, https:\/\/agora.xtec.cat\/ceip-canpuig\/wp-content\/uploads\/usu1039\/2025\/06\/FOTO_8-1024x589.jpg 1024w, https:\/\/agora.xtec.cat\/ceip-canpuig\/wp-content\/uploads\/usu1039\/2025\/06\/FOTO_8-768x442.jpg 768w, https:\/\/agora.xtec.cat\/ceip-canpuig\/wp-content\/uploads\/usu1039\/2025\/06\/FOTO_8-1536x883.jpg 1536w, https:\/\/agora.xtec.cat\/ceip-canpuig\/wp-content\/uploads\/usu1039\/2025\/06\/FOTO_8-2048x1178.jpg 2048w\" sizes=\"auto, (max-width: 300px) 100vw, 300px\" \/><\/p>\n<p style=\"text-align: right;\">Curs 2024-2025<\/p>\n","protected":false},"excerpt":{"rendered":"<p>L&#8217;alumnat d&#8217;I3 vam estar treballant l&#8217;artista Joan Mir\u00f3.<br \/>\nVam con\u00e8ixer i reproduir diferents obres seves. Aqu\u00ed en teniu una petita mostra.<br \/>\n\u00a0 \u00a0<br \/>\nVam treballar diferents t\u00e8cniques pl\u00e0stiques: l\u2019aiguada, l\u2019estampaci\u00f3 amb els dits, el dibuix\u00a0 i la pintura amb ceres. Tamb\u00e9 a alguns quadres els vam donat&hellip;  <a href=\"https:\/\/agora.xtec.cat\/ceip-canpuig\/propostes-educatives\/educacio-infantil\/treballem-joan-miro\/\" title=\"Read Treballem Joan Mir\u00f3\">Llegeix m\u00e9s\u00bb<\/a><\/p>\n","protected":false},"author":1,"featured_media":0,"parent":13657,"menu_order":1,"comment_status":"closed","ping_status":"closed","template":"page-templates\/side-menu.php","meta":{"_bbp_topic_count":0,"_bbp_reply_count":0,"_bbp_total_topic_count":0,"_bbp_total_reply_count":0,"_bbp_voice_count":0,"_bbp_anonymous_reply_count":0,"_bbp_topic_count_hidden":0,"_bbp_reply_count_hidden":0,"_bbp_forum_subforum_count":0,"footnotes":""},"class_list":["post-14362","page","type-page","status-publish","hentry"],"post_mailing_queue_ids":[],"_links":{"self":[{"href":"https:\/\/agora.xtec.cat\/ceip-canpuig\/wp-json\/wp\/v2\/pages\/14362","targetHints":{"allow":["GET"]}}],"collection":[{"href":"https:\/\/agora.xtec.cat\/ceip-canpuig\/wp-json\/wp\/v2\/pages"}],"about":[{"href":"https:\/\/agora.xtec.cat\/ceip-canpuig\/wp-json\/wp\/v2\/types\/page"}],"author":[{"embeddable":true,"href":"https:\/\/agora.xtec.cat\/ceip-canpuig\/wp-json\/wp\/v2\/users\/1"}],"replies":[{"embeddable":true,"href":"https:\/\/agora.xtec.cat\/ceip-canpuig\/wp-json\/wp\/v2\/comments?post=14362"}],"version-history":[{"count":1,"href":"https:\/\/agora.xtec.cat\/ceip-canpuig\/wp-json\/wp\/v2\/pages\/14362\/revisions"}],"predecessor-version":[{"id":14363,"href":"https:\/\/agora.xtec.cat\/ceip-canpuig\/wp-json\/wp\/v2\/pages\/14362\/revisions\/14363"}],"up":[{"embeddable":true,"href":"https:\/\/agora.xtec.cat\/ceip-canpuig\/wp-json\/wp\/v2\/pages\/13657"}],"wp:attachment":[{"href":"https:\/\/agora.xtec.cat\/ceip-canpuig\/wp-json\/wp\/v2\/media?parent=14362"}],"curies":[{"name":"wp","href":"https:\/\/api.w.org\/{rel}","templated":true}]}}

Treballem Joan Miró

<p>L&#8217;alumnat d&#8217;I3 vam estar treballant l&#8217;artista Joan Miró.</p>
<p>Vam conèixer i reproduir diferents obres seves. Aquí en teniu una petita mostra.</p>
<p><img loading="lazy" decoding="async" class="alignnone size-medium wp-image-14357" src="https://agora.xtec.cat/ceip-canpuig/wp-content/uploads/usu1039/2025/06/FOTO_1-226x300.jpg" alt="" width="226" height="300" srcset="https://agora.xtec.cat/ceip-canpuig/wp-content/uploads/usu1039/2025/06/FOTO_1-226x300.jpg 226w, https://agora.xtec.cat/ceip-canpuig/wp-content/uploads/usu1039/2025/06/FOTO_1-771x1024.jpg 771w, https://agora.xtec.cat/ceip-canpuig/wp-content/uploads/usu1039/2025/06/FOTO_1-768x1020.jpg 768w, https://agora.xtec.cat/ceip-canpuig/wp-content/uploads/usu1039/2025/06/FOTO_1-1157x1536.jpg 1157w, https://agora.xtec.cat/ceip-canpuig/wp-content/uploads/usu1039/2025/06/FOTO_1-1542x2048.jpg 1542w, https://agora.xtec.cat/ceip-canpuig/wp-content/uploads/usu1039/2025/06/FOTO_1-scaled.jpg 1928w" sizes="auto, (max-width: 226px) 100vw, 226px" />  <img loading="lazy" decoding="async" class="alignnone size-medium wp-image-14356" src="https://agora.xtec.cat/ceip-canpuig/wp-content/uploads/usu1039/2025/06/FOTO_2-277x300.jpg" alt="" width="277" height="300" srcset="https://agora.xtec.cat/ceip-canpuig/wp-content/uploads/usu1039/2025/06/FOTO_2-277x300.jpg 277w, https://agora.xtec.cat/ceip-canpuig/wp-content/uploads/usu1039/2025/06/FOTO_2-945x1024.jpg 945w, https://agora.xtec.cat/ceip-canpuig/wp-content/uploads/usu1039/2025/06/FOTO_2-768x832.jpg 768w, https://agora.xtec.cat/ceip-canpuig/wp-content/uploads/usu1039/2025/06/FOTO_2-1417x1536.jpg 1417w, https://agora.xtec.cat/ceip-canpuig/wp-content/uploads/usu1039/2025/06/FOTO_2-1890x2048.jpg 1890w" sizes="auto, (max-width: 277px) 100vw, 277px" />  <img loading="lazy" decoding="async" class="alignnone size-medium wp-image-14355" src="https://agora.xtec.cat/ceip-canpuig/wp-content/uploads/usu1039/2025/06/FOTO_3-266x300.jpg" alt="" width="266" height="300" srcset="https://agora.xtec.cat/ceip-canpuig/wp-content/uploads/usu1039/2025/06/FOTO_3-266x300.jpg 266w, https://agora.xtec.cat/ceip-canpuig/wp-content/uploads/usu1039/2025/06/FOTO_3-907x1024.jpg 907w, https://agora.xtec.cat/ceip-canpuig/wp-content/uploads/usu1039/2025/06/FOTO_3-768x867.jpg 768w, https://agora.xtec.cat/ceip-canpuig/wp-content/uploads/usu1039/2025/06/FOTO_3-1360x1536.jpg 1360w, https://agora.xtec.cat/ceip-canpuig/wp-content/uploads/usu1039/2025/06/FOTO_3-1814x2048.jpg 1814w" sizes="auto, (max-width: 266px) 100vw, 266px" /></p>
<p>Vam treballar diferents tècniques plàstiques: l’aiguada, l’estampació amb els dits, el dibuix  i la pintura amb ceres. També a alguns quadres els vam donat l’efecte tridimensional modelant plastilina i enganxant elements al quadre.</p>
<p>Per treballar sempre vam partir de l’obra de l’autor, que ens va servir de referència per fer la pròpia producció.</p>
<p>La tècnica de les esquitxades la vam fer de manera col·lectiva, omplint el mural dels colors que utilitzava Joan Miró. Un cop el vam tenir fet, el vam retallar perquè cadascú se’n pogués emportar un petit trosset.</p>
<p><img loading="lazy" decoding="async" class="alignnone size-medium wp-image-14354" src="https://agora.xtec.cat/ceip-canpuig/wp-content/uploads/usu1039/2025/06/FOTO_4-300x277.jpg" alt="" width="300" height="277" srcset="https://agora.xtec.cat/ceip-canpuig/wp-content/uploads/usu1039/2025/06/FOTO_4-300x277.jpg 300w, https://agora.xtec.cat/ceip-canpuig/wp-content/uploads/usu1039/2025/06/FOTO_4-1024x945.jpg 1024w, https://agora.xtec.cat/ceip-canpuig/wp-content/uploads/usu1039/2025/06/FOTO_4-768x708.jpg 768w, https://agora.xtec.cat/ceip-canpuig/wp-content/uploads/usu1039/2025/06/FOTO_4-1536x1417.jpg 1536w, https://agora.xtec.cat/ceip-canpuig/wp-content/uploads/usu1039/2025/06/FOTO_4-2048x1889.jpg 2048w" sizes="auto, (max-width: 300px) 100vw, 300px" />  <img loading="lazy" decoding="async" class="alignnone size-medium wp-image-14359" src="https://agora.xtec.cat/ceip-canpuig/wp-content/uploads/usu1039/2025/06/FOTO_5-300x240.jpg" alt="" width="300" height="240" srcset="https://agora.xtec.cat/ceip-canpuig/wp-content/uploads/usu1039/2025/06/FOTO_5-300x240.jpg 300w, https://agora.xtec.cat/ceip-canpuig/wp-content/uploads/usu1039/2025/06/FOTO_5-1024x819.jpg 1024w, https://agora.xtec.cat/ceip-canpuig/wp-content/uploads/usu1039/2025/06/FOTO_5-768x614.jpg 768w, https://agora.xtec.cat/ceip-canpuig/wp-content/uploads/usu1039/2025/06/FOTO_5-1536x1229.jpg 1536w, https://agora.xtec.cat/ceip-canpuig/wp-content/uploads/usu1039/2025/06/FOTO_5-2048x1639.jpg 2048w" sizes="auto, (max-width: 300px) 100vw, 300px" /></p>
<p>A més del dibuix també vam treballar l’escultura. Vam veure la foto de l’escultura Dona i Ocell, que està situada al Parc de Joan Miró de Barcelona. Vam veure que és molt alta. Nosaltres la vam reproduir, però a una mida més petita.</p>
<p><img loading="lazy" decoding="async" class="alignnone size-medium wp-image-14358" src="https://agora.xtec.cat/ceip-canpuig/wp-content/uploads/usu1039/2025/06/FOTO_6-300x215.jpg" alt="" width="300" height="215" srcset="https://agora.xtec.cat/ceip-canpuig/wp-content/uploads/usu1039/2025/06/FOTO_6-300x215.jpg 300w, https://agora.xtec.cat/ceip-canpuig/wp-content/uploads/usu1039/2025/06/FOTO_6-1024x733.jpg 1024w, https://agora.xtec.cat/ceip-canpuig/wp-content/uploads/usu1039/2025/06/FOTO_6-768x550.jpg 768w, https://agora.xtec.cat/ceip-canpuig/wp-content/uploads/usu1039/2025/06/FOTO_6-1536x1099.jpg 1536w, https://agora.xtec.cat/ceip-canpuig/wp-content/uploads/usu1039/2025/06/FOTO_6.jpg 1944w" sizes="auto, (max-width: 300px) 100vw, 300px" /></p>
<p>Per concloure el treball, vam estar observant diferents figures que surten a les obres de Joan Miró. A partir d’aquí, cadascú va estampar les figures que més li agradaven. Aquesta estampació ens va servir per decorar la carpeta on hi vam guardar tots els treballs de Joan Miró que havíem fet.</p>
<p><img loading="lazy" decoding="async" class="alignnone size-medium wp-image-14361" src="https://agora.xtec.cat/ceip-canpuig/wp-content/uploads/usu1039/2025/06/FOTO_7-300x135.jpg" alt="" width="300" height="135" srcset="https://agora.xtec.cat/ceip-canpuig/wp-content/uploads/usu1039/2025/06/FOTO_7-300x135.jpg 300w, https://agora.xtec.cat/ceip-canpuig/wp-content/uploads/usu1039/2025/06/FOTO_7-1024x460.jpg 1024w, https://agora.xtec.cat/ceip-canpuig/wp-content/uploads/usu1039/2025/06/FOTO_7-768x345.jpg 768w, https://agora.xtec.cat/ceip-canpuig/wp-content/uploads/usu1039/2025/06/FOTO_7-1536x690.jpg 1536w, https://agora.xtec.cat/ceip-canpuig/wp-content/uploads/usu1039/2025/06/FOTO_7-2048x921.jpg 2048w" sizes="auto, (max-width: 300px) 100vw, 300px" />  <img loading="lazy" decoding="async" class="alignnone size-medium wp-image-14360" src="https://agora.xtec.cat/ceip-canpuig/wp-content/uploads/usu1039/2025/06/FOTO_8-300x173.jpg" alt="" width="300" height="173" srcset="https://agora.xtec.cat/ceip-canpuig/wp-content/uploads/usu1039/2025/06/FOTO_8-300x173.jpg 300w, https://agora.xtec.cat/ceip-canpuig/wp-content/uploads/usu1039/2025/06/FOTO_8-1024x589.jpg 1024w, https://agora.xtec.cat/ceip-canpuig/wp-content/uploads/usu1039/2025/06/FOTO_8-768x442.jpg 768w, https://agora.xtec.cat/ceip-canpuig/wp-content/uploads/usu1039/2025/06/FOTO_8-1536x883.jpg 1536w, https://agora.xtec.cat/ceip-canpuig/wp-content/uploads/usu1039/2025/06/FOTO_8-2048x1178.jpg 2048w" sizes="auto, (max-width: 300px) 100vw, 300px" /></p>
<p style="text-align: right;">Curs 2024-2025</p>

<p>L&#8217;alumnat d&#8217;I3 vam estar treballant l&#8217;artista Joan Miró.<br />
Vam conèixer i reproduir diferents obres seves. Aquí en teniu una petita mostra.<br />
   <br />
Vam treballar diferents tècniques plàstiques: l’aiguada, l’estampació amb els dits, el dibuix  i la pintura amb ceres. També a alguns quadres els vam donat&hellip;  <a href="https://agora.xtec.cat/ceip-canpuig/propostes-educatives/educacio-infantil/treballem-joan-miro/" title="Read Treballem Joan Miró">Llegeix més»</a></p>
