{"id":14295,"date":"2025-06-22T19:49:45","date_gmt":"2025-06-22T17:49:45","guid":{"rendered":"https:\/\/agora.xtec.cat\/ceip-canpuig\/?page_id=14295"},"modified":"2025-06-26T11:47:10","modified_gmt":"2025-06-26T09:47:10","slug":"la-vaca-un-animal-de-granja","status":"publish","type":"page","link":"https:\/\/agora.xtec.cat\/ceip-canpuig\/propostes-educatives\/educacio-infantil\/la-vaca-un-animal-de-granja\/","title":{"rendered":"La vaca: un animal de granja"},"content":{"rendered":"<p>Al llarg d\u2019aquest tercer trimestre hem dut a terme un projecte dedicat a <span style=\"color: #3978b8;\">LA VACA<\/span> que ha servit com a punt de partida per aprendre sobre els animals de la granja i els aliments que formen part del nostre dia a dia.<\/p>\n<p>Els infants han pogut con\u00e8ixer les parts del cos de la vaca, com s\u2019alimenta i com viu. A partir d\u2019imatges, materials manipulatius i activitats senzilles, han pogut observar i con\u00e8ixer millor aquest animal.<\/p>\n<p>Hem aprofundit tamb\u00e9 en el qu\u00e8 ens proporciona la vaca: carn, pell i llet. Hem conegut derivats de la llet: la mantega, la nata, el formatge i especialment el iogurt. D\u2019aquest \u00faltim hem estudiat com s\u2019el\u00b7labora.<\/p>\n<p><img loading=\"lazy\" decoding=\"async\" class=\"alignnone size-medium wp-image-14299\" src=\"https:\/\/agora.xtec.cat\/ceip-canpuig\/wp-content\/uploads\/usu1039\/2025\/06\/foto1-300x225.jpg\" alt=\"\" width=\"300\" height=\"225\" srcset=\"https:\/\/agora.xtec.cat\/ceip-canpuig\/wp-content\/uploads\/usu1039\/2025\/06\/foto1-300x225.jpg 300w, https:\/\/agora.xtec.cat\/ceip-canpuig\/wp-content\/uploads\/usu1039\/2025\/06\/foto1-200x150.jpg 200w, https:\/\/agora.xtec.cat\/ceip-canpuig\/wp-content\/uploads\/usu1039\/2025\/06\/foto1.jpg 640w\" sizes=\"auto, (max-width: 300px) 100vw, 300px\" \/>\u00a0 <img loading=\"lazy\" decoding=\"async\" class=\"alignnone size-medium wp-image-14296\" src=\"https:\/\/agora.xtec.cat\/ceip-canpuig\/wp-content\/uploads\/usu1039\/2025\/06\/foto-2-1-300x225.jpg\" alt=\"\" width=\"300\" height=\"225\" srcset=\"https:\/\/agora.xtec.cat\/ceip-canpuig\/wp-content\/uploads\/usu1039\/2025\/06\/foto-2-1-300x225.jpg 300w, https:\/\/agora.xtec.cat\/ceip-canpuig\/wp-content\/uploads\/usu1039\/2025\/06\/foto-2-1-1024x768.jpg 1024w, https:\/\/agora.xtec.cat\/ceip-canpuig\/wp-content\/uploads\/usu1039\/2025\/06\/foto-2-1-768x576.jpg 768w, https:\/\/agora.xtec.cat\/ceip-canpuig\/wp-content\/uploads\/usu1039\/2025\/06\/foto-2-1-1536x1152.jpg 1536w, https:\/\/agora.xtec.cat\/ceip-canpuig\/wp-content\/uploads\/usu1039\/2025\/06\/foto-2-1-200x150.jpg 200w, https:\/\/agora.xtec.cat\/ceip-canpuig\/wp-content\/uploads\/usu1039\/2025\/06\/foto-2-1.jpg 2040w\" sizes=\"auto, (max-width: 300px) 100vw, 300px\" \/><\/p>\n<p>Per completar el projecte hem visitat la cooperativa \u00abLa Fageda\u00bb on hem vist com es munyen les vaques i com s\u2019el\u00b7labora el iogurt. Aquesta sortida ha estat una experi\u00e8ncia enriquidora i ens ha ajudat a donar significat el que hav\u00edem treballat a l\u2019aula.<\/p>\n<p>Aprofitant la sortida a Olot, hem fet tamb\u00e9 una passejada per la fageda d\u2019en Jord\u00e0 que, tal com va inspirar a Joan Maragall, \u00e9s un indret ple de m\u00e0gia, verdor i quietud.<\/p>\n<p><img loading=\"lazy\" decoding=\"async\" class=\"alignnone size-medium wp-image-14300\" src=\"https:\/\/agora.xtec.cat\/ceip-canpuig\/wp-content\/uploads\/usu1039\/2025\/06\/foto3-300x225.jpg\" alt=\"\" width=\"300\" height=\"225\" srcset=\"https:\/\/agora.xtec.cat\/ceip-canpuig\/wp-content\/uploads\/usu1039\/2025\/06\/foto3-300x225.jpg 300w, https:\/\/agora.xtec.cat\/ceip-canpuig\/wp-content\/uploads\/usu1039\/2025\/06\/foto3-200x150.jpg 200w, https:\/\/agora.xtec.cat\/ceip-canpuig\/wp-content\/uploads\/usu1039\/2025\/06\/foto3.jpg 640w\" sizes=\"auto, (max-width: 300px) 100vw, 300px\" \/>\u00a0 <img loading=\"lazy\" decoding=\"async\" class=\"alignnone size-medium wp-image-14301\" src=\"https:\/\/agora.xtec.cat\/ceip-canpuig\/wp-content\/uploads\/usu1039\/2025\/06\/foto4-300x225.jpg\" alt=\"\" width=\"300\" height=\"225\" srcset=\"https:\/\/agora.xtec.cat\/ceip-canpuig\/wp-content\/uploads\/usu1039\/2025\/06\/foto4-300x225.jpg 300w, https:\/\/agora.xtec.cat\/ceip-canpuig\/wp-content\/uploads\/usu1039\/2025\/06\/foto4-200x150.jpg 200w, https:\/\/agora.xtec.cat\/ceip-canpuig\/wp-content\/uploads\/usu1039\/2025\/06\/foto4.jpg 640w\" sizes=\"auto, (max-width: 300px) 100vw, 300px\" \/><\/p>\n<p style=\"text-align: right;\">Curs 2024-2025<\/p>\n","protected":false},"excerpt":{"rendered":"<p>Al llarg d\u2019aquest tercer trimestre hem dut a terme un projecte dedicat a LA VACA que ha servit com a punt de partida per aprendre sobre els animals de la granja i els aliments que formen part del nostre dia a dia.<br \/>\nEls infants han pogut&hellip;  <a href=\"https:\/\/agora.xtec.cat\/ceip-canpuig\/propostes-educatives\/educacio-infantil\/la-vaca-un-animal-de-granja\/\" title=\"Read La vaca: un animal de granja\">Llegeix m\u00e9s\u00bb<\/a><\/p>\n","protected":false},"author":1,"featured_media":0,"parent":13657,"menu_order":2,"comment_status":"closed","ping_status":"closed","template":"page-templates\/side-menu.php","meta":{"_bbp_topic_count":0,"_bbp_reply_count":0,"_bbp_total_topic_count":0,"_bbp_total_reply_count":0,"_bbp_voice_count":0,"_bbp_anonymous_reply_count":0,"_bbp_topic_count_hidden":0,"_bbp_reply_count_hidden":0,"_bbp_forum_subforum_count":0,"footnotes":""},"class_list":["post-14295","page","type-page","status-publish","hentry"],"post_mailing_queue_ids":[],"_links":{"self":[{"href":"https:\/\/agora.xtec.cat\/ceip-canpuig\/wp-json\/wp\/v2\/pages\/14295","targetHints":{"allow":["GET"]}}],"collection":[{"href":"https:\/\/agora.xtec.cat\/ceip-canpuig\/wp-json\/wp\/v2\/pages"}],"about":[{"href":"https:\/\/agora.xtec.cat\/ceip-canpuig\/wp-json\/wp\/v2\/types\/page"}],"author":[{"embeddable":true,"href":"https:\/\/agora.xtec.cat\/ceip-canpuig\/wp-json\/wp\/v2\/users\/1"}],"replies":[{"embeddable":true,"href":"https:\/\/agora.xtec.cat\/ceip-canpuig\/wp-json\/wp\/v2\/comments?post=14295"}],"version-history":[{"count":1,"href":"https:\/\/agora.xtec.cat\/ceip-canpuig\/wp-json\/wp\/v2\/pages\/14295\/revisions"}],"predecessor-version":[{"id":14302,"href":"https:\/\/agora.xtec.cat\/ceip-canpuig\/wp-json\/wp\/v2\/pages\/14295\/revisions\/14302"}],"up":[{"embeddable":true,"href":"https:\/\/agora.xtec.cat\/ceip-canpuig\/wp-json\/wp\/v2\/pages\/13657"}],"wp:attachment":[{"href":"https:\/\/agora.xtec.cat\/ceip-canpuig\/wp-json\/wp\/v2\/media?parent=14295"}],"curies":[{"name":"wp","href":"https:\/\/api.w.org\/{rel}","templated":true}]}}

<p>Al llarg d’aquest tercer trimestre hem dut a terme un projecte dedicat a <span style="color: #3978b8;">LA VACA</span> que ha servit com a punt de partida per aprendre sobre els animals de la granja i els aliments que formen part del nostre dia a dia.</p>
<p>Els infants han pogut conèixer les parts del cos de la vaca, com s’alimenta i com viu. A partir d’imatges, materials manipulatius i activitats senzilles, han pogut observar i conèixer millor aquest animal.</p>
<p>Hem aprofundit també en el què ens proporciona la vaca: carn, pell i llet. Hem conegut derivats de la llet: la mantega, la nata, el formatge i especialment el iogurt. D’aquest últim hem estudiat com s’el·labora.</p>
<p><img loading="lazy" decoding="async" class="alignnone size-medium wp-image-14299" src="https://agora.xtec.cat/ceip-canpuig/wp-content/uploads/usu1039/2025/06/foto1-300x225.jpg" alt="" width="300" height="225" srcset="https://agora.xtec.cat/ceip-canpuig/wp-content/uploads/usu1039/2025/06/foto1-300x225.jpg 300w, https://agora.xtec.cat/ceip-canpuig/wp-content/uploads/usu1039/2025/06/foto1-200x150.jpg 200w, https://agora.xtec.cat/ceip-canpuig/wp-content/uploads/usu1039/2025/06/foto1.jpg 640w" sizes="auto, (max-width: 300px) 100vw, 300px" />  <img loading="lazy" decoding="async" class="alignnone size-medium wp-image-14296" src="https://agora.xtec.cat/ceip-canpuig/wp-content/uploads/usu1039/2025/06/foto-2-1-300x225.jpg" alt="" width="300" height="225" srcset="https://agora.xtec.cat/ceip-canpuig/wp-content/uploads/usu1039/2025/06/foto-2-1-300x225.jpg 300w, https://agora.xtec.cat/ceip-canpuig/wp-content/uploads/usu1039/2025/06/foto-2-1-1024x768.jpg 1024w, https://agora.xtec.cat/ceip-canpuig/wp-content/uploads/usu1039/2025/06/foto-2-1-768x576.jpg 768w, https://agora.xtec.cat/ceip-canpuig/wp-content/uploads/usu1039/2025/06/foto-2-1-1536x1152.jpg 1536w, https://agora.xtec.cat/ceip-canpuig/wp-content/uploads/usu1039/2025/06/foto-2-1-200x150.jpg 200w, https://agora.xtec.cat/ceip-canpuig/wp-content/uploads/usu1039/2025/06/foto-2-1.jpg 2040w" sizes="auto, (max-width: 300px) 100vw, 300px" /></p>
<p>Per completar el projecte hem visitat la cooperativa «La Fageda» on hem vist com es munyen les vaques i com s’el·labora el iogurt. Aquesta sortida ha estat una experiència enriquidora i ens ha ajudat a donar significat el que havíem treballat a l’aula.</p>
<p>Aprofitant la sortida a Olot, hem fet també una passejada per la fageda d’en Jordà que, tal com va inspirar a Joan Maragall, és un indret ple de màgia, verdor i quietud.</p>
<p><img loading="lazy" decoding="async" class="alignnone size-medium wp-image-14300" src="https://agora.xtec.cat/ceip-canpuig/wp-content/uploads/usu1039/2025/06/foto3-300x225.jpg" alt="" width="300" height="225" srcset="https://agora.xtec.cat/ceip-canpuig/wp-content/uploads/usu1039/2025/06/foto3-300x225.jpg 300w, https://agora.xtec.cat/ceip-canpuig/wp-content/uploads/usu1039/2025/06/foto3-200x150.jpg 200w, https://agora.xtec.cat/ceip-canpuig/wp-content/uploads/usu1039/2025/06/foto3.jpg 640w" sizes="auto, (max-width: 300px) 100vw, 300px" />  <img loading="lazy" decoding="async" class="alignnone size-medium wp-image-14301" src="https://agora.xtec.cat/ceip-canpuig/wp-content/uploads/usu1039/2025/06/foto4-300x225.jpg" alt="" width="300" height="225" srcset="https://agora.xtec.cat/ceip-canpuig/wp-content/uploads/usu1039/2025/06/foto4-300x225.jpg 300w, https://agora.xtec.cat/ceip-canpuig/wp-content/uploads/usu1039/2025/06/foto4-200x150.jpg 200w, https://agora.xtec.cat/ceip-canpuig/wp-content/uploads/usu1039/2025/06/foto4.jpg 640w" sizes="auto, (max-width: 300px) 100vw, 300px" /></p>
<p style="text-align: right;">Curs 2024-2025</p>

<p>Al llarg d’aquest tercer trimestre hem dut a terme un projecte dedicat a LA VACA que ha servit com a punt de partida per aprendre sobre els animals de la granja i els aliments que formen part del nostre dia a dia.<br />
Els infants han pogut&hellip;  <a href="https://agora.xtec.cat/ceip-canpuig/propostes-educatives/educacio-infantil/la-vaca-un-animal-de-granja/" title="Read La vaca: un animal de granja">Llegeix més»</a></p>
