{"id":14281,"date":"2025-06-22T19:37:25","date_gmt":"2025-06-22T17:37:25","guid":{"rendered":"https:\/\/agora.xtec.cat\/ceip-canpuig\/?page_id=14281"},"modified":"2026-02-18T15:23:48","modified_gmt":"2026-02-18T14:23:48","slug":"la-nostra-comarca","status":"publish","type":"page","link":"https:\/\/agora.xtec.cat\/ceip-canpuig\/propostes-educatives\/cicle-inicial\/la-nostra-comarca\/","title":{"rendered":"La nostra comarca"},"content":{"rendered":"<p>Els alumnes de 4t hem treballat la nostra comarca, el Pla de l\u2019Estany. Vam fer un recorregut per alguns dels municipis de la nostra comarca: Crespi\u00e0, Esponell\u00e0, Palol de Revardit, Cornell\u00e0 del Terri i Porqueres. Vam dividir la classe en grups d\u2019experts, un per cada municipi i vam investigar les principals caracter\u00edstiques sobre el seu relleu, els ve\u00efnats, la densitat de poblaci\u00f3 i l\u2019extensi\u00f3, les festes i tradicions pr\u00f2pies de cada municipi aix\u00ed com els principals llocs d\u2019inter\u00e8s cultural com esgl\u00e9sies, pous de gla\u00e7, castells\u2026<\/p>\n<p><img loading=\"lazy\" decoding=\"async\" class=\"alignnone size-medium wp-image-14287\" src=\"https:\/\/agora.xtec.cat\/ceip-canpuig\/wp-content\/uploads\/usu1039\/2025\/06\/4tBComarca-300x225.jpg\" alt=\"\" width=\"300\" height=\"225\" srcset=\"https:\/\/agora.xtec.cat\/ceip-canpuig\/wp-content\/uploads\/usu1039\/2025\/06\/4tBComarca-300x225.jpg 300w, https:\/\/agora.xtec.cat\/ceip-canpuig\/wp-content\/uploads\/usu1039\/2025\/06\/4tBComarca-1024x768.jpg 1024w, https:\/\/agora.xtec.cat\/ceip-canpuig\/wp-content\/uploads\/usu1039\/2025\/06\/4tBComarca-768x576.jpg 768w, https:\/\/agora.xtec.cat\/ceip-canpuig\/wp-content\/uploads\/usu1039\/2025\/06\/4tBComarca-1536x1152.jpg 1536w, https:\/\/agora.xtec.cat\/ceip-canpuig\/wp-content\/uploads\/usu1039\/2025\/06\/4tBComarca-2048x1536.jpg 2048w, https:\/\/agora.xtec.cat\/ceip-canpuig\/wp-content\/uploads\/usu1039\/2025\/06\/4tBComarca-200x150.jpg 200w\" sizes=\"auto, (max-width: 300px) 100vw, 300px\" \/>\u00a0 <img loading=\"lazy\" decoding=\"async\" class=\"alignnone size-medium wp-image-14284\" src=\"https:\/\/agora.xtec.cat\/ceip-canpuig\/wp-content\/uploads\/usu1039\/2025\/06\/4tA-EXCUSIO-COMARCA-2-300x169.jpg\" alt=\"\" width=\"300\" height=\"169\" srcset=\"https:\/\/agora.xtec.cat\/ceip-canpuig\/wp-content\/uploads\/usu1039\/2025\/06\/4tA-EXCUSIO-COMARCA-2-300x169.jpg 300w, https:\/\/agora.xtec.cat\/ceip-canpuig\/wp-content\/uploads\/usu1039\/2025\/06\/4tA-EXCUSIO-COMARCA-2-1024x576.jpg 1024w, https:\/\/agora.xtec.cat\/ceip-canpuig\/wp-content\/uploads\/usu1039\/2025\/06\/4tA-EXCUSIO-COMARCA-2-768x432.jpg 768w, https:\/\/agora.xtec.cat\/ceip-canpuig\/wp-content\/uploads\/usu1039\/2025\/06\/4tA-EXCUSIO-COMARCA-2-1536x864.jpg 1536w, https:\/\/agora.xtec.cat\/ceip-canpuig\/wp-content\/uploads\/usu1039\/2025\/06\/4tA-EXCUSIO-COMARCA-2-2048x1152.jpg 2048w\" sizes=\"auto, (max-width: 300px) 100vw, 300px\" \/><\/p>\n<p>Tamb\u00e9 vam anar d\u2019excursi\u00f3 a Puig Clar\u00e0 per localitzar els principals elements del relleu de la nostra comarca i vam fer una excursi\u00f3 amb l\u2019Escola de Natura per ubicar geogr\u00e0ficament el Pla de l\u2019Estany i con\u00e8ixer de prop la vegetaci\u00f3 mediterr\u00e0nia i de ribera.<\/p>\n<p><img loading=\"lazy\" decoding=\"async\" class=\"alignnone size-medium wp-image-14286\" src=\"https:\/\/agora.xtec.cat\/ceip-canpuig\/wp-content\/uploads\/usu1039\/2025\/06\/4tB_PuigClara-300x225.jpg\" alt=\"\" width=\"300\" height=\"225\" srcset=\"https:\/\/agora.xtec.cat\/ceip-canpuig\/wp-content\/uploads\/usu1039\/2025\/06\/4tB_PuigClara-300x225.jpg 300w, https:\/\/agora.xtec.cat\/ceip-canpuig\/wp-content\/uploads\/usu1039\/2025\/06\/4tB_PuigClara-1024x768.jpg 1024w, https:\/\/agora.xtec.cat\/ceip-canpuig\/wp-content\/uploads\/usu1039\/2025\/06\/4tB_PuigClara-768x576.jpg 768w, https:\/\/agora.xtec.cat\/ceip-canpuig\/wp-content\/uploads\/usu1039\/2025\/06\/4tB_PuigClara-1536x1152.jpg 1536w, https:\/\/agora.xtec.cat\/ceip-canpuig\/wp-content\/uploads\/usu1039\/2025\/06\/4tB_PuigClara-2048x1536.jpg 2048w, https:\/\/agora.xtec.cat\/ceip-canpuig\/wp-content\/uploads\/usu1039\/2025\/06\/4tB_PuigClara-200x150.jpg 200w\" sizes=\"auto, (max-width: 300px) 100vw, 300px\" \/>\u00a0 <img loading=\"lazy\" decoding=\"async\" class=\"alignnone size-medium wp-image-14289\" src=\"https:\/\/agora.xtec.cat\/ceip-canpuig\/wp-content\/uploads\/usu1039\/2025\/06\/4tB_DescobertaEstany-300x225.jpg\" alt=\"\" width=\"300\" height=\"225\" srcset=\"https:\/\/agora.xtec.cat\/ceip-canpuig\/wp-content\/uploads\/usu1039\/2025\/06\/4tB_DescobertaEstany-300x225.jpg 300w, https:\/\/agora.xtec.cat\/ceip-canpuig\/wp-content\/uploads\/usu1039\/2025\/06\/4tB_DescobertaEstany-1024x768.jpg 1024w, https:\/\/agora.xtec.cat\/ceip-canpuig\/wp-content\/uploads\/usu1039\/2025\/06\/4tB_DescobertaEstany-768x576.jpg 768w, https:\/\/agora.xtec.cat\/ceip-canpuig\/wp-content\/uploads\/usu1039\/2025\/06\/4tB_DescobertaEstany-1536x1152.jpg 1536w, https:\/\/agora.xtec.cat\/ceip-canpuig\/wp-content\/uploads\/usu1039\/2025\/06\/4tB_DescobertaEstany-200x150.jpg 200w, https:\/\/agora.xtec.cat\/ceip-canpuig\/wp-content\/uploads\/usu1039\/2025\/06\/4tB_DescobertaEstany.jpg 2016w\" sizes=\"auto, (max-width: 300px) 100vw, 300px\" \/>\u00a0 <img loading=\"lazy\" decoding=\"async\" class=\"alignnone size-medium wp-image-14285\" src=\"https:\/\/agora.xtec.cat\/ceip-canpuig\/wp-content\/uploads\/usu1039\/2025\/06\/4tA-L_ESTANY-ES-VIU-3-300x169.jpg\" alt=\"\" width=\"300\" height=\"169\" srcset=\"https:\/\/agora.xtec.cat\/ceip-canpuig\/wp-content\/uploads\/usu1039\/2025\/06\/4tA-L_ESTANY-ES-VIU-3-300x169.jpg 300w, https:\/\/agora.xtec.cat\/ceip-canpuig\/wp-content\/uploads\/usu1039\/2025\/06\/4tA-L_ESTANY-ES-VIU-3-1024x576.jpg 1024w, https:\/\/agora.xtec.cat\/ceip-canpuig\/wp-content\/uploads\/usu1039\/2025\/06\/4tA-L_ESTANY-ES-VIU-3-768x432.jpg 768w, https:\/\/agora.xtec.cat\/ceip-canpuig\/wp-content\/uploads\/usu1039\/2025\/06\/4tA-L_ESTANY-ES-VIU-3-1536x864.jpg 1536w, https:\/\/agora.xtec.cat\/ceip-canpuig\/wp-content\/uploads\/usu1039\/2025\/06\/4tA-L_ESTANY-ES-VIU-3-2048x1152.jpg 2048w\" sizes=\"auto, (max-width: 300px) 100vw, 300px\" \/><\/p>\n<p>Un cop vam esdevenir experts sobre el nostre municipi, vam dissenyar\u00a0 les maquetes corresponents. Primerament vam fer un esborrany consultant els mapes de cada municipi per col\u00b7locar i dibuixar els principals elements geogr\u00e0fics i humans de cada lloc. A continuaci\u00f3 vam fer a escala la silueta de cada municipi i per \u00faltim vam modelar amb plastilina els diferents elements geogr\u00e0fics i culturals de cada un d\u2019ells.<\/p>\n<p><img loading=\"lazy\" decoding=\"async\" class=\"alignnone size-medium wp-image-14288\" src=\"https:\/\/agora.xtec.cat\/ceip-canpuig\/wp-content\/uploads\/usu1039\/2025\/06\/4tBMaquetes-300x225.jpg\" alt=\"\" width=\"300\" height=\"225\" srcset=\"https:\/\/agora.xtec.cat\/ceip-canpuig\/wp-content\/uploads\/usu1039\/2025\/06\/4tBMaquetes-300x225.jpg 300w, https:\/\/agora.xtec.cat\/ceip-canpuig\/wp-content\/uploads\/usu1039\/2025\/06\/4tBMaquetes-1024x768.jpg 1024w, https:\/\/agora.xtec.cat\/ceip-canpuig\/wp-content\/uploads\/usu1039\/2025\/06\/4tBMaquetes-768x576.jpg 768w, https:\/\/agora.xtec.cat\/ceip-canpuig\/wp-content\/uploads\/usu1039\/2025\/06\/4tBMaquetes-1536x1152.jpg 1536w, https:\/\/agora.xtec.cat\/ceip-canpuig\/wp-content\/uploads\/usu1039\/2025\/06\/4tBMaquetes-2048x1536.jpg 2048w, https:\/\/agora.xtec.cat\/ceip-canpuig\/wp-content\/uploads\/usu1039\/2025\/06\/4tBMaquetes-200x150.jpg 200w\" sizes=\"auto, (max-width: 300px) 100vw, 300px\" \/>\u00a0 <img loading=\"lazy\" decoding=\"async\" class=\"alignnone size-medium wp-image-14283\" src=\"https:\/\/agora.xtec.cat\/ceip-canpuig\/wp-content\/uploads\/usu1039\/2025\/06\/4tA-MAQUETA-2jpg-300x225.jpg\" alt=\"\" width=\"300\" height=\"225\" srcset=\"https:\/\/agora.xtec.cat\/ceip-canpuig\/wp-content\/uploads\/usu1039\/2025\/06\/4tA-MAQUETA-2jpg-300x225.jpg 300w, https:\/\/agora.xtec.cat\/ceip-canpuig\/wp-content\/uploads\/usu1039\/2025\/06\/4tA-MAQUETA-2jpg-1024x768.jpg 1024w, https:\/\/agora.xtec.cat\/ceip-canpuig\/wp-content\/uploads\/usu1039\/2025\/06\/4tA-MAQUETA-2jpg-768x576.jpg 768w, https:\/\/agora.xtec.cat\/ceip-canpuig\/wp-content\/uploads\/usu1039\/2025\/06\/4tA-MAQUETA-2jpg-1536x1152.jpg 1536w, https:\/\/agora.xtec.cat\/ceip-canpuig\/wp-content\/uploads\/usu1039\/2025\/06\/4tA-MAQUETA-2jpg-2048x1536.jpg 2048w, https:\/\/agora.xtec.cat\/ceip-canpuig\/wp-content\/uploads\/usu1039\/2025\/06\/4tA-MAQUETA-2jpg-200x150.jpg 200w\" sizes=\"auto, (max-width: 300px) 100vw, 300px\" \/>\u00a0 <img loading=\"lazy\" decoding=\"async\" class=\"alignnone size-medium wp-image-14282\" src=\"https:\/\/agora.xtec.cat\/ceip-canpuig\/wp-content\/uploads\/usu1039\/2025\/06\/4t-A-MAQUETA-1-300x225.jpg\" alt=\"\" width=\"300\" height=\"225\" srcset=\"https:\/\/agora.xtec.cat\/ceip-canpuig\/wp-content\/uploads\/usu1039\/2025\/06\/4t-A-MAQUETA-1-300x225.jpg 300w, https:\/\/agora.xtec.cat\/ceip-canpuig\/wp-content\/uploads\/usu1039\/2025\/06\/4t-A-MAQUETA-1-1024x768.jpg 1024w, https:\/\/agora.xtec.cat\/ceip-canpuig\/wp-content\/uploads\/usu1039\/2025\/06\/4t-A-MAQUETA-1-768x576.jpg 768w, https:\/\/agora.xtec.cat\/ceip-canpuig\/wp-content\/uploads\/usu1039\/2025\/06\/4t-A-MAQUETA-1-1536x1152.jpg 1536w, https:\/\/agora.xtec.cat\/ceip-canpuig\/wp-content\/uploads\/usu1039\/2025\/06\/4t-A-MAQUETA-1-2048x1536.jpg 2048w, https:\/\/agora.xtec.cat\/ceip-canpuig\/wp-content\/uploads\/usu1039\/2025\/06\/4t-A-MAQUETA-1-200x150.jpg 200w\" sizes=\"auto, (max-width: 300px) 100vw, 300px\" \/><\/p>\n<p>Per acabar, vam elaborar un llibre interactiu <a href=\"https:\/\/www.storyjumper.com\/book\/read\/177573081\/EL-PLA-DE-LESTANY\">Storyjumper<\/a> amb una exposici\u00f3 breu sobre cada municipi i les imatges de les maquetes i dels principals llocs d\u2019inter\u00e8s.<\/p>\n<p style=\"text-align: right;\">Curs 2024-2025<\/p>\n","protected":false},"excerpt":{"rendered":"<p>Els alumnes de 4t hem treballat la nostra comarca, el Pla de l\u2019Estany. Vam fer un recorregut per alguns dels municipis de la nostra comarca: Crespi\u00e0, Esponell\u00e0, Palol de Revardit, Cornell\u00e0 del Terri i Porqueres. Vam dividir la classe en grups d\u2019experts, un per cada&hellip;  <a href=\"https:\/\/agora.xtec.cat\/ceip-canpuig\/propostes-educatives\/cicle-inicial\/la-nostra-comarca\/\" title=\"Read La nostra comarca\">Llegeix m\u00e9s\u00bb<\/a><\/p>\n","protected":false},"author":1,"featured_media":0,"parent":13659,"menu_order":3,"comment_status":"closed","ping_status":"closed","template":"page-templates\/side-menu.php","meta":{"_bbp_topic_count":0,"_bbp_reply_count":0,"_bbp_total_topic_count":0,"_bbp_total_reply_count":0,"_bbp_voice_count":0,"_bbp_anonymous_reply_count":0,"_bbp_topic_count_hidden":0,"_bbp_reply_count_hidden":0,"_bbp_forum_subforum_count":0,"footnotes":""},"class_list":["post-14281","page","type-page","status-publish","hentry"],"post_mailing_queue_ids":[],"_links":{"self":[{"href":"https:\/\/agora.xtec.cat\/ceip-canpuig\/wp-json\/wp\/v2\/pages\/14281","targetHints":{"allow":["GET"]}}],"collection":[{"href":"https:\/\/agora.xtec.cat\/ceip-canpuig\/wp-json\/wp\/v2\/pages"}],"about":[{"href":"https:\/\/agora.xtec.cat\/ceip-canpuig\/wp-json\/wp\/v2\/types\/page"}],"author":[{"embeddable":true,"href":"https:\/\/agora.xtec.cat\/ceip-canpuig\/wp-json\/wp\/v2\/users\/1"}],"replies":[{"embeddable":true,"href":"https:\/\/agora.xtec.cat\/ceip-canpuig\/wp-json\/wp\/v2\/comments?post=14281"}],"version-history":[{"count":3,"href":"https:\/\/agora.xtec.cat\/ceip-canpuig\/wp-json\/wp\/v2\/pages\/14281\/revisions"}],"predecessor-version":[{"id":14292,"href":"https:\/\/agora.xtec.cat\/ceip-canpuig\/wp-json\/wp\/v2\/pages\/14281\/revisions\/14292"}],"up":[{"embeddable":true,"href":"https:\/\/agora.xtec.cat\/ceip-canpuig\/wp-json\/wp\/v2\/pages\/13659"}],"wp:attachment":[{"href":"https:\/\/agora.xtec.cat\/ceip-canpuig\/wp-json\/wp\/v2\/media?parent=14281"}],"curies":[{"name":"wp","href":"https:\/\/api.w.org\/{rel}","templated":true}]}}

<p>Els alumnes de 4t hem treballat la nostra comarca, el Pla de l’Estany. Vam fer un recorregut per alguns dels municipis de la nostra comarca: Crespià, Esponellà, Palol de Revardit, Cornellà del Terri i Porqueres. Vam dividir la classe en grups d’experts, un per cada municipi i vam investigar les principals característiques sobre el seu relleu, els veïnats, la densitat de població i l’extensió, les festes i tradicions pròpies de cada municipi així com els principals llocs d’interès cultural com esglésies, pous de glaç, castells…</p>
<p><img loading="lazy" decoding="async" class="alignnone size-medium wp-image-14287" src="https://agora.xtec.cat/ceip-canpuig/wp-content/uploads/usu1039/2025/06/4tBComarca-300x225.jpg" alt="" width="300" height="225" srcset="https://agora.xtec.cat/ceip-canpuig/wp-content/uploads/usu1039/2025/06/4tBComarca-300x225.jpg 300w, https://agora.xtec.cat/ceip-canpuig/wp-content/uploads/usu1039/2025/06/4tBComarca-1024x768.jpg 1024w, https://agora.xtec.cat/ceip-canpuig/wp-content/uploads/usu1039/2025/06/4tBComarca-768x576.jpg 768w, https://agora.xtec.cat/ceip-canpuig/wp-content/uploads/usu1039/2025/06/4tBComarca-1536x1152.jpg 1536w, https://agora.xtec.cat/ceip-canpuig/wp-content/uploads/usu1039/2025/06/4tBComarca-2048x1536.jpg 2048w, https://agora.xtec.cat/ceip-canpuig/wp-content/uploads/usu1039/2025/06/4tBComarca-200x150.jpg 200w" sizes="auto, (max-width: 300px) 100vw, 300px" />  <img loading="lazy" decoding="async" class="alignnone size-medium wp-image-14284" src="https://agora.xtec.cat/ceip-canpuig/wp-content/uploads/usu1039/2025/06/4tA-EXCUSIO-COMARCA-2-300x169.jpg" alt="" width="300" height="169" srcset="https://agora.xtec.cat/ceip-canpuig/wp-content/uploads/usu1039/2025/06/4tA-EXCUSIO-COMARCA-2-300x169.jpg 300w, https://agora.xtec.cat/ceip-canpuig/wp-content/uploads/usu1039/2025/06/4tA-EXCUSIO-COMARCA-2-1024x576.jpg 1024w, https://agora.xtec.cat/ceip-canpuig/wp-content/uploads/usu1039/2025/06/4tA-EXCUSIO-COMARCA-2-768x432.jpg 768w, https://agora.xtec.cat/ceip-canpuig/wp-content/uploads/usu1039/2025/06/4tA-EXCUSIO-COMARCA-2-1536x864.jpg 1536w, https://agora.xtec.cat/ceip-canpuig/wp-content/uploads/usu1039/2025/06/4tA-EXCUSIO-COMARCA-2-2048x1152.jpg 2048w" sizes="auto, (max-width: 300px) 100vw, 300px" /></p>
<p>També vam anar d’excursió a Puig Clarà per localitzar els principals elements del relleu de la nostra comarca i vam fer una excursió amb l’Escola de Natura per ubicar geogràficament el Pla de l’Estany i conèixer de prop la vegetació mediterrània i de ribera.</p>
<p><img loading="lazy" decoding="async" class="alignnone size-medium wp-image-14286" src="https://agora.xtec.cat/ceip-canpuig/wp-content/uploads/usu1039/2025/06/4tB_PuigClara-300x225.jpg" alt="" width="300" height="225" srcset="https://agora.xtec.cat/ceip-canpuig/wp-content/uploads/usu1039/2025/06/4tB_PuigClara-300x225.jpg 300w, https://agora.xtec.cat/ceip-canpuig/wp-content/uploads/usu1039/2025/06/4tB_PuigClara-1024x768.jpg 1024w, https://agora.xtec.cat/ceip-canpuig/wp-content/uploads/usu1039/2025/06/4tB_PuigClara-768x576.jpg 768w, https://agora.xtec.cat/ceip-canpuig/wp-content/uploads/usu1039/2025/06/4tB_PuigClara-1536x1152.jpg 1536w, https://agora.xtec.cat/ceip-canpuig/wp-content/uploads/usu1039/2025/06/4tB_PuigClara-2048x1536.jpg 2048w, https://agora.xtec.cat/ceip-canpuig/wp-content/uploads/usu1039/2025/06/4tB_PuigClara-200x150.jpg 200w" sizes="auto, (max-width: 300px) 100vw, 300px" />  <img loading="lazy" decoding="async" class="alignnone size-medium wp-image-14289" src="https://agora.xtec.cat/ceip-canpuig/wp-content/uploads/usu1039/2025/06/4tB_DescobertaEstany-300x225.jpg" alt="" width="300" height="225" srcset="https://agora.xtec.cat/ceip-canpuig/wp-content/uploads/usu1039/2025/06/4tB_DescobertaEstany-300x225.jpg 300w, https://agora.xtec.cat/ceip-canpuig/wp-content/uploads/usu1039/2025/06/4tB_DescobertaEstany-1024x768.jpg 1024w, https://agora.xtec.cat/ceip-canpuig/wp-content/uploads/usu1039/2025/06/4tB_DescobertaEstany-768x576.jpg 768w, https://agora.xtec.cat/ceip-canpuig/wp-content/uploads/usu1039/2025/06/4tB_DescobertaEstany-1536x1152.jpg 1536w, https://agora.xtec.cat/ceip-canpuig/wp-content/uploads/usu1039/2025/06/4tB_DescobertaEstany-200x150.jpg 200w, https://agora.xtec.cat/ceip-canpuig/wp-content/uploads/usu1039/2025/06/4tB_DescobertaEstany.jpg 2016w" sizes="auto, (max-width: 300px) 100vw, 300px" />  <img loading="lazy" decoding="async" class="alignnone size-medium wp-image-14285" src="https://agora.xtec.cat/ceip-canpuig/wp-content/uploads/usu1039/2025/06/4tA-L_ESTANY-ES-VIU-3-300x169.jpg" alt="" width="300" height="169" srcset="https://agora.xtec.cat/ceip-canpuig/wp-content/uploads/usu1039/2025/06/4tA-L_ESTANY-ES-VIU-3-300x169.jpg 300w, https://agora.xtec.cat/ceip-canpuig/wp-content/uploads/usu1039/2025/06/4tA-L_ESTANY-ES-VIU-3-1024x576.jpg 1024w, https://agora.xtec.cat/ceip-canpuig/wp-content/uploads/usu1039/2025/06/4tA-L_ESTANY-ES-VIU-3-768x432.jpg 768w, https://agora.xtec.cat/ceip-canpuig/wp-content/uploads/usu1039/2025/06/4tA-L_ESTANY-ES-VIU-3-1536x864.jpg 1536w, https://agora.xtec.cat/ceip-canpuig/wp-content/uploads/usu1039/2025/06/4tA-L_ESTANY-ES-VIU-3-2048x1152.jpg 2048w" sizes="auto, (max-width: 300px) 100vw, 300px" /></p>
<p>Un cop vam esdevenir experts sobre el nostre municipi, vam dissenyar  les maquetes corresponents. Primerament vam fer un esborrany consultant els mapes de cada municipi per col·locar i dibuixar els principals elements geogràfics i humans de cada lloc. A continuació vam fer a escala la silueta de cada municipi i per últim vam modelar amb plastilina els diferents elements geogràfics i culturals de cada un d’ells.</p>
<p><img loading="lazy" decoding="async" class="alignnone size-medium wp-image-14288" src="https://agora.xtec.cat/ceip-canpuig/wp-content/uploads/usu1039/2025/06/4tBMaquetes-300x225.jpg" alt="" width="300" height="225" srcset="https://agora.xtec.cat/ceip-canpuig/wp-content/uploads/usu1039/2025/06/4tBMaquetes-300x225.jpg 300w, https://agora.xtec.cat/ceip-canpuig/wp-content/uploads/usu1039/2025/06/4tBMaquetes-1024x768.jpg 1024w, https://agora.xtec.cat/ceip-canpuig/wp-content/uploads/usu1039/2025/06/4tBMaquetes-768x576.jpg 768w, https://agora.xtec.cat/ceip-canpuig/wp-content/uploads/usu1039/2025/06/4tBMaquetes-1536x1152.jpg 1536w, https://agora.xtec.cat/ceip-canpuig/wp-content/uploads/usu1039/2025/06/4tBMaquetes-2048x1536.jpg 2048w, https://agora.xtec.cat/ceip-canpuig/wp-content/uploads/usu1039/2025/06/4tBMaquetes-200x150.jpg 200w" sizes="auto, (max-width: 300px) 100vw, 300px" />  <img loading="lazy" decoding="async" class="alignnone size-medium wp-image-14283" src="https://agora.xtec.cat/ceip-canpuig/wp-content/uploads/usu1039/2025/06/4tA-MAQUETA-2jpg-300x225.jpg" alt="" width="300" height="225" srcset="https://agora.xtec.cat/ceip-canpuig/wp-content/uploads/usu1039/2025/06/4tA-MAQUETA-2jpg-300x225.jpg 300w, https://agora.xtec.cat/ceip-canpuig/wp-content/uploads/usu1039/2025/06/4tA-MAQUETA-2jpg-1024x768.jpg 1024w, https://agora.xtec.cat/ceip-canpuig/wp-content/uploads/usu1039/2025/06/4tA-MAQUETA-2jpg-768x576.jpg 768w, https://agora.xtec.cat/ceip-canpuig/wp-content/uploads/usu1039/2025/06/4tA-MAQUETA-2jpg-1536x1152.jpg 1536w, https://agora.xtec.cat/ceip-canpuig/wp-content/uploads/usu1039/2025/06/4tA-MAQUETA-2jpg-2048x1536.jpg 2048w, https://agora.xtec.cat/ceip-canpuig/wp-content/uploads/usu1039/2025/06/4tA-MAQUETA-2jpg-200x150.jpg 200w" sizes="auto, (max-width: 300px) 100vw, 300px" />  <img loading="lazy" decoding="async" class="alignnone size-medium wp-image-14282" src="https://agora.xtec.cat/ceip-canpuig/wp-content/uploads/usu1039/2025/06/4t-A-MAQUETA-1-300x225.jpg" alt="" width="300" height="225" srcset="https://agora.xtec.cat/ceip-canpuig/wp-content/uploads/usu1039/2025/06/4t-A-MAQUETA-1-300x225.jpg 300w, https://agora.xtec.cat/ceip-canpuig/wp-content/uploads/usu1039/2025/06/4t-A-MAQUETA-1-1024x768.jpg 1024w, https://agora.xtec.cat/ceip-canpuig/wp-content/uploads/usu1039/2025/06/4t-A-MAQUETA-1-768x576.jpg 768w, https://agora.xtec.cat/ceip-canpuig/wp-content/uploads/usu1039/2025/06/4t-A-MAQUETA-1-1536x1152.jpg 1536w, https://agora.xtec.cat/ceip-canpuig/wp-content/uploads/usu1039/2025/06/4t-A-MAQUETA-1-2048x1536.jpg 2048w, https://agora.xtec.cat/ceip-canpuig/wp-content/uploads/usu1039/2025/06/4t-A-MAQUETA-1-200x150.jpg 200w" sizes="auto, (max-width: 300px) 100vw, 300px" /></p>
<p>Per acabar, vam elaborar un llibre interactiu <a href="https://www.storyjumper.com/book/read/177573081/EL-PLA-DE-LESTANY">Storyjumper</a> amb una exposició breu sobre cada municipi i les imatges de les maquetes i dels principals llocs d’interès.</p>
<p style="text-align: right;">Curs 2024-2025</p>

<p>Els alumnes de 4t hem treballat la nostra comarca, el Pla de l’Estany. Vam fer un recorregut per alguns dels municipis de la nostra comarca: Crespià, Esponellà, Palol de Revardit, Cornellà del Terri i Porqueres. Vam dividir la classe en grups d’experts, un per cada&hellip;  <a href="https://agora.xtec.cat/ceip-canpuig/propostes-educatives/cicle-inicial/la-nostra-comarca/" title="Read La nostra comarca">Llegeix més»</a></p>
