{"id":14018,"date":"2025-05-08T13:52:11","date_gmt":"2025-05-08T11:52:11","guid":{"rendered":"https:\/\/agora.xtec.cat\/ceip-canpuig\/?page_id=14018"},"modified":"2026-02-18T15:24:24","modified_gmt":"2026-02-18T14:24:24","slug":"banyoles-ets-tu","status":"publish","type":"page","link":"https:\/\/agora.xtec.cat\/ceip-canpuig\/propostes-educatives\/cicle-inicial\/banyoles-ets-tu\/","title":{"rendered":"Banyoles ets tu!"},"content":{"rendered":"<p>Aquest curs l\u2019alumnat de 5\u00e8 participa al projecte de ciutat \u201c<span style=\"color: #3978b8;\">Banyoles ets tu!<\/span>\u201d. Despr\u00e9s d\u2019observar les necessitats de Banyoles, cada grup s\u2019ha centrat en una d\u2019aquestes\u00a0 per establir el repte del grup. S\u2019han realitzat din\u00e0miques pr\u00f2pies del proc\u00e9s creatiu per trobar diverses solucions i, d\u2019aquesta manera, escollir la millor proposta de soluci\u00f3.<\/p>\n<p><img loading=\"lazy\" decoding=\"async\" class=\"alignnone size-medium wp-image-14020\" src=\"https:\/\/agora.xtec.cat\/ceip-canpuig\/wp-content\/uploads\/usu1039\/2025\/05\/Foto-3-5e-300x225.jpg\" alt=\"\" width=\"300\" height=\"225\" srcset=\"https:\/\/agora.xtec.cat\/ceip-canpuig\/wp-content\/uploads\/usu1039\/2025\/05\/Foto-3-5e-300x225.jpg 300w, https:\/\/agora.xtec.cat\/ceip-canpuig\/wp-content\/uploads\/usu1039\/2025\/05\/Foto-3-5e-1024x768.jpg 1024w, https:\/\/agora.xtec.cat\/ceip-canpuig\/wp-content\/uploads\/usu1039\/2025\/05\/Foto-3-5e-768x576.jpg 768w, https:\/\/agora.xtec.cat\/ceip-canpuig\/wp-content\/uploads\/usu1039\/2025\/05\/Foto-3-5e-1536x1152.jpg 1536w, https:\/\/agora.xtec.cat\/ceip-canpuig\/wp-content\/uploads\/usu1039\/2025\/05\/Foto-3-5e-200x150.jpg 200w, https:\/\/agora.xtec.cat\/ceip-canpuig\/wp-content\/uploads\/usu1039\/2025\/05\/Foto-3-5e.jpg 1600w\" sizes=\"auto, (max-width: 300px) 100vw, 300px\" \/>\u00a0 <img loading=\"lazy\" decoding=\"async\" class=\"alignnone size-medium wp-image-14022\" src=\"https:\/\/agora.xtec.cat\/ceip-canpuig\/wp-content\/uploads\/usu1039\/2025\/05\/Foto-1-5e-300x225.jpg\" alt=\"\" width=\"300\" height=\"225\" srcset=\"https:\/\/agora.xtec.cat\/ceip-canpuig\/wp-content\/uploads\/usu1039\/2025\/05\/Foto-1-5e-300x225.jpg 300w, https:\/\/agora.xtec.cat\/ceip-canpuig\/wp-content\/uploads\/usu1039\/2025\/05\/Foto-1-5e-1024x768.jpg 1024w, https:\/\/agora.xtec.cat\/ceip-canpuig\/wp-content\/uploads\/usu1039\/2025\/05\/Foto-1-5e-768x576.jpg 768w, https:\/\/agora.xtec.cat\/ceip-canpuig\/wp-content\/uploads\/usu1039\/2025\/05\/Foto-1-5e-1536x1152.jpg 1536w, https:\/\/agora.xtec.cat\/ceip-canpuig\/wp-content\/uploads\/usu1039\/2025\/05\/Foto-1-5e-200x150.jpg 200w, https:\/\/agora.xtec.cat\/ceip-canpuig\/wp-content\/uploads\/usu1039\/2025\/05\/Foto-1-5e.jpg 1600w\" sizes=\"auto, (max-width: 300px) 100vw, 300px\" \/><\/p>\n<p>Gr\u00e0cies a l\u2019ajuda dels professionals que han participat a la taula d\u2019experts del projecte, han millorat i acabat de definir les seves propostes. Aix\u00ed doncs, han elaborat un prototip que ajudi a comprendre m\u00e9s b\u00e9 la seva proposta de soluci\u00f3.<\/p>\n<p><img loading=\"lazy\" decoding=\"async\" class=\"alignnone size-medium wp-image-14021\" src=\"https:\/\/agora.xtec.cat\/ceip-canpuig\/wp-content\/uploads\/usu1039\/2025\/05\/Foto-2-5e-300x225.jpg\" alt=\"\" width=\"300\" height=\"225\" srcset=\"https:\/\/agora.xtec.cat\/ceip-canpuig\/wp-content\/uploads\/usu1039\/2025\/05\/Foto-2-5e-300x225.jpg 300w, https:\/\/agora.xtec.cat\/ceip-canpuig\/wp-content\/uploads\/usu1039\/2025\/05\/Foto-2-5e-1024x768.jpg 1024w, https:\/\/agora.xtec.cat\/ceip-canpuig\/wp-content\/uploads\/usu1039\/2025\/05\/Foto-2-5e-768x576.jpg 768w, https:\/\/agora.xtec.cat\/ceip-canpuig\/wp-content\/uploads\/usu1039\/2025\/05\/Foto-2-5e-1536x1152.jpg 1536w, https:\/\/agora.xtec.cat\/ceip-canpuig\/wp-content\/uploads\/usu1039\/2025\/05\/Foto-2-5e-200x150.jpg 200w, https:\/\/agora.xtec.cat\/ceip-canpuig\/wp-content\/uploads\/usu1039\/2025\/05\/Foto-2-5e.jpg 1600w\" sizes=\"auto, (max-width: 300px) 100vw, 300px\" \/>\u00a0 <img loading=\"lazy\" decoding=\"async\" class=\"alignnone size-medium wp-image-14019\" src=\"https:\/\/agora.xtec.cat\/ceip-canpuig\/wp-content\/uploads\/usu1039\/2025\/05\/Foto-4-5e-300x225.jpg\" alt=\"\" width=\"300\" height=\"225\" srcset=\"https:\/\/agora.xtec.cat\/ceip-canpuig\/wp-content\/uploads\/usu1039\/2025\/05\/Foto-4-5e-300x225.jpg 300w, https:\/\/agora.xtec.cat\/ceip-canpuig\/wp-content\/uploads\/usu1039\/2025\/05\/Foto-4-5e-1024x768.jpg 1024w, https:\/\/agora.xtec.cat\/ceip-canpuig\/wp-content\/uploads\/usu1039\/2025\/05\/Foto-4-5e-768x576.jpg 768w, https:\/\/agora.xtec.cat\/ceip-canpuig\/wp-content\/uploads\/usu1039\/2025\/05\/Foto-4-5e-1536x1152.jpg 1536w, https:\/\/agora.xtec.cat\/ceip-canpuig\/wp-content\/uploads\/usu1039\/2025\/05\/Foto-4-5e-200x150.jpg 200w, https:\/\/agora.xtec.cat\/ceip-canpuig\/wp-content\/uploads\/usu1039\/2025\/05\/Foto-4-5e.jpg 1600w\" sizes=\"auto, (max-width: 300px) 100vw, 300px\" \/><\/p>\n<p>En aquests moments es troben a la fase de sensibilitzaci\u00f3 del projecte en la qual es dissenya una acci\u00f3 de sensibilitzaci\u00f3 que ajudi a la poblaci\u00f3 a prendre consci\u00e8ncia de les problem\u00e0tiques i necessitats treballades.<\/p>\n<p>Aquest proc\u00e9s culminar\u00e0 amb la presentaci\u00f3 dels projectes davant els companys i companyes de les altres escoles participants i les autoritats i associacions de la ciutat.<\/p>\n<p>De ben segur que tota la feina feta aportar\u00e0 moltes idees per millorar, entre totes i tots, la nostra ciutat.<\/p>\n<p style=\"text-align: right;\">Curs 2024-2025<\/p>\n","protected":false},"excerpt":{"rendered":"<p>Aquest curs l\u2019alumnat de 5\u00e8 participa al projecte de ciutat \u201cBanyoles ets tu!\u201d. Despr\u00e9s d\u2019observar les necessitats de Banyoles, cada grup s\u2019ha centrat en una d\u2019aquestes\u00a0 per establir el repte del grup. S\u2019han realitzat din\u00e0miques pr\u00f2pies del proc\u00e9s creatiu per trobar diverses solucions i, d\u2019aquesta&hellip;  <a href=\"https:\/\/agora.xtec.cat\/ceip-canpuig\/propostes-educatives\/cicle-inicial\/banyoles-ets-tu\/\" title=\"Read Banyoles ets tu!\">Llegeix m\u00e9s\u00bb<\/a><\/p>\n","protected":false},"author":1,"featured_media":0,"parent":13659,"menu_order":7,"comment_status":"closed","ping_status":"closed","template":"page-templates\/side-menu.php","meta":{"_bbp_topic_count":0,"_bbp_reply_count":0,"_bbp_total_topic_count":0,"_bbp_total_reply_count":0,"_bbp_voice_count":0,"_bbp_anonymous_reply_count":0,"_bbp_topic_count_hidden":0,"_bbp_reply_count_hidden":0,"_bbp_forum_subforum_count":0,"footnotes":""},"class_list":["post-14018","page","type-page","status-publish","hentry"],"post_mailing_queue_ids":[],"_links":{"self":[{"href":"https:\/\/agora.xtec.cat\/ceip-canpuig\/wp-json\/wp\/v2\/pages\/14018","targetHints":{"allow":["GET"]}}],"collection":[{"href":"https:\/\/agora.xtec.cat\/ceip-canpuig\/wp-json\/wp\/v2\/pages"}],"about":[{"href":"https:\/\/agora.xtec.cat\/ceip-canpuig\/wp-json\/wp\/v2\/types\/page"}],"author":[{"embeddable":true,"href":"https:\/\/agora.xtec.cat\/ceip-canpuig\/wp-json\/wp\/v2\/users\/1"}],"replies":[{"embeddable":true,"href":"https:\/\/agora.xtec.cat\/ceip-canpuig\/wp-json\/wp\/v2\/comments?post=14018"}],"version-history":[{"count":2,"href":"https:\/\/agora.xtec.cat\/ceip-canpuig\/wp-json\/wp\/v2\/pages\/14018\/revisions"}],"predecessor-version":[{"id":14025,"href":"https:\/\/agora.xtec.cat\/ceip-canpuig\/wp-json\/wp\/v2\/pages\/14018\/revisions\/14025"}],"up":[{"embeddable":true,"href":"https:\/\/agora.xtec.cat\/ceip-canpuig\/wp-json\/wp\/v2\/pages\/13659"}],"wp:attachment":[{"href":"https:\/\/agora.xtec.cat\/ceip-canpuig\/wp-json\/wp\/v2\/media?parent=14018"}],"curies":[{"name":"wp","href":"https:\/\/api.w.org\/{rel}","templated":true}]}}

<p>Aquest curs l’alumnat de 5è participa al projecte de ciutat “<span style="color: #3978b8;">Banyoles ets tu!</span>”. Després d’observar les necessitats de Banyoles, cada grup s’ha centrat en una d’aquestes  per establir el repte del grup. S’han realitzat dinàmiques pròpies del procés creatiu per trobar diverses solucions i, d’aquesta manera, escollir la millor proposta de solució.</p>
<p><img loading="lazy" decoding="async" class="alignnone size-medium wp-image-14020" src="https://agora.xtec.cat/ceip-canpuig/wp-content/uploads/usu1039/2025/05/Foto-3-5e-300x225.jpg" alt="" width="300" height="225" srcset="https://agora.xtec.cat/ceip-canpuig/wp-content/uploads/usu1039/2025/05/Foto-3-5e-300x225.jpg 300w, https://agora.xtec.cat/ceip-canpuig/wp-content/uploads/usu1039/2025/05/Foto-3-5e-1024x768.jpg 1024w, https://agora.xtec.cat/ceip-canpuig/wp-content/uploads/usu1039/2025/05/Foto-3-5e-768x576.jpg 768w, https://agora.xtec.cat/ceip-canpuig/wp-content/uploads/usu1039/2025/05/Foto-3-5e-1536x1152.jpg 1536w, https://agora.xtec.cat/ceip-canpuig/wp-content/uploads/usu1039/2025/05/Foto-3-5e-200x150.jpg 200w, https://agora.xtec.cat/ceip-canpuig/wp-content/uploads/usu1039/2025/05/Foto-3-5e.jpg 1600w" sizes="auto, (max-width: 300px) 100vw, 300px" />  <img loading="lazy" decoding="async" class="alignnone size-medium wp-image-14022" src="https://agora.xtec.cat/ceip-canpuig/wp-content/uploads/usu1039/2025/05/Foto-1-5e-300x225.jpg" alt="" width="300" height="225" srcset="https://agora.xtec.cat/ceip-canpuig/wp-content/uploads/usu1039/2025/05/Foto-1-5e-300x225.jpg 300w, https://agora.xtec.cat/ceip-canpuig/wp-content/uploads/usu1039/2025/05/Foto-1-5e-1024x768.jpg 1024w, https://agora.xtec.cat/ceip-canpuig/wp-content/uploads/usu1039/2025/05/Foto-1-5e-768x576.jpg 768w, https://agora.xtec.cat/ceip-canpuig/wp-content/uploads/usu1039/2025/05/Foto-1-5e-1536x1152.jpg 1536w, https://agora.xtec.cat/ceip-canpuig/wp-content/uploads/usu1039/2025/05/Foto-1-5e-200x150.jpg 200w, https://agora.xtec.cat/ceip-canpuig/wp-content/uploads/usu1039/2025/05/Foto-1-5e.jpg 1600w" sizes="auto, (max-width: 300px) 100vw, 300px" /></p>
<p>Gràcies a l’ajuda dels professionals que han participat a la taula d’experts del projecte, han millorat i acabat de definir les seves propostes. Així doncs, han elaborat un prototip que ajudi a comprendre més bé la seva proposta de solució.</p>
<p><img loading="lazy" decoding="async" class="alignnone size-medium wp-image-14021" src="https://agora.xtec.cat/ceip-canpuig/wp-content/uploads/usu1039/2025/05/Foto-2-5e-300x225.jpg" alt="" width="300" height="225" srcset="https://agora.xtec.cat/ceip-canpuig/wp-content/uploads/usu1039/2025/05/Foto-2-5e-300x225.jpg 300w, https://agora.xtec.cat/ceip-canpuig/wp-content/uploads/usu1039/2025/05/Foto-2-5e-1024x768.jpg 1024w, https://agora.xtec.cat/ceip-canpuig/wp-content/uploads/usu1039/2025/05/Foto-2-5e-768x576.jpg 768w, https://agora.xtec.cat/ceip-canpuig/wp-content/uploads/usu1039/2025/05/Foto-2-5e-1536x1152.jpg 1536w, https://agora.xtec.cat/ceip-canpuig/wp-content/uploads/usu1039/2025/05/Foto-2-5e-200x150.jpg 200w, https://agora.xtec.cat/ceip-canpuig/wp-content/uploads/usu1039/2025/05/Foto-2-5e.jpg 1600w" sizes="auto, (max-width: 300px) 100vw, 300px" />  <img loading="lazy" decoding="async" class="alignnone size-medium wp-image-14019" src="https://agora.xtec.cat/ceip-canpuig/wp-content/uploads/usu1039/2025/05/Foto-4-5e-300x225.jpg" alt="" width="300" height="225" srcset="https://agora.xtec.cat/ceip-canpuig/wp-content/uploads/usu1039/2025/05/Foto-4-5e-300x225.jpg 300w, https://agora.xtec.cat/ceip-canpuig/wp-content/uploads/usu1039/2025/05/Foto-4-5e-1024x768.jpg 1024w, https://agora.xtec.cat/ceip-canpuig/wp-content/uploads/usu1039/2025/05/Foto-4-5e-768x576.jpg 768w, https://agora.xtec.cat/ceip-canpuig/wp-content/uploads/usu1039/2025/05/Foto-4-5e-1536x1152.jpg 1536w, https://agora.xtec.cat/ceip-canpuig/wp-content/uploads/usu1039/2025/05/Foto-4-5e-200x150.jpg 200w, https://agora.xtec.cat/ceip-canpuig/wp-content/uploads/usu1039/2025/05/Foto-4-5e.jpg 1600w" sizes="auto, (max-width: 300px) 100vw, 300px" /></p>
<p>En aquests moments es troben a la fase de sensibilització del projecte en la qual es dissenya una acció de sensibilització que ajudi a la població a prendre consciència de les problemàtiques i necessitats treballades.</p>
<p>Aquest procés culminarà amb la presentació dels projectes davant els companys i companyes de les altres escoles participants i les autoritats i associacions de la ciutat.</p>
<p>De ben segur que tota la feina feta aportarà moltes idees per millorar, entre totes i tots, la nostra ciutat.</p>
<p style="text-align: right;">Curs 2024-2025</p>

<p>Aquest curs l’alumnat de 5è participa al projecte de ciutat “Banyoles ets tu!”. Després d’observar les necessitats de Banyoles, cada grup s’ha centrat en una d’aquestes  per establir el repte del grup. S’han realitzat dinàmiques pròpies del procés creatiu per trobar diverses solucions i, d’aquesta&hellip;  <a href="https://agora.xtec.cat/ceip-canpuig/propostes-educatives/cicle-inicial/banyoles-ets-tu/" title="Read Banyoles ets tu!">Llegeix més»</a></p>
