{"id":13247,"date":"2024-03-07T16:34:36","date_gmt":"2024-03-07T15:34:36","guid":{"rendered":"https:\/\/agora.xtec.cat\/ceip-canpuig\/?page_id=13247"},"modified":"2024-03-07T16:34:36","modified_gmt":"2024-03-07T15:34:36","slug":"gira-de-transformacio-digital","status":"publish","type":"page","link":"https:\/\/agora.xtec.cat\/ceip-canpuig\/compartim-experiencies\/gira-de-transformacio-digital\/","title":{"rendered":"Gira de Transformaci\u00f3 Digital"},"content":{"rendered":"<p>El projecte <span style=\"color: #3978b8;\">Gira de Transformaci\u00f3 Digital<\/span> \u00e9s una iniciativa promoguda per la Universitat Oberta de Catalunya (UOC), amb el suport del Departament d\u2019Educaci\u00f3.<\/p>\n<p>Aquest projecte t\u00e9 com a objectiu principal identificar i difondre <span style=\"color: #3978b8;\">pr\u00e0ctiques docents innovadores<\/span> i referents vinculades amb l\u2019<span style=\"color: #3978b8;\">\u00fas de la tecnologia digital<\/span>.<\/p>\n<p>L\u2019escola Can Puig hi ha participant compartint el projecte <span style=\"color: #3978b8;\">\u201cEls arbres de la nostra escola\u201d<\/span>, que pret\u00e9n no nom\u00e9s que l\u2019alumnat els coneguin, sin\u00f3 tamb\u00e9 fomentar el respecte i prendre consci\u00e8ncia dels grans beneficis que ens aporten.<\/p>\n<figure class=\"figure wp-caption alignleft\"><a href=\"https:\/\/www.youtube.com\/watch?v=qpqabfAsxqY&amp;list=PLYC6Kwamb2vdrQcw3cK2GIbzMNNO1DcVF&amp;index=30\"><img loading=\"lazy\" decoding=\"async\" class=\"wp-image-13249 size-medium\" src=\"https:\/\/agora.xtec.cat\/ceip-canpuig\/wp-content\/uploads\/usu1039\/2024\/03\/Captura-de-pantalla-2024-03-07-161813-300x175.png\" alt=\"\" width=\"300\" height=\"175\" srcset=\"https:\/\/agora.xtec.cat\/ceip-canpuig\/wp-content\/uploads\/usu1039\/2024\/03\/Captura-de-pantalla-2024-03-07-161813-300x175.png 300w, https:\/\/agora.xtec.cat\/ceip-canpuig\/wp-content\/uploads\/usu1039\/2024\/03\/Captura-de-pantalla-2024-03-07-161813-1024x596.png 1024w, https:\/\/agora.xtec.cat\/ceip-canpuig\/wp-content\/uploads\/usu1039\/2024\/03\/Captura-de-pantalla-2024-03-07-161813-768x447.png 768w, https:\/\/agora.xtec.cat\/ceip-canpuig\/wp-content\/uploads\/usu1039\/2024\/03\/Captura-de-pantalla-2024-03-07-161813.png 1086w\" sizes=\"auto, (max-width: 300px) 100vw, 300px\" \/><\/a><figcaption class=\"wp-caption-text\">Cliqueu a la imatge per veure el v\u00eddeo.<\/figcaption><\/figure>\n<p>&nbsp;<\/p>\n<p>&nbsp;<\/p>\n<p>&nbsp;<\/p>\n<p>&nbsp;<\/p>\n<p>&nbsp;<\/p>\n","protected":false},"excerpt":{"rendered":"<p>El projecte Gira de Transformaci\u00f3 Digital \u00e9s una iniciativa promoguda per la Universitat Oberta de Catalunya (UOC), amb el suport del Departament d\u2019Educaci\u00f3.<br \/>\nAquest projecte t\u00e9 com a objectiu principal identificar i difondre pr\u00e0ctiques docents innovadores i referents vinculades amb l\u2019\u00fas de la tecnologia digital.<br \/>\nL\u2019escola Can&hellip;  <a href=\"https:\/\/agora.xtec.cat\/ceip-canpuig\/compartim-experiencies\/gira-de-transformacio-digital\/\" title=\"Read Gira de Transformaci\u00f3 Digital\">Llegeix m\u00e9s\u00bb<\/a><\/p>\n","protected":false},"author":1,"featured_media":0,"parent":12651,"menu_order":0,"comment_status":"closed","ping_status":"closed","template":"page-templates\/side-menu.php","meta":{"_bbp_topic_count":0,"_bbp_reply_count":0,"_bbp_total_topic_count":0,"_bbp_total_reply_count":0,"_bbp_voice_count":0,"_bbp_anonymous_reply_count":0,"_bbp_topic_count_hidden":0,"_bbp_reply_count_hidden":0,"_bbp_forum_subforum_count":0,"footnotes":""},"class_list":["post-13247","page","type-page","status-publish","hentry"],"post_mailing_queue_ids":[],"_links":{"self":[{"href":"https:\/\/agora.xtec.cat\/ceip-canpuig\/wp-json\/wp\/v2\/pages\/13247","targetHints":{"allow":["GET"]}}],"collection":[{"href":"https:\/\/agora.xtec.cat\/ceip-canpuig\/wp-json\/wp\/v2\/pages"}],"about":[{"href":"https:\/\/agora.xtec.cat\/ceip-canpuig\/wp-json\/wp\/v2\/types\/page"}],"author":[{"embeddable":true,"href":"https:\/\/agora.xtec.cat\/ceip-canpuig\/wp-json\/wp\/v2\/users\/1"}],"replies":[{"embeddable":true,"href":"https:\/\/agora.xtec.cat\/ceip-canpuig\/wp-json\/wp\/v2\/comments?post=13247"}],"version-history":[{"count":3,"href":"https:\/\/agora.xtec.cat\/ceip-canpuig\/wp-json\/wp\/v2\/pages\/13247\/revisions"}],"predecessor-version":[{"id":13252,"href":"https:\/\/agora.xtec.cat\/ceip-canpuig\/wp-json\/wp\/v2\/pages\/13247\/revisions\/13252"}],"up":[{"embeddable":true,"href":"https:\/\/agora.xtec.cat\/ceip-canpuig\/wp-json\/wp\/v2\/pages\/12651"}],"wp:attachment":[{"href":"https:\/\/agora.xtec.cat\/ceip-canpuig\/wp-json\/wp\/v2\/media?parent=13247"}],"curies":[{"name":"wp","href":"https:\/\/api.w.org\/{rel}","templated":true}]}}

Gira de Transformació Digital

<p>El projecte <span style="color: #3978b8;">Gira de Transformació Digital</span> és una iniciativa promoguda per la Universitat Oberta de Catalunya (UOC), amb el suport del Departament d’Educació.</p>
<p>Aquest projecte té com a objectiu principal identificar i difondre <span style="color: #3978b8;">pràctiques docents innovadores</span> i referents vinculades amb l’<span style="color: #3978b8;">ús de la tecnologia digital</span>.</p>
<p>L’escola Can Puig hi ha participant compartint el projecte <span style="color: #3978b8;">“Els arbres de la nostra escola”</span>, que pretén no només que l’alumnat els coneguin, sinó també fomentar el respecte i prendre consciència dels grans beneficis que ens aporten.</p>
<figure class="figure wp-caption alignleft"><a href="https://www.youtube.com/watch?v=qpqabfAsxqY&amp;list=PLYC6Kwamb2vdrQcw3cK2GIbzMNNO1DcVF&amp;index=30"><img loading="lazy" decoding="async" class="wp-image-13249 size-medium" src="https://agora.xtec.cat/ceip-canpuig/wp-content/uploads/usu1039/2024/03/Captura-de-pantalla-2024-03-07-161813-300x175.png" alt="" width="300" height="175" srcset="https://agora.xtec.cat/ceip-canpuig/wp-content/uploads/usu1039/2024/03/Captura-de-pantalla-2024-03-07-161813-300x175.png 300w, https://agora.xtec.cat/ceip-canpuig/wp-content/uploads/usu1039/2024/03/Captura-de-pantalla-2024-03-07-161813-1024x596.png 1024w, https://agora.xtec.cat/ceip-canpuig/wp-content/uploads/usu1039/2024/03/Captura-de-pantalla-2024-03-07-161813-768x447.png 768w, https://agora.xtec.cat/ceip-canpuig/wp-content/uploads/usu1039/2024/03/Captura-de-pantalla-2024-03-07-161813.png 1086w" sizes="auto, (max-width: 300px) 100vw, 300px" /></a><figcaption class="wp-caption-text">Cliqueu a la imatge per veure el vídeo.</figcaption></figure>
<p>&nbsp;</p>
<p>&nbsp;</p>
<p>&nbsp;</p>
<p>&nbsp;</p>
<p>&nbsp;</p>

<p>El projecte Gira de Transformació Digital és una iniciativa promoguda per la Universitat Oberta de Catalunya (UOC), amb el suport del Departament d’Educació.<br />
Aquest projecte té com a objectiu principal identificar i difondre pràctiques docents innovadores i referents vinculades amb l’ús de la tecnologia digital.<br />
L’escola Can&hellip;  <a href="https://agora.xtec.cat/ceip-canpuig/compartim-experiencies/gira-de-transformacio-digital/" title="Read Gira de Transformació Digital">Llegeix més»</a></p>
