{"id":13037,"date":"2023-10-24T11:43:31","date_gmt":"2023-10-24T09:43:31","guid":{"rendered":"https:\/\/agora.xtec.cat\/ceip-canpuig\/?page_id=13037"},"modified":"2023-10-24T11:43:31","modified_gmt":"2023-10-24T09:43:31","slug":"faig","status":"publish","type":"page","link":"https:\/\/agora.xtec.cat\/ceip-canpuig\/innovacio\/faig\/","title":{"rendered":"FAIG"},"content":{"rendered":"<p>El <strong><span style=\"color: #3978b8;\">programa FAIG<\/span><\/strong> (Fent per Aprendre, Imaginant Globalment) \u00e9s un programa d\u2019<span style=\"color: #3978b8;\">innovaci\u00f3 pedag\u00f2gica<\/span> impulsat per la Direcci\u00f3 General d\u2019Innovaci\u00f3, Digitalitzaci\u00f3, Curr\u00edculum i Lleng\u00fces) i el CESIRE (Centre de Recursos Pedag\u00f2gics Espec\u00edfics de Suport a la Innovaci\u00f3 i a la Recerca Educativa).<\/p>\n<p>Aquest t\u00e9 com a objectius:<\/p>\n<ul>\n<li>Aprofundir i consolidar el <span style=\"color: #3978b8;\">treball per projectes<\/span>.<\/li>\n<li>Vincular els projectes de treball amb els desafiaments socials de les persones i el planeta perqu\u00e8 esdevinguin Projectes d\u2019<span style=\"color: #3978b8;\">Aprenentatge amb Sentit<\/span> per a l\u2019alumnat.<\/li>\n<li>Integrar el \u201c<span style=\"color: #3978b8;\">maker<\/span>\u201d i les possibilitats creatives de la fabricaci\u00f3 digital en els Projectes d\u2019Aprenentatge amb Sentit perqu\u00e8 l\u2019alumnat doni respostes innovadores a les necessitats i reptes de l\u2019entorn.<\/li>\n<\/ul>\n<p>Per altra banda, ofereix guiatge i acompanyament, aprenentatge en xarxa, aliances i acords de col\u00b7laboraci\u00f3\u00a0 amb entitats, comunitats&#8230; i la dotaci\u00f3 d\u2019una aula maker.<\/p>\n<p>L\u2019escola Can Puig ha estat seleccionada per formar part d\u2019aquest programa a partir del curs 2023-2024.<\/p>\n<p><img loading=\"lazy\" decoding=\"async\" class=\"alignleft size-full wp-image-13038\" src=\"https:\/\/agora.xtec.cat\/ceip-canpuig\/wp-content\/uploads\/usu1039\/2023\/10\/FAIG.jpg\" alt=\"\" width=\"987\" height=\"545\" srcset=\"https:\/\/agora.xtec.cat\/ceip-canpuig\/wp-content\/uploads\/usu1039\/2023\/10\/FAIG.jpg 987w, https:\/\/agora.xtec.cat\/ceip-canpuig\/wp-content\/uploads\/usu1039\/2023\/10\/FAIG-300x166.jpg 300w, https:\/\/agora.xtec.cat\/ceip-canpuig\/wp-content\/uploads\/usu1039\/2023\/10\/FAIG-768x424.jpg 768w\" sizes=\"auto, (max-width: 987px) 100vw, 987px\" \/><\/p>\n","protected":false},"excerpt":{"rendered":"<p>El programa FAIG (Fent per Aprendre, Imaginant Globalment) \u00e9s un programa d\u2019innovaci\u00f3 pedag\u00f2gica impulsat per la Direcci\u00f3 General d\u2019Innovaci\u00f3, Digitalitzaci\u00f3, Curr\u00edculum i Lleng\u00fces) i el CESIRE (Centre de Recursos Pedag\u00f2gics Espec\u00edfics de Suport a la Innovaci\u00f3 i a la Recerca Educativa).<br \/>\nAquest t\u00e9 com a objectius:<\/p>\n<ul>\n<li>Aprofundir&hellip;  <a href=\"https:\/\/agora.xtec.cat\/ceip-canpuig\/innovacio\/faig\/\" title=\"Read FAIG\">Llegeix m\u00e9s\u00bb<\/a><br \/>\n","protected":false},"author":1,"featured_media":0,"parent":11902,"menu_order":1,"comment_status":"closed","ping_status":"closed","template":"page-templates\/side-menu.php","meta":{"_bbp_topic_count":0,"_bbp_reply_count":0,"_bbp_total_topic_count":0,"_bbp_total_reply_count":0,"_bbp_voice_count":0,"_bbp_anonymous_reply_count":0,"_bbp_topic_count_hidden":0,"_bbp_reply_count_hidden":0,"_bbp_forum_subforum_count":0,"footnotes":""},"class_list":["post-13037","page","type-page","status-publish","hentry"],"post_mailing_queue_ids":[],"_links":{"self":[{"href":"https:\/\/agora.xtec.cat\/ceip-canpuig\/wp-json\/wp\/v2\/pages\/13037","targetHints":{"allow":["GET"]}}],"collection":[{"href":"https:\/\/agora.xtec.cat\/ceip-canpuig\/wp-json\/wp\/v2\/pages"}],"about":[{"href":"https:\/\/agora.xtec.cat\/ceip-canpuig\/wp-json\/wp\/v2\/types\/page"}],"author":[{"embeddable":true,"href":"https:\/\/agora.xtec.cat\/ceip-canpuig\/wp-json\/wp\/v2\/users\/1"}],"replies":[{"embeddable":true,"href":"https:\/\/agora.xtec.cat\/ceip-canpuig\/wp-json\/wp\/v2\/comments?post=13037"}],"version-history":[{"count":1,"href":"https:\/\/agora.xtec.cat\/ceip-canpuig\/wp-json\/wp\/v2\/pages\/13037\/revisions"}],"predecessor-version":[{"id":13039,"href":"https:\/\/agora.xtec.cat\/ceip-canpuig\/wp-json\/wp\/v2\/pages\/13037\/revisions\/13039"}],"up":[{"embeddable":true,"href":"https:\/\/agora.xtec.cat\/ceip-canpuig\/wp-json\/wp\/v2\/pages\/11902"}],"wp:attachment":[{"href":"https:\/\/agora.xtec.cat\/ceip-canpuig\/wp-json\/wp\/v2\/media?parent=13037"}],"curies":[{"name":"wp","href":"https:\/\/api.w.org\/{rel}","templated":true}]}}

<p>El <strong><span style="color: #3978b8;">programa FAIG</span></strong> (Fent per Aprendre, Imaginant Globalment) és un programa d’<span style="color: #3978b8;">innovació pedagògica</span> impulsat per la Direcció General d’Innovació, Digitalització, Currículum i Llengües) i el CESIRE (Centre de Recursos Pedagògics Específics de Suport a la Innovació i a la Recerca Educativa).</p>
<p>Aquest té com a objectius:</p>
<ul>
<li>Aprofundir i consolidar el <span style="color: #3978b8;">treball per projectes</span>.</li>
<li>Vincular els projectes de treball amb els desafiaments socials de les persones i el planeta perquè esdevinguin Projectes d’<span style="color: #3978b8;">Aprenentatge amb Sentit</span> per a l’alumnat.</li>
<li>Integrar el “<span style="color: #3978b8;">maker</span>” i les possibilitats creatives de la fabricació digital en els Projectes d’Aprenentatge amb Sentit perquè l’alumnat doni respostes innovadores a les necessitats i reptes de l’entorn.</li>
</ul>
<p>Per altra banda, ofereix guiatge i acompanyament, aprenentatge en xarxa, aliances i acords de col·laboració  amb entitats, comunitats&#8230; i la dotació d’una aula maker.</p>
<p>L’escola Can Puig ha estat seleccionada per formar part d’aquest programa a partir del curs 2023-2024.</p>
<p><img loading="lazy" decoding="async" class="alignleft size-full wp-image-13038" src="https://agora.xtec.cat/ceip-canpuig/wp-content/uploads/usu1039/2023/10/FAIG.jpg" alt="" width="987" height="545" srcset="https://agora.xtec.cat/ceip-canpuig/wp-content/uploads/usu1039/2023/10/FAIG.jpg 987w, https://agora.xtec.cat/ceip-canpuig/wp-content/uploads/usu1039/2023/10/FAIG-300x166.jpg 300w, https://agora.xtec.cat/ceip-canpuig/wp-content/uploads/usu1039/2023/10/FAIG-768x424.jpg 768w" sizes="auto, (max-width: 987px) 100vw, 987px" /></p>

<p>El programa FAIG (Fent per Aprendre, Imaginant Globalment) és un programa d’innovació pedagògica impulsat per la Direcció General d’Innovació, Digitalització, Currículum i Llengües) i el CESIRE (Centre de Recursos Pedagògics Específics de Suport a la Innovació i a la Recerca Educativa).<br />
Aquest té com a objectius:</p>
<ul>
<li>Aprofundir&hellip;  <a href="https://agora.xtec.cat/ceip-canpuig/innovacio/faig/" title="Read FAIG">Llegeix més»</a><br />
