{"id":12658,"date":"2023-01-12T13:23:09","date_gmt":"2023-01-12T12:23:09","guid":{"rendered":"https:\/\/agora.xtec.cat\/ceip-canpuig\/?page_id=12658"},"modified":"2026-02-25T18:57:11","modified_gmt":"2026-02-25T17:57:11","slug":"jornades-deducacio-inclusiva","status":"publish","type":"page","link":"https:\/\/agora.xtec.cat\/ceip-canpuig\/compartim-experiencies\/jornades-deducacio-inclusiva\/","title":{"rendered":"Jornades d&#8217;Educaci\u00f3 Inclusiva"},"content":{"rendered":"<p>Aquestes jornades estan organitzades pel M\u00e0ster en Atenci\u00f3 a la Diversitat en una Educaci\u00f3 Inclusiva, de la Universitat de Girona.<\/p>\n<p>L\u2019escola Can Puig ha participat en aquestes jornades els cursos 2020-2021, 2021-2022 i 2022-2023 aportant la nostra experi\u00e8ncia, com a escola, en el treball amb <span style=\"color: #3978b8;\">grups cooperatius<\/span> com a estrat\u00e8gia per afavorir l\u2019<span style=\"color: #3978b8;\">educaci\u00f3 inclusiva<\/span>.<\/p>\n<p><img loading=\"lazy\" decoding=\"async\" class=\"size-full wp-image-12659 aligncenter\" src=\"https:\/\/agora.xtec.cat\/ceip-canpuig\/wp-content\/uploads\/usu1039\/2023\/01\/Sense-titol.png\" alt=\"\" width=\"399\" height=\"418\" srcset=\"https:\/\/agora.xtec.cat\/ceip-canpuig\/wp-content\/uploads\/usu1039\/2023\/01\/Sense-titol.png 399w, https:\/\/agora.xtec.cat\/ceip-canpuig\/wp-content\/uploads\/usu1039\/2023\/01\/Sense-titol-286x300.png 286w\" sizes=\"auto, (max-width: 399px) 100vw, 399px\" \/><\/p>\n","protected":false},"excerpt":{"rendered":"<p>Aquestes jornades estan organitzades pel M\u00e0ster en Atenci\u00f3 a la Diversitat en una Educaci\u00f3 Inclusiva, de la Universitat de Girona.<br \/>\nL\u2019escola Can Puig ha participat en aquestes jornades els cursos 2020-2021, 2021-2022 i 2022-2023 aportant la nostra experi\u00e8ncia, com a escola, en el treball amb grups&hellip;  <a href=\"https:\/\/agora.xtec.cat\/ceip-canpuig\/compartim-experiencies\/jornades-deducacio-inclusiva\/\" title=\"Read Jornades d&#8217;Educaci\u00f3 Inclusiva\">Llegeix m\u00e9s\u00bb<\/a><\/p>\n","protected":false},"author":1,"featured_media":0,"parent":12651,"menu_order":1,"comment_status":"closed","ping_status":"closed","template":"page-templates\/side-menu.php","meta":{"_bbp_topic_count":0,"_bbp_reply_count":0,"_bbp_total_topic_count":0,"_bbp_total_reply_count":0,"_bbp_voice_count":0,"_bbp_anonymous_reply_count":0,"_bbp_topic_count_hidden":0,"_bbp_reply_count_hidden":0,"_bbp_forum_subforum_count":0,"footnotes":""},"class_list":["post-12658","page","type-page","status-publish","hentry"],"post_mailing_queue_ids":[],"_links":{"self":[{"href":"https:\/\/agora.xtec.cat\/ceip-canpuig\/wp-json\/wp\/v2\/pages\/12658","targetHints":{"allow":["GET"]}}],"collection":[{"href":"https:\/\/agora.xtec.cat\/ceip-canpuig\/wp-json\/wp\/v2\/pages"}],"about":[{"href":"https:\/\/agora.xtec.cat\/ceip-canpuig\/wp-json\/wp\/v2\/types\/page"}],"author":[{"embeddable":true,"href":"https:\/\/agora.xtec.cat\/ceip-canpuig\/wp-json\/wp\/v2\/users\/1"}],"replies":[{"embeddable":true,"href":"https:\/\/agora.xtec.cat\/ceip-canpuig\/wp-json\/wp\/v2\/comments?post=12658"}],"version-history":[{"count":2,"href":"https:\/\/agora.xtec.cat\/ceip-canpuig\/wp-json\/wp\/v2\/pages\/12658\/revisions"}],"predecessor-version":[{"id":12953,"href":"https:\/\/agora.xtec.cat\/ceip-canpuig\/wp-json\/wp\/v2\/pages\/12658\/revisions\/12953"}],"up":[{"embeddable":true,"href":"https:\/\/agora.xtec.cat\/ceip-canpuig\/wp-json\/wp\/v2\/pages\/12651"}],"wp:attachment":[{"href":"https:\/\/agora.xtec.cat\/ceip-canpuig\/wp-json\/wp\/v2\/media?parent=12658"}],"curies":[{"name":"wp","href":"https:\/\/api.w.org\/{rel}","templated":true}]}}

Jornades d&#8217;Educació Inclusiva

<p>Aquestes jornades estan organitzades pel Màster en Atenció a la Diversitat en una Educació Inclusiva, de la Universitat de Girona.</p>
<p>L’escola Can Puig ha participat en aquestes jornades els cursos 2020-2021, 2021-2022 i 2022-2023 aportant la nostra experiència, com a escola, en el treball amb <span style="color: #3978b8;">grups cooperatius</span> com a estratègia per afavorir l’<span style="color: #3978b8;">educació inclusiva</span>.</p>
<p><img loading="lazy" decoding="async" class="size-full wp-image-12659 aligncenter" src="https://agora.xtec.cat/ceip-canpuig/wp-content/uploads/usu1039/2023/01/Sense-titol.png" alt="" width="399" height="418" srcset="https://agora.xtec.cat/ceip-canpuig/wp-content/uploads/usu1039/2023/01/Sense-titol.png 399w, https://agora.xtec.cat/ceip-canpuig/wp-content/uploads/usu1039/2023/01/Sense-titol-286x300.png 286w" sizes="auto, (max-width: 399px) 100vw, 399px" /></p>

<p>Aquestes jornades estan organitzades pel Màster en Atenció a la Diversitat en una Educació Inclusiva, de la Universitat de Girona.<br />
L’escola Can Puig ha participat en aquestes jornades els cursos 2020-2021, 2021-2022 i 2022-2023 aportant la nostra experiència, com a escola, en el treball amb grups&hellip;  <a href="https://agora.xtec.cat/ceip-canpuig/compartim-experiencies/jornades-deducacio-inclusiva/" title="Read Jornades d&#8217;Educació Inclusiva">Llegeix més»</a></p>
