{"id":12655,"date":"2023-01-12T13:05:26","date_gmt":"2023-01-12T12:05:26","guid":{"rendered":"https:\/\/agora.xtec.cat\/ceip-canpuig\/?page_id=12655"},"modified":"2024-12-11T10:56:58","modified_gmt":"2024-12-11T09:56:58","slug":"a-festa-major-em-convides","status":"publish","type":"page","link":"https:\/\/agora.xtec.cat\/ceip-canpuig\/fem-ciutat\/a-festa-major-em-convides\/","title":{"rendered":"A Festa Major em convides!"},"content":{"rendered":"<p dir=\"ltr\">\u201c<span style=\"color: #3978b8;\">A Festa Major em convides<\/span>\u201d \u00e9s un projecte que pret\u00e9n vincular activament tota la comunitat educativa de Banyoles a la Festa Major amb una activitat que engloba la m\u00fasica, la dansa i les arts pl\u00e0stiques.<\/p>\n<p dir=\"ltr\">El mat\u00ed de divendres de la Festa Major de la ciutat \u00e9s on es duu a terme aquesta activitat, on cada escola de prim\u00e0ria, coordinada pels seus mestres de m\u00fasica, recrea els <span style=\"color: #3978b8;\">balls de llu\u00efment i el ball de passada<\/span> de la Festa Major de Banyoles. Aquesta ballada est\u00e0 acompanyada pels elements de la far\u00e0ndula constru\u00efts per diversos agents educatius de la ciutat -Instituts, Centre el Puig, AFAs\u2026- i creats expressament per a l\u2019ocasi\u00f3.<\/p>\n<p dir=\"ltr\">Els alumnes de cinqu\u00e8 realitzen les r\u00e8pliques dels capgrossos a partir de l\u2019estructura, facilitada per l\u2019Ajuntament, del constructor Ventura Hosta de Navata. Els de quart s\u00f3n els encarregats de realitzar els balls de la far\u00e0ndula. La m\u00fasica de l\u2019acte la interpreta la cobla La Bisbal Jove amb un acompanyament r\u00edtmic de l\u2019alumnat de sis\u00e8.<\/p>\n<p dir=\"ltr\">Des d\u2019una \u00f2ptica educativa, les festes s\u00f3n una eina b\u00e0sica per a la socialitzaci\u00f3 de cada generaci\u00f3, per relligar la diversitat social i per a la transmissi\u00f3 cultural.<\/p>\n<p><iframe loading=\"lazy\" title=\"Ball dels Capgrossos\" width=\"500\" height=\"281\" src=\"https:\/\/www.youtube.com\/embed\/YANSGCnFnbM?feature=oembed\" frameborder=\"0\" allow=\"accelerometer; autoplay; clipboard-write; encrypted-media; gyroscope; picture-in-picture; web-share\" referrerpolicy=\"strict-origin-when-cross-origin\" allowfullscreen><\/iframe><\/p>\n<p><iframe loading=\"lazy\" title=\"Ball dels Cavallets\" width=\"500\" height=\"281\" src=\"https:\/\/www.youtube.com\/embed\/o2apGk95bqM?feature=oembed\" frameborder=\"0\" allow=\"accelerometer; autoplay; clipboard-write; encrypted-media; gyroscope; picture-in-picture; web-share\" referrerpolicy=\"strict-origin-when-cross-origin\" allowfullscreen><\/iframe><\/p>\n<p><iframe loading=\"lazy\" title=\"Ball del Drac\" width=\"500\" height=\"281\" src=\"https:\/\/www.youtube.com\/embed\/Gn9HMSO4ny8?feature=oembed\" frameborder=\"0\" allow=\"accelerometer; autoplay; clipboard-write; encrypted-media; gyroscope; picture-in-picture; web-share\" referrerpolicy=\"strict-origin-when-cross-origin\" allowfullscreen><\/iframe><\/p>\n<p><iframe loading=\"lazy\" title=\"Ball de Passada\" width=\"500\" height=\"281\" src=\"https:\/\/www.youtube.com\/embed\/3zWv8qCBxgc?feature=oembed\" frameborder=\"0\" allow=\"accelerometer; autoplay; clipboard-write; encrypted-media; gyroscope; picture-in-picture; web-share\" referrerpolicy=\"strict-origin-when-cross-origin\" allowfullscreen><\/iframe><\/p>\n<p><iframe loading=\"lazy\" title=\"Alumnat de 6\u00e8 acompanyant la cobla La Bisbal Jove\" width=\"500\" height=\"281\" src=\"https:\/\/www.youtube.com\/embed\/zQBMGo4pOZQ?feature=oembed\" frameborder=\"0\" allow=\"accelerometer; autoplay; clipboard-write; encrypted-media; gyroscope; picture-in-picture; web-share\" referrerpolicy=\"strict-origin-when-cross-origin\" allowfullscreen><\/iframe><\/p>\n<p dir=\"ltr\">\n","protected":false},"excerpt":{"rendered":"<p>\u201cA Festa Major em convides\u201d \u00e9s un projecte que pret\u00e9n vincular activament tota la comunitat educativa de Banyoles a la Festa Major amb una activitat que engloba la m\u00fasica, la dansa i les arts pl\u00e0stiques.<br \/>\nEl mat\u00ed de divendres de la Festa Major de la ciutat&hellip;  <a href=\"https:\/\/agora.xtec.cat\/ceip-canpuig\/fem-ciutat\/a-festa-major-em-convides\/\" title=\"Read A Festa Major em convides!\">Llegeix m\u00e9s\u00bb<\/a><\/p>\n","protected":false},"author":1,"featured_media":0,"parent":12013,"menu_order":0,"comment_status":"closed","ping_status":"closed","template":"page-templates\/side-menu.php","meta":{"_bbp_topic_count":0,"_bbp_reply_count":0,"_bbp_total_topic_count":0,"_bbp_total_reply_count":0,"_bbp_voice_count":0,"_bbp_anonymous_reply_count":0,"_bbp_topic_count_hidden":0,"_bbp_reply_count_hidden":0,"_bbp_forum_subforum_count":0,"footnotes":""},"class_list":["post-12655","page","type-page","status-publish","hentry"],"post_mailing_queue_ids":[],"_links":{"self":[{"href":"https:\/\/agora.xtec.cat\/ceip-canpuig\/wp-json\/wp\/v2\/pages\/12655","targetHints":{"allow":["GET"]}}],"collection":[{"href":"https:\/\/agora.xtec.cat\/ceip-canpuig\/wp-json\/wp\/v2\/pages"}],"about":[{"href":"https:\/\/agora.xtec.cat\/ceip-canpuig\/wp-json\/wp\/v2\/types\/page"}],"author":[{"embeddable":true,"href":"https:\/\/agora.xtec.cat\/ceip-canpuig\/wp-json\/wp\/v2\/users\/1"}],"replies":[{"embeddable":true,"href":"https:\/\/agora.xtec.cat\/ceip-canpuig\/wp-json\/wp\/v2\/comments?post=12655"}],"version-history":[{"count":5,"href":"https:\/\/agora.xtec.cat\/ceip-canpuig\/wp-json\/wp\/v2\/pages\/12655\/revisions"}],"predecessor-version":[{"id":13627,"href":"https:\/\/agora.xtec.cat\/ceip-canpuig\/wp-json\/wp\/v2\/pages\/12655\/revisions\/13627"}],"up":[{"embeddable":true,"href":"https:\/\/agora.xtec.cat\/ceip-canpuig\/wp-json\/wp\/v2\/pages\/12013"}],"wp:attachment":[{"href":"https:\/\/agora.xtec.cat\/ceip-canpuig\/wp-json\/wp\/v2\/media?parent=12655"}],"curies":[{"name":"wp","href":"https:\/\/api.w.org\/{rel}","templated":true}]}}

<p dir="ltr">“<span style="color: #3978b8;">A Festa Major em convides</span>” és un projecte que pretén vincular activament tota la comunitat educativa de Banyoles a la Festa Major amb una activitat que engloba la música, la dansa i les arts plàstiques.</p>
<p dir="ltr">El matí de divendres de la Festa Major de la ciutat és on es duu a terme aquesta activitat, on cada escola de primària, coordinada pels seus mestres de música, recrea els <span style="color: #3978b8;">balls de lluïment i el ball de passada</span> de la Festa Major de Banyoles. Aquesta ballada està acompanyada pels elements de la faràndula construïts per diversos agents educatius de la ciutat -Instituts, Centre el Puig, AFAs…- i creats expressament per a l’ocasió.</p>
<p dir="ltr">Els alumnes de cinquè realitzen les rèpliques dels capgrossos a partir de l’estructura, facilitada per l’Ajuntament, del constructor Ventura Hosta de Navata. Els de quart són els encarregats de realitzar els balls de la faràndula. La música de l’acte la interpreta la cobla La Bisbal Jove amb un acompanyament rítmic de l’alumnat de sisè.</p>
<p dir="ltr">Des d’una òptica educativa, les festes són una eina bàsica per a la socialització de cada generació, per relligar la diversitat social i per a la transmissió cultural.</p>
<p><iframe loading="lazy" title="Ball dels Capgrossos" width="500" height="281" src="https://www.youtube.com/embed/YANSGCnFnbM?feature=oembed" frameborder="0" allow="accelerometer; autoplay; clipboard-write; encrypted-media; gyroscope; picture-in-picture; web-share" referrerpolicy="strict-origin-when-cross-origin" allowfullscreen></iframe></p>
<p><iframe loading="lazy" title="Ball dels Cavallets" width="500" height="281" src="https://www.youtube.com/embed/o2apGk95bqM?feature=oembed" frameborder="0" allow="accelerometer; autoplay; clipboard-write; encrypted-media; gyroscope; picture-in-picture; web-share" referrerpolicy="strict-origin-when-cross-origin" allowfullscreen></iframe></p>
<p><iframe loading="lazy" title="Ball del Drac" width="500" height="281" src="https://www.youtube.com/embed/Gn9HMSO4ny8?feature=oembed" frameborder="0" allow="accelerometer; autoplay; clipboard-write; encrypted-media; gyroscope; picture-in-picture; web-share" referrerpolicy="strict-origin-when-cross-origin" allowfullscreen></iframe></p>
<p><iframe loading="lazy" title="Ball de Passada" width="500" height="281" src="https://www.youtube.com/embed/3zWv8qCBxgc?feature=oembed" frameborder="0" allow="accelerometer; autoplay; clipboard-write; encrypted-media; gyroscope; picture-in-picture; web-share" referrerpolicy="strict-origin-when-cross-origin" allowfullscreen></iframe></p>
<p><iframe loading="lazy" title="Alumnat de 6è acompanyant la cobla La Bisbal Jove" width="500" height="281" src="https://www.youtube.com/embed/zQBMGo4pOZQ?feature=oembed" frameborder="0" allow="accelerometer; autoplay; clipboard-write; encrypted-media; gyroscope; picture-in-picture; web-share" referrerpolicy="strict-origin-when-cross-origin" allowfullscreen></iframe></p>
<p dir="ltr">

<p>“A Festa Major em convides” és un projecte que pretén vincular activament tota la comunitat educativa de Banyoles a la Festa Major amb una activitat que engloba la música, la dansa i les arts plàstiques.<br />
El matí de divendres de la Festa Major de la ciutat&hellip;  <a href="https://agora.xtec.cat/ceip-canpuig/fem-ciutat/a-festa-major-em-convides/" title="Read A Festa Major em convides!">Llegeix més»</a></p>
