{"id":12017,"date":"2021-07-15T10:09:46","date_gmt":"2021-07-15T08:09:46","guid":{"rendered":"http:\/\/agora.xtec.cat\/ceip-canpuig\/?page_id=12017"},"modified":"2021-07-15T10:11:35","modified_gmt":"2021-07-15T08:11:35","slug":"recorregut-escultoric","status":"publish","type":"page","link":"https:\/\/agora.xtec.cat\/ceip-canpuig\/fem-ciutat\/recorregut-escultoric\/","title":{"rendered":"Recorregut escult\u00f2ric"},"content":{"rendered":"<h3><span style=\"color: #3978b8;\">DIALOGANT AMB LES ESCULTURES DE LA MEVA CIUTAT<\/span><\/h3>\n<p>Aquest projecte es du a terme en l\u2019\u00e0mbit de la <span style=\"color: #3978b8;\">filosofia<\/span> i va dirigit als alumnes de 6\u00e8 de Prim\u00e0ria.<\/p>\n<p>Consisteix en realitzar un recorregut escult\u00f2ric per la ciutat, en petits grups, al llarg del curs, on els nens i les nenes:<\/p>\n<ul>\n<li>observen i investiguen el <span style=\"color: #3978b8;\">patrimoni cultural<\/span>,<\/li>\n<li>desenvolupen la capacitat de contemplar i interpretar una obra d\u2019art,<\/li>\n<li>reflexionen sobre all\u00f2 que els autors i les seves obres pretenen transmetre,<\/li>\n<li>comparteixen els valors i les diverses maneres de pensar entre els companys i companyes.<\/li>\n<\/ul>\n<p>Aquest projecte, que ja fa gaireb\u00e9 20 anys que es du a terme a la nostra escola, el curs 2012-2013, l\u2019escola i l\u2019Ajuntament van decidir materialitzar aquest <span style=\"color: #3978b8;\">recorregut escult\u00f2ric<\/span>\u00a0incloent a cada una de les escultures un r\u00e8tol informatiu i un codi QR enlla\u00e7at a una web on s\u2019hi troba un pl\u00e0nol que situa les diferents escultures numerades, informaci\u00f3 de cada escultura, una galeria d\u2019imatges i un recull d\u2019opinions dels i les alumnes de l\u2019escola sobre cada una d\u2019elles.<\/p>\n","protected":false},"excerpt":{"rendered":"<p>DIALOGANT AMB LES ESCULTURES DE LA MEVA CIUTAT<br \/>\nAquest projecte es du a terme en l\u2019\u00e0mbit de la filosofia i va dirigit als alumnes de 6\u00e8 de Prim\u00e0ria.<br \/>\nConsisteix en realitzar un recorregut escult\u00f2ric per la ciutat, en petits grups, al llarg del curs, on els nens&hellip;  <a href=\"https:\/\/agora.xtec.cat\/ceip-canpuig\/fem-ciutat\/recorregut-escultoric\/\" title=\"Read Recorregut escult\u00f2ric\">Llegeix m\u00e9s\u00bb<\/a><\/p>\n","protected":false},"author":1,"featured_media":0,"parent":12013,"menu_order":1,"comment_status":"closed","ping_status":"closed","template":"page-templates\/side-menu.php","meta":{"_bbp_topic_count":0,"_bbp_reply_count":0,"_bbp_total_topic_count":0,"_bbp_total_reply_count":0,"_bbp_voice_count":0,"_bbp_anonymous_reply_count":0,"_bbp_topic_count_hidden":0,"_bbp_reply_count_hidden":0,"_bbp_forum_subforum_count":0,"footnotes":""},"class_list":["post-12017","page","type-page","status-publish","hentry"],"post_mailing_queue_ids":[],"_links":{"self":[{"href":"https:\/\/agora.xtec.cat\/ceip-canpuig\/wp-json\/wp\/v2\/pages\/12017","targetHints":{"allow":["GET"]}}],"collection":[{"href":"https:\/\/agora.xtec.cat\/ceip-canpuig\/wp-json\/wp\/v2\/pages"}],"about":[{"href":"https:\/\/agora.xtec.cat\/ceip-canpuig\/wp-json\/wp\/v2\/types\/page"}],"author":[{"embeddable":true,"href":"https:\/\/agora.xtec.cat\/ceip-canpuig\/wp-json\/wp\/v2\/users\/1"}],"replies":[{"embeddable":true,"href":"https:\/\/agora.xtec.cat\/ceip-canpuig\/wp-json\/wp\/v2\/comments?post=12017"}],"version-history":[{"count":2,"href":"https:\/\/agora.xtec.cat\/ceip-canpuig\/wp-json\/wp\/v2\/pages\/12017\/revisions"}],"predecessor-version":[{"id":12020,"href":"https:\/\/agora.xtec.cat\/ceip-canpuig\/wp-json\/wp\/v2\/pages\/12017\/revisions\/12020"}],"up":[{"embeddable":true,"href":"https:\/\/agora.xtec.cat\/ceip-canpuig\/wp-json\/wp\/v2\/pages\/12013"}],"wp:attachment":[{"href":"https:\/\/agora.xtec.cat\/ceip-canpuig\/wp-json\/wp\/v2\/media?parent=12017"}],"curies":[{"name":"wp","href":"https:\/\/api.w.org\/{rel}","templated":true}]}}

Recorregut escultòric

<h3><span style="color: #3978b8;">DIALOGANT AMB LES ESCULTURES DE LA MEVA CIUTAT</span></h3>
<p>Aquest projecte es du a terme en l’àmbit de la <span style="color: #3978b8;">filosofia</span> i va dirigit als alumnes de 6è de Primària.</p>
<p>Consisteix en realitzar un recorregut escultòric per la ciutat, en petits grups, al llarg del curs, on els nens i les nenes:</p>
<ul>
<li>observen i investiguen el <span style="color: #3978b8;">patrimoni cultural</span>,</li>
<li>desenvolupen la capacitat de contemplar i interpretar una obra d’art,</li>
<li>reflexionen sobre allò que els autors i les seves obres pretenen transmetre,</li>
<li>comparteixen els valors i les diverses maneres de pensar entre els companys i companyes.</li>
</ul>
<p>Aquest projecte, que ja fa gairebé 20 anys que es du a terme a la nostra escola, el curs 2012-2013, l’escola i l’Ajuntament van decidir materialitzar aquest <span style="color: #3978b8;">recorregut escultòric</span> incloent a cada una de les escultures un rètol informatiu i un codi QR enllaçat a una web on s’hi troba un plànol que situa les diferents escultures numerades, informació de cada escultura, una galeria d’imatges i un recull d’opinions dels i les alumnes de l’escola sobre cada una d’elles.</p>

<p>DIALOGANT AMB LES ESCULTURES DE LA MEVA CIUTAT<br />
Aquest projecte es du a terme en l’àmbit de la filosofia i va dirigit als alumnes de 6è de Primària.<br />
Consisteix en realitzar un recorregut escultòric per la ciutat, en petits grups, al llarg del curs, on els nens&hellip;  <a href="https://agora.xtec.cat/ceip-canpuig/fem-ciutat/recorregut-escultoric/" title="Read Recorregut escultòric">Llegeix més»</a></p>
