{"id":11961,"date":"2021-05-12T12:10:35","date_gmt":"2021-05-12T10:10:35","guid":{"rendered":"http:\/\/agora.xtec.cat\/ceip-canpuig\/?page_id=11961"},"modified":"2023-10-24T11:42:28","modified_gmt":"2023-10-24T09:42:28","slug":"xcb","status":"publish","type":"page","link":"https:\/\/agora.xtec.cat\/ceip-canpuig\/innovacio\/xcb\/","title":{"rendered":"XCB"},"content":{"rendered":"<p>La <span style=\"color: #3978b8;\"><strong>Xarxa de Compet\u00e8ncies B\u00e0siques<\/strong><\/span> \u00e9s una modalitat de formaci\u00f3 i desenvolupament professional docent basat en l\u2019aprenentatge entre iguals i en xarxa, promoguda pel Departament d\u2019Educaci\u00f3.<\/p>\n<p>Formant part de la XCB, l\u2019escola Can Puig pret\u00e9n fomentar processos de reflexi\u00f3 en equip per tal de <span style=\"color: #3978b8;\">transformar la nostra escola<\/span> en un espai que <span style=\"color: #3978b8;\">afavoreixi els processos d\u2019ensenyament i aprenentatge competencials<\/span>.<\/p>\n<p>El curs 2018-2019 ens vam centrar en el <span style=\"color: #3978b8;\">treball globalitzat o per projectes<\/span>, concebut com una eina per aconseguir la millora dels aprenentatges dels nostres alumnes i l\u2019assoliment de les compet\u00e8ncies. Aquell curs vam participar en la XVII Jornada Anual de la XCB, celebrada a BCN, amb el projecte \u201cD\u2019on venim els humans?\u201d.<\/p>\n<p>El curs 2020-2021 hem reflexionat sobre l\u2019\u00fas de l\u2019<span style=\"color: #3978b8;\">avaluaci\u00f3 formativa<\/span> per afavorir l\u2019adquisici\u00f3 d\u2019aprenentatges competencials i la inclusi\u00f3, a trav\u00e9s del recull personalitzat d\u2019evid\u00e8ncies i feedback.<\/p>\n<p>Aquest curs tamb\u00e9 hem participat en la XIX Jornada Anual de la XCB, en format virtual, presentant el projecte \u201cL\u2019Edat Mitjana 2.0\u201d.<\/p>\n<p><img loading=\"lazy\" decoding=\"async\" class=\"alignleft size-large wp-image-12008\" src=\"https:\/\/agora.xtec.cat\/ceip-canpuig\/wp-content\/uploads\/usu1039\/2021\/07\/foto_XCB-1024x461.jpg\" alt=\"\" width=\"1024\" height=\"461\" srcset=\"https:\/\/agora.xtec.cat\/ceip-canpuig\/wp-content\/uploads\/usu1039\/2021\/07\/foto_XCB-1024x461.jpg 1024w, https:\/\/agora.xtec.cat\/ceip-canpuig\/wp-content\/uploads\/usu1039\/2021\/07\/foto_XCB-300x135.jpg 300w, https:\/\/agora.xtec.cat\/ceip-canpuig\/wp-content\/uploads\/usu1039\/2021\/07\/foto_XCB-768x346.jpg 768w, https:\/\/agora.xtec.cat\/ceip-canpuig\/wp-content\/uploads\/usu1039\/2021\/07\/foto_XCB.jpg 1292w\" sizes=\"auto, (max-width: 1024px) 100vw, 1024px\" \/><\/p>\n","protected":false},"excerpt":{"rendered":"<p>La Xarxa de Compet\u00e8ncies B\u00e0siques \u00e9s una modalitat de formaci\u00f3 i desenvolupament professional docent basat en l\u2019aprenentatge entre iguals i en xarxa, promoguda pel Departament d\u2019Educaci\u00f3.<br \/>\nFormant part de la XCB, l\u2019escola Can Puig pret\u00e9n fomentar processos de reflexi\u00f3 en equip per tal de transformar la&hellip;  <a href=\"https:\/\/agora.xtec.cat\/ceip-canpuig\/innovacio\/xcb\/\" title=\"Read XCB\">Llegeix m\u00e9s\u00bb<\/a><\/p>\n","protected":false},"author":1,"featured_media":0,"parent":11902,"menu_order":5,"comment_status":"closed","ping_status":"closed","template":"page-templates\/side-menu.php","meta":{"_bbp_topic_count":0,"_bbp_reply_count":0,"_bbp_total_topic_count":0,"_bbp_total_reply_count":0,"_bbp_voice_count":0,"_bbp_anonymous_reply_count":0,"_bbp_topic_count_hidden":0,"_bbp_reply_count_hidden":0,"_bbp_forum_subforum_count":0,"footnotes":""},"class_list":["post-11961","page","type-page","status-publish","hentry"],"post_mailing_queue_ids":[],"_links":{"self":[{"href":"https:\/\/agora.xtec.cat\/ceip-canpuig\/wp-json\/wp\/v2\/pages\/11961","targetHints":{"allow":["GET"]}}],"collection":[{"href":"https:\/\/agora.xtec.cat\/ceip-canpuig\/wp-json\/wp\/v2\/pages"}],"about":[{"href":"https:\/\/agora.xtec.cat\/ceip-canpuig\/wp-json\/wp\/v2\/types\/page"}],"author":[{"embeddable":true,"href":"https:\/\/agora.xtec.cat\/ceip-canpuig\/wp-json\/wp\/v2\/users\/1"}],"replies":[{"embeddable":true,"href":"https:\/\/agora.xtec.cat\/ceip-canpuig\/wp-json\/wp\/v2\/comments?post=11961"}],"version-history":[{"count":2,"href":"https:\/\/agora.xtec.cat\/ceip-canpuig\/wp-json\/wp\/v2\/pages\/11961\/revisions"}],"predecessor-version":[{"id":12009,"href":"https:\/\/agora.xtec.cat\/ceip-canpuig\/wp-json\/wp\/v2\/pages\/11961\/revisions\/12009"}],"up":[{"embeddable":true,"href":"https:\/\/agora.xtec.cat\/ceip-canpuig\/wp-json\/wp\/v2\/pages\/11902"}],"wp:attachment":[{"href":"https:\/\/agora.xtec.cat\/ceip-canpuig\/wp-json\/wp\/v2\/media?parent=11961"}],"curies":[{"name":"wp","href":"https:\/\/api.w.org\/{rel}","templated":true}]}}

<p>La <span style="color: #3978b8;"><strong>Xarxa de Competències Bàsiques</strong></span> és una modalitat de formació i desenvolupament professional docent basat en l’aprenentatge entre iguals i en xarxa, promoguda pel Departament d’Educació.</p>
<p>Formant part de la XCB, l’escola Can Puig pretén fomentar processos de reflexió en equip per tal de <span style="color: #3978b8;">transformar la nostra escola</span> en un espai que <span style="color: #3978b8;">afavoreixi els processos d’ensenyament i aprenentatge competencials</span>.</p>
<p>El curs 2018-2019 ens vam centrar en el <span style="color: #3978b8;">treball globalitzat o per projectes</span>, concebut com una eina per aconseguir la millora dels aprenentatges dels nostres alumnes i l’assoliment de les competències. Aquell curs vam participar en la XVII Jornada Anual de la XCB, celebrada a BCN, amb el projecte “D’on venim els humans?”.</p>
<p>El curs 2020-2021 hem reflexionat sobre l’ús de l’<span style="color: #3978b8;">avaluació formativa</span> per afavorir l’adquisició d’aprenentatges competencials i la inclusió, a través del recull personalitzat d’evidències i feedback.</p>
<p>Aquest curs també hem participat en la XIX Jornada Anual de la XCB, en format virtual, presentant el projecte “L’Edat Mitjana 2.0”.</p>
<p><img loading="lazy" decoding="async" class="alignleft size-large wp-image-12008" src="https://agora.xtec.cat/ceip-canpuig/wp-content/uploads/usu1039/2021/07/foto_XCB-1024x461.jpg" alt="" width="1024" height="461" srcset="https://agora.xtec.cat/ceip-canpuig/wp-content/uploads/usu1039/2021/07/foto_XCB-1024x461.jpg 1024w, https://agora.xtec.cat/ceip-canpuig/wp-content/uploads/usu1039/2021/07/foto_XCB-300x135.jpg 300w, https://agora.xtec.cat/ceip-canpuig/wp-content/uploads/usu1039/2021/07/foto_XCB-768x346.jpg 768w, https://agora.xtec.cat/ceip-canpuig/wp-content/uploads/usu1039/2021/07/foto_XCB.jpg 1292w" sizes="auto, (max-width: 1024px) 100vw, 1024px" /></p>

<p>La Xarxa de Competències Bàsiques és una modalitat de formació i desenvolupament professional docent basat en l’aprenentatge entre iguals i en xarxa, promoguda pel Departament d’Educació.<br />
Formant part de la XCB, l’escola Can Puig pretén fomentar processos de reflexió en equip per tal de transformar la&hellip;  <a href="https://agora.xtec.cat/ceip-canpuig/innovacio/xcb/" title="Read XCB">Llegeix més»</a></p>
