{"id":11905,"date":"2021-05-11T17:13:55","date_gmt":"2021-05-11T15:13:55","guid":{"rendered":"http:\/\/agora.xtec.cat\/ceip-canpuig\/?page_id=11905"},"modified":"2026-02-24T17:14:38","modified_gmt":"2026-02-24T16:14:38","slug":"girobotica","status":"publish","type":"page","link":"https:\/\/agora.xtec.cat\/ceip-canpuig\/innovacio\/girobotica\/","title":{"rendered":"Xarxa de Compet\u00e8ncia Lectora"},"content":{"rendered":"<p><span style=\"font-weight: 400;\">L\u2019escola Can Puig participa en els cursos 2024-2025 i 2025-2026 a la <\/span><span style=\"font-weight: 400;\">Xarxa de Compet\u00e8ncia Lectora.<img loading=\"lazy\" decoding=\"async\" class=\"alignright wp-image-14698 size-medium\" src=\"https:\/\/agora.xtec.cat\/ceip-canpuig\/wp-content\/uploads\/usu1039\/2026\/02\/XCL_components-competencia-lectora-300x206.png\" alt=\"\" width=\"300\" height=\"206\" srcset=\"https:\/\/agora.xtec.cat\/ceip-canpuig\/wp-content\/uploads\/usu1039\/2026\/02\/XCL_components-competencia-lectora-300x206.png 300w, https:\/\/agora.xtec.cat\/ceip-canpuig\/wp-content\/uploads\/usu1039\/2026\/02\/XCL_components-competencia-lectora-1024x705.png 1024w, https:\/\/agora.xtec.cat\/ceip-canpuig\/wp-content\/uploads\/usu1039\/2026\/02\/XCL_components-competencia-lectora-768x529.png 768w, https:\/\/agora.xtec.cat\/ceip-canpuig\/wp-content\/uploads\/usu1039\/2026\/02\/XCL_components-competencia-lectora.png 1113w\" sizes=\"auto, (max-width: 300px) 100vw, 300px\" \/><\/span><\/p>\n<p><span style=\"font-weight: 400;\">L\u2019objectiu d\u2019aquesta \u00e9s crear una <strong><span style=\"color: #3978b8;\">xarxa territorial<\/span><\/strong><\/span><span style=\"font-weight: 400;\">, amb altres centres educatius, per construir coneixements ple<\/span><span style=\"font-weight: 400;\">gats rel<\/span><span style=\"font-weight: 400;\">acionats amb els diversos <strong><span style=\"color: #3978b8;\">components que intervenen en la comprensi\u00f3 lectora<\/span><\/strong><\/span><span style=\"font-weight: 400;\">\u00a0(flu\u00efdesa, descodificaci\u00f3, vocabulari, estrat\u00e8gies de comprensi\u00f3, etc), i les estrat\u00e8gies d\u2019intervenci\u00f3 docent.<\/span><\/p>\n<p><span style=\"font-weight: 400;\">Aquesta xarxa vol promoure l\u2019<strong><span style=\"color: #3978b8;\">aprenentatge entre iguals<\/span><\/strong><\/span><span style=\"font-weight: 400;\">, mitjan\u00e7ant la reflexi\u00f3, l\u2019intercanvi de coneixements i de <\/span><span style=\"font-weight: 400;\">bones pr\u00e0ctiques<\/span><span style=\"font-weight: 400;\">, aix\u00ed com oferir i compartir materials, eines, estrat\u00e8gies i activitats per <\/span><span style=\"font-weight: 400;\">millorar la comprensi\u00f3 lectora <\/span><span style=\"font-weight: 400;\">d\u2019infants i joves.<\/span><\/p>\n<p>&nbsp;<\/p>\n<p><img loading=\"lazy\" decoding=\"async\" class=\"alignnone wp-image-14700 \" src=\"https:\/\/agora.xtec.cat\/ceip-canpuig\/wp-content\/uploads\/usu1039\/2026\/02\/20251105_103509-1-300x225.jpg\" alt=\"\" width=\"329\" height=\"247\" data-wp-editing=\"1\" srcset=\"https:\/\/agora.xtec.cat\/ceip-canpuig\/wp-content\/uploads\/usu1039\/2026\/02\/20251105_103509-1-300x225.jpg 300w, https:\/\/agora.xtec.cat\/ceip-canpuig\/wp-content\/uploads\/usu1039\/2026\/02\/20251105_103509-1-1024x768.jpg 1024w, https:\/\/agora.xtec.cat\/ceip-canpuig\/wp-content\/uploads\/usu1039\/2026\/02\/20251105_103509-1-768x576.jpg 768w, https:\/\/agora.xtec.cat\/ceip-canpuig\/wp-content\/uploads\/usu1039\/2026\/02\/20251105_103509-1-1536x1152.jpg 1536w, https:\/\/agora.xtec.cat\/ceip-canpuig\/wp-content\/uploads\/usu1039\/2026\/02\/20251105_103509-1-2048x1536.jpg 2048w, https:\/\/agora.xtec.cat\/ceip-canpuig\/wp-content\/uploads\/usu1039\/2026\/02\/20251105_103509-1-200x150.jpg 200w\" sizes=\"auto, (max-width: 329px) 100vw, 329px\" \/>\u00a0 \u00a0 <img loading=\"lazy\" decoding=\"async\" class=\"alignnone wp-image-14697 size-medium\" src=\"https:\/\/agora.xtec.cat\/ceip-canpuig\/wp-content\/uploads\/usu1039\/2026\/02\/20251105_105041-300x247.jpg\" alt=\"\" width=\"300\" height=\"247\" srcset=\"https:\/\/agora.xtec.cat\/ceip-canpuig\/wp-content\/uploads\/usu1039\/2026\/02\/20251105_105041-300x247.jpg 300w, https:\/\/agora.xtec.cat\/ceip-canpuig\/wp-content\/uploads\/usu1039\/2026\/02\/20251105_105041-1024x842.jpg 1024w, https:\/\/agora.xtec.cat\/ceip-canpuig\/wp-content\/uploads\/usu1039\/2026\/02\/20251105_105041-768x632.jpg 768w, https:\/\/agora.xtec.cat\/ceip-canpuig\/wp-content\/uploads\/usu1039\/2026\/02\/20251105_105041-1536x1264.jpg 1536w, https:\/\/agora.xtec.cat\/ceip-canpuig\/wp-content\/uploads\/usu1039\/2026\/02\/20251105_105041-2048x1685.jpg 2048w\" sizes=\"auto, (max-width: 300px) 100vw, 300px\" \/><\/p>\n","protected":false},"excerpt":{"rendered":"<p>L\u2019escola Can Puig participa en els cursos 2024-2025 i 2025-2026 a la Xarxa de Compet\u00e8ncia Lectora.<br \/>\nL\u2019objectiu d\u2019aquesta \u00e9s crear una xarxa territorial, amb altres centres educatius, per construir coneixements plegats relacionats amb els diversos components que intervenen en la comprensi\u00f3 lectora\u00a0(flu\u00efdesa, descodificaci\u00f3, vocabulari, estrat\u00e8gies de&hellip;  <a href=\"https:\/\/agora.xtec.cat\/ceip-canpuig\/innovacio\/girobotica\/\" title=\"Read Xarxa de Compet\u00e8ncia Lectora\">Llegeix m\u00e9s\u00bb<\/a><\/p>\n","protected":false},"author":1,"featured_media":0,"parent":11902,"menu_order":3,"comment_status":"closed","ping_status":"closed","template":"page-templates\/side-menu.php","meta":{"_bbp_topic_count":0,"_bbp_reply_count":0,"_bbp_total_topic_count":0,"_bbp_total_reply_count":0,"_bbp_voice_count":0,"_bbp_anonymous_reply_count":0,"_bbp_topic_count_hidden":0,"_bbp_reply_count_hidden":0,"_bbp_forum_subforum_count":0,"footnotes":""},"class_list":["post-11905","page","type-page","status-publish","hentry"],"post_mailing_queue_ids":[],"_links":{"self":[{"href":"https:\/\/agora.xtec.cat\/ceip-canpuig\/wp-json\/wp\/v2\/pages\/11905","targetHints":{"allow":["GET"]}}],"collection":[{"href":"https:\/\/agora.xtec.cat\/ceip-canpuig\/wp-json\/wp\/v2\/pages"}],"about":[{"href":"https:\/\/agora.xtec.cat\/ceip-canpuig\/wp-json\/wp\/v2\/types\/page"}],"author":[{"embeddable":true,"href":"https:\/\/agora.xtec.cat\/ceip-canpuig\/wp-json\/wp\/v2\/users\/1"}],"replies":[{"embeddable":true,"href":"https:\/\/agora.xtec.cat\/ceip-canpuig\/wp-json\/wp\/v2\/comments?post=11905"}],"version-history":[{"count":5,"href":"https:\/\/agora.xtec.cat\/ceip-canpuig\/wp-json\/wp\/v2\/pages\/11905\/revisions"}],"predecessor-version":[{"id":14701,"href":"https:\/\/agora.xtec.cat\/ceip-canpuig\/wp-json\/wp\/v2\/pages\/11905\/revisions\/14701"}],"up":[{"embeddable":true,"href":"https:\/\/agora.xtec.cat\/ceip-canpuig\/wp-json\/wp\/v2\/pages\/11902"}],"wp:attachment":[{"href":"https:\/\/agora.xtec.cat\/ceip-canpuig\/wp-json\/wp\/v2\/media?parent=11905"}],"curies":[{"name":"wp","href":"https:\/\/api.w.org\/{rel}","templated":true}]}}

Xarxa de Competència Lectora

<p><span style="font-weight: 400;">L’escola Can Puig participa en els cursos 2024-2025 i 2025-2026 a la </span><span style="font-weight: 400;">Xarxa de Competència Lectora.<img loading="lazy" decoding="async" class="alignright wp-image-14698 size-medium" src="https://agora.xtec.cat/ceip-canpuig/wp-content/uploads/usu1039/2026/02/XCL_components-competencia-lectora-300x206.png" alt="" width="300" height="206" srcset="https://agora.xtec.cat/ceip-canpuig/wp-content/uploads/usu1039/2026/02/XCL_components-competencia-lectora-300x206.png 300w, https://agora.xtec.cat/ceip-canpuig/wp-content/uploads/usu1039/2026/02/XCL_components-competencia-lectora-1024x705.png 1024w, https://agora.xtec.cat/ceip-canpuig/wp-content/uploads/usu1039/2026/02/XCL_components-competencia-lectora-768x529.png 768w, https://agora.xtec.cat/ceip-canpuig/wp-content/uploads/usu1039/2026/02/XCL_components-competencia-lectora.png 1113w" sizes="auto, (max-width: 300px) 100vw, 300px" /></span></p>
<p><span style="font-weight: 400;">L’objectiu d’aquesta és crear una <strong><span style="color: #3978b8;">xarxa territorial</span></strong></span><span style="font-weight: 400;">, amb altres centres educatius, per construir coneixements ple</span><span style="font-weight: 400;">gats rel</span><span style="font-weight: 400;">acionats amb els diversos <strong><span style="color: #3978b8;">components que intervenen en la comprensió lectora</span></strong></span><span style="font-weight: 400;"> (fluïdesa, descodificació, vocabulari, estratègies de comprensió, etc), i les estratègies d’intervenció docent.</span></p>
<p><span style="font-weight: 400;">Aquesta xarxa vol promoure l’<strong><span style="color: #3978b8;">aprenentatge entre iguals</span></strong></span><span style="font-weight: 400;">, mitjançant la reflexió, l’intercanvi de coneixements i de </span><span style="font-weight: 400;">bones pràctiques</span><span style="font-weight: 400;">, així com oferir i compartir materials, eines, estratègies i activitats per </span><span style="font-weight: 400;">millorar la comprensió lectora </span><span style="font-weight: 400;">d’infants i joves.</span></p>
<p>&nbsp;</p>
<p><img loading="lazy" decoding="async" class="alignnone wp-image-14700 " src="https://agora.xtec.cat/ceip-canpuig/wp-content/uploads/usu1039/2026/02/20251105_103509-1-300x225.jpg" alt="" width="329" height="247" data-wp-editing="1" srcset="https://agora.xtec.cat/ceip-canpuig/wp-content/uploads/usu1039/2026/02/20251105_103509-1-300x225.jpg 300w, https://agora.xtec.cat/ceip-canpuig/wp-content/uploads/usu1039/2026/02/20251105_103509-1-1024x768.jpg 1024w, https://agora.xtec.cat/ceip-canpuig/wp-content/uploads/usu1039/2026/02/20251105_103509-1-768x576.jpg 768w, https://agora.xtec.cat/ceip-canpuig/wp-content/uploads/usu1039/2026/02/20251105_103509-1-1536x1152.jpg 1536w, https://agora.xtec.cat/ceip-canpuig/wp-content/uploads/usu1039/2026/02/20251105_103509-1-2048x1536.jpg 2048w, https://agora.xtec.cat/ceip-canpuig/wp-content/uploads/usu1039/2026/02/20251105_103509-1-200x150.jpg 200w" sizes="auto, (max-width: 329px) 100vw, 329px" />    <img loading="lazy" decoding="async" class="alignnone wp-image-14697 size-medium" src="https://agora.xtec.cat/ceip-canpuig/wp-content/uploads/usu1039/2026/02/20251105_105041-300x247.jpg" alt="" width="300" height="247" srcset="https://agora.xtec.cat/ceip-canpuig/wp-content/uploads/usu1039/2026/02/20251105_105041-300x247.jpg 300w, https://agora.xtec.cat/ceip-canpuig/wp-content/uploads/usu1039/2026/02/20251105_105041-1024x842.jpg 1024w, https://agora.xtec.cat/ceip-canpuig/wp-content/uploads/usu1039/2026/02/20251105_105041-768x632.jpg 768w, https://agora.xtec.cat/ceip-canpuig/wp-content/uploads/usu1039/2026/02/20251105_105041-1536x1264.jpg 1536w, https://agora.xtec.cat/ceip-canpuig/wp-content/uploads/usu1039/2026/02/20251105_105041-2048x1685.jpg 2048w" sizes="auto, (max-width: 300px) 100vw, 300px" /></p>

<p>L’escola Can Puig participa en els cursos 2024-2025 i 2025-2026 a la Xarxa de Competència Lectora.<br />
L’objectiu d’aquesta és crear una xarxa territorial, amb altres centres educatius, per construir coneixements plegats relacionats amb els diversos components que intervenen en la comprensió lectora (fluïdesa, descodificació, vocabulari, estratègies de&hellip;  <a href="https://agora.xtec.cat/ceip-canpuig/innovacio/girobotica/" title="Read Xarxa de Competència Lectora">Llegeix més»</a></p>
