{"id":11871,"date":"2021-05-06T17:17:44","date_gmt":"2021-05-06T15:17:44","guid":{"rendered":"http:\/\/agora.xtec.cat\/ceip-canpuig\/?page_id=11871"},"modified":"2021-05-06T17:49:57","modified_gmt":"2021-05-06T15:49:57","slug":"tenim-la-paraula","status":"publish","type":"page","link":"https:\/\/agora.xtec.cat\/ceip-canpuig\/nivells\/projectes-descola\/tenim-la-paraula\/","title":{"rendered":"Tenim la Paraula"},"content":{"rendered":"<p>El curs 2018-2019 el Departament d\u2019Educaci\u00f3 va impulsar el programa <strong>\u201cTenim la Paraula\u201d<\/strong> amb l\u2019objectiu de millorar la compet\u00e8ncia comunicativa dels alumnes, i aix\u00ed puguin expressar millor fets, opinions i sentiments, i participar activament a la societat.<\/p>\n<p>Amb la finalitat de fer emergir pr\u00e0ctiques o activitats de llengua oral, compartir-les i enriquir-les, s\u2019han constitu\u00eft grups de treball formats per centres educatius d\u2019educaci\u00f3 prim\u00e0ria, educaci\u00f3 secund\u00e0ria i d\u2019educaci\u00f3 de persones adultes de la comarca del Pla de l\u2019Estany.<\/p>\n<p>En aquest sentit, la nostra escola ha presentat una pr\u00e0ctica relacionada amb la <strong>Filosofia<\/strong>, que t\u00e9 com a eix vertebrador <strong>parlar per desenvolupar la metacognici\u00f3<\/strong>.<\/p>\n<p><iframe loading=\"lazy\" title=\"Filosofia - Tenim la paraula\" width=\"500\" height=\"281\" src=\"https:\/\/www.youtube.com\/embed\/J7_30z96Rso?feature=oembed\" frameborder=\"0\" allow=\"accelerometer; autoplay; clipboard-write; encrypted-media; gyroscope; picture-in-picture; web-share\" referrerpolicy=\"strict-origin-when-cross-origin\" allowfullscreen><\/iframe><\/p>\n","protected":false},"excerpt":{"rendered":"<p>El curs 2018-2019 el Departament d\u2019Educaci\u00f3 va impulsar el programa \u201cTenim la Paraula\u201d amb l\u2019objectiu de millorar la compet\u00e8ncia comunicativa dels alumnes, i aix\u00ed puguin expressar millor fets, opinions i sentiments, i participar activament a la societat.<br \/>\nAmb la finalitat de fer emergir pr\u00e0ctiques o activitats&hellip;  <a href=\"https:\/\/agora.xtec.cat\/ceip-canpuig\/nivells\/projectes-descola\/tenim-la-paraula\/\" title=\"Read Tenim la Paraula\">Llegeix m\u00e9s\u00bb<\/a><\/p>\n","protected":false},"author":1,"featured_media":0,"parent":490,"menu_order":6,"comment_status":"closed","ping_status":"closed","template":"page-templates\/side-menu.php","meta":{"_bbp_topic_count":0,"_bbp_reply_count":0,"_bbp_total_topic_count":0,"_bbp_total_reply_count":0,"_bbp_voice_count":0,"_bbp_anonymous_reply_count":0,"_bbp_topic_count_hidden":0,"_bbp_reply_count_hidden":0,"_bbp_forum_subforum_count":0,"footnotes":""},"class_list":["post-11871","page","type-page","status-publish","hentry"],"post_mailing_queue_ids":[],"_links":{"self":[{"href":"https:\/\/agora.xtec.cat\/ceip-canpuig\/wp-json\/wp\/v2\/pages\/11871","targetHints":{"allow":["GET"]}}],"collection":[{"href":"https:\/\/agora.xtec.cat\/ceip-canpuig\/wp-json\/wp\/v2\/pages"}],"about":[{"href":"https:\/\/agora.xtec.cat\/ceip-canpuig\/wp-json\/wp\/v2\/types\/page"}],"author":[{"embeddable":true,"href":"https:\/\/agora.xtec.cat\/ceip-canpuig\/wp-json\/wp\/v2\/users\/1"}],"replies":[{"embeddable":true,"href":"https:\/\/agora.xtec.cat\/ceip-canpuig\/wp-json\/wp\/v2\/comments?post=11871"}],"version-history":[{"count":3,"href":"https:\/\/agora.xtec.cat\/ceip-canpuig\/wp-json\/wp\/v2\/pages\/11871\/revisions"}],"predecessor-version":[{"id":11878,"href":"https:\/\/agora.xtec.cat\/ceip-canpuig\/wp-json\/wp\/v2\/pages\/11871\/revisions\/11878"}],"up":[{"embeddable":true,"href":"https:\/\/agora.xtec.cat\/ceip-canpuig\/wp-json\/wp\/v2\/pages\/490"}],"wp:attachment":[{"href":"https:\/\/agora.xtec.cat\/ceip-canpuig\/wp-json\/wp\/v2\/media?parent=11871"}],"curies":[{"name":"wp","href":"https:\/\/api.w.org\/{rel}","templated":true}]}}

<p>El curs 2018-2019 el Departament d’Educació va impulsar el programa <strong>“Tenim la Paraula”</strong> amb l’objectiu de millorar la competència comunicativa dels alumnes, i així puguin expressar millor fets, opinions i sentiments, i participar activament a la societat.</p>
<p>Amb la finalitat de fer emergir pràctiques o activitats de llengua oral, compartir-les i enriquir-les, s’han constituït grups de treball formats per centres educatius d’educació primària, educació secundària i d’educació de persones adultes de la comarca del Pla de l’Estany.</p>
<p>En aquest sentit, la nostra escola ha presentat una pràctica relacionada amb la <strong>Filosofia</strong>, que té com a eix vertebrador <strong>parlar per desenvolupar la metacognició</strong>.</p>
<p><iframe loading="lazy" title="Filosofia - Tenim la paraula" width="500" height="281" src="https://www.youtube.com/embed/J7_30z96Rso?feature=oembed" frameborder="0" allow="accelerometer; autoplay; clipboard-write; encrypted-media; gyroscope; picture-in-picture; web-share" referrerpolicy="strict-origin-when-cross-origin" allowfullscreen></iframe></p>

<p>El curs 2018-2019 el Departament d’Educació va impulsar el programa “Tenim la Paraula” amb l’objectiu de millorar la competència comunicativa dels alumnes, i així puguin expressar millor fets, opinions i sentiments, i participar activament a la societat.<br />
Amb la finalitat de fer emergir pràctiques o activitats&hellip;  <a href="https://agora.xtec.cat/ceip-canpuig/nivells/projectes-descola/tenim-la-paraula/" title="Read Tenim la Paraula">Llegeix més»</a></p>
