{"id":10146,"date":"2018-11-16T21:07:15","date_gmt":"2018-11-16T20:07:15","guid":{"rendered":"http:\/\/agora.xtec.cat\/ceip-canpuig\/?page_id=10146"},"modified":"2026-02-24T17:14:52","modified_gmt":"2026-02-24T16:14:52","slug":"etwinning","status":"publish","type":"page","link":"https:\/\/agora.xtec.cat\/ceip-canpuig\/innovacio\/etwinning\/","title":{"rendered":"eTwinning"},"content":{"rendered":"<p>Els projectes <strong><span style=\"color: #3978b8;\">eTwinning<\/span><\/strong> s\u00f3n una iniciativa de la Comissi\u00f3 Europea que pret\u00e9n fomentar el disseny de propostes educatives en xarxa amb escoles de pa\u00efsos europeus, a trav\u00e9s de <span style=\"color: #3978b8;\">plataformes virtuals i l\u2019\u00fas de diferents eines webs<\/span>.<\/p>\n<p>L\u2019escola Can Puig va comen\u00e7ar a participar en projectes eTwinnings el curs 2018-2019 a trav\u00e9s dels quals hem treballat de manera cooperativa amb escoles de Portugal, It\u00e0lia, Cro\u00e0cia&#8230;<\/p>\n<p>Amb aquests projectes hem millorat la <span style=\"color: #3978b8;\">compet\u00e8ncia digital<\/span> i la <span style=\"color: #3978b8;\">compet\u00e8ncia comunicativa en lleng\u00fces europees<\/span>, com l\u2019angl\u00e8s i el castell\u00e0, dels nostres alumnes. A m\u00e9s a m\u00e9s, aquests projectes tamb\u00e9 afavoreixen <span style=\"color: #3978b8;\">el treball col\u00b7laboratiu i cooperatiu, el coneixement intercultural<\/span>&#8230;<\/p>\n<p>El curs 2019-2020 la nostra escola va ser guardonada amb 2 <span style=\"color: #3978b8;\">Segells de Qualitat Europeus<\/span> pels projectes \u201cHealthy mind into a healthy body\u201d i \u201cTrees around us\u201d.<\/p>\n<p><img loading=\"lazy\" decoding=\"async\" class=\"alignleft size-full wp-image-12003\" src=\"https:\/\/agora.xtec.cat\/ceip-canpuig\/wp-content\/uploads\/usu1039\/2021\/07\/20210712_143430.jpg\" alt=\"\" width=\"702\" height=\"579\" srcset=\"https:\/\/agora.xtec.cat\/ceip-canpuig\/wp-content\/uploads\/usu1039\/2021\/07\/20210712_143430.jpg 702w, https:\/\/agora.xtec.cat\/ceip-canpuig\/wp-content\/uploads\/usu1039\/2021\/07\/20210712_143430-300x247.jpg 300w\" sizes=\"auto, (max-width: 702px) 100vw, 702px\" \/><\/p>\n","protected":false},"excerpt":{"rendered":"<p>Els projectes eTwinning s\u00f3n una iniciativa de la Comissi\u00f3 Europea que pret\u00e9n fomentar el disseny de propostes educatives en xarxa amb escoles de pa\u00efsos europeus, a trav\u00e9s de plataformes virtuals i l\u2019\u00fas de diferents eines webs.<br \/>\nL\u2019escola Can Puig va comen\u00e7ar a participar en projectes eTwinnings&hellip;  <a href=\"https:\/\/agora.xtec.cat\/ceip-canpuig\/innovacio\/etwinning\/\" title=\"Read eTwinning\">Llegeix m\u00e9s\u00bb<\/a><\/p>\n","protected":false},"author":1,"featured_media":0,"parent":11902,"menu_order":4,"comment_status":"closed","ping_status":"closed","template":"","meta":{"_bbp_topic_count":0,"_bbp_reply_count":0,"_bbp_total_topic_count":0,"_bbp_total_reply_count":0,"_bbp_voice_count":0,"_bbp_anonymous_reply_count":0,"_bbp_topic_count_hidden":0,"_bbp_reply_count_hidden":0,"_bbp_forum_subforum_count":0,"footnotes":""},"class_list":["post-10146","page","type-page","status-publish","hentry"],"post_mailing_queue_ids":[],"_links":{"self":[{"href":"https:\/\/agora.xtec.cat\/ceip-canpuig\/wp-json\/wp\/v2\/pages\/10146","targetHints":{"allow":["GET"]}}],"collection":[{"href":"https:\/\/agora.xtec.cat\/ceip-canpuig\/wp-json\/wp\/v2\/pages"}],"about":[{"href":"https:\/\/agora.xtec.cat\/ceip-canpuig\/wp-json\/wp\/v2\/types\/page"}],"author":[{"embeddable":true,"href":"https:\/\/agora.xtec.cat\/ceip-canpuig\/wp-json\/wp\/v2\/users\/1"}],"replies":[{"embeddable":true,"href":"https:\/\/agora.xtec.cat\/ceip-canpuig\/wp-json\/wp\/v2\/comments?post=10146"}],"version-history":[{"count":3,"href":"https:\/\/agora.xtec.cat\/ceip-canpuig\/wp-json\/wp\/v2\/pages\/10146\/revisions"}],"predecessor-version":[{"id":12012,"href":"https:\/\/agora.xtec.cat\/ceip-canpuig\/wp-json\/wp\/v2\/pages\/10146\/revisions\/12012"}],"up":[{"embeddable":true,"href":"https:\/\/agora.xtec.cat\/ceip-canpuig\/wp-json\/wp\/v2\/pages\/11902"}],"wp:attachment":[{"href":"https:\/\/agora.xtec.cat\/ceip-canpuig\/wp-json\/wp\/v2\/media?parent=10146"}],"curies":[{"name":"wp","href":"https:\/\/api.w.org\/{rel}","templated":true}]}}

<p>Els projectes <strong><span style="color: #3978b8;">eTwinning</span></strong> són una iniciativa de la Comissió Europea que pretén fomentar el disseny de propostes educatives en xarxa amb escoles de països europeus, a través de <span style="color: #3978b8;">plataformes virtuals i l’ús de diferents eines webs</span>.</p>
<p>L’escola Can Puig va començar a participar en projectes eTwinnings el curs 2018-2019 a través dels quals hem treballat de manera cooperativa amb escoles de Portugal, Itàlia, Croàcia&#8230;</p>
<p>Amb aquests projectes hem millorat la <span style="color: #3978b8;">competència digital</span> i la <span style="color: #3978b8;">competència comunicativa en llengües europees</span>, com l’anglès i el castellà, dels nostres alumnes. A més a més, aquests projectes també afavoreixen <span style="color: #3978b8;">el treball col·laboratiu i cooperatiu, el coneixement intercultural</span>&#8230;</p>
<p>El curs 2019-2020 la nostra escola va ser guardonada amb 2 <span style="color: #3978b8;">Segells de Qualitat Europeus</span> pels projectes “Healthy mind into a healthy body” i “Trees around us”.</p>
<p><img loading="lazy" decoding="async" class="alignleft size-full wp-image-12003" src="https://agora.xtec.cat/ceip-canpuig/wp-content/uploads/usu1039/2021/07/20210712_143430.jpg" alt="" width="702" height="579" srcset="https://agora.xtec.cat/ceip-canpuig/wp-content/uploads/usu1039/2021/07/20210712_143430.jpg 702w, https://agora.xtec.cat/ceip-canpuig/wp-content/uploads/usu1039/2021/07/20210712_143430-300x247.jpg 300w" sizes="auto, (max-width: 702px) 100vw, 702px" /></p>

<p>Els projectes eTwinning són una iniciativa de la Comissió Europea que pretén fomentar el disseny de propostes educatives en xarxa amb escoles de països europeus, a través de plataformes virtuals i l’ús de diferents eines webs.<br />
L’escola Can Puig va començar a participar en projectes eTwinnings&hellip;  <a href="https://agora.xtec.cat/ceip-canpuig/innovacio/etwinning/" title="Read eTwinning">Llegeix més»</a></p>
