{"id":22,"date":"2014-09-18T12:19:57","date_gmt":"2014-09-18T11:19:57","guid":{"rendered":"http:\/\/agora.xtec.cat\/ceip-canigo-santjust\/?page_id=22"},"modified":"2020-03-04T16:42:52","modified_gmt":"2020-03-04T15:42:52","slug":"lescola","status":"publish","type":"page","link":"https:\/\/agora.xtec.cat\/ceip-canigo-santjust\/","title":{"rendered":"NODES de l&#8217;Escola Canig\u00f3"},"content":{"rendered":"<p>Aquesta \u00e9s el NODES de l&#8217;escola Canig\u00f3 de Sant Just Desvern.<\/p>\n<p><a href=\"http:\/\/www.escolacanigosantjust.cat\/\">WEB ESCOLA CANIG\u00d3<\/a><\/p>\n<div id=\"contingut_noticies\"><b>Reunions informatives<\/b><br \/>\nEns plau convidar-vos a les reunions informatives que farem durant el mes de <strong>mar\u00e7 de 2020<\/strong> a l&#8217;escola, perqu\u00e8 conegueu el nostre centre i per explicar-vos el proc\u00e9s de preinscripci\u00f3 pel curs 2020-2021<\/div>\n<div>\n<p>&nbsp;<\/p>\n<p>Les dates de les sessions s\u00f3n:<\/p>\n<p><strong>&#8211; divendres 13\/03\/20 <\/strong>a les<strong> 15:30h<\/strong><\/p>\n<p><strong>&#8211; dimarts 19\/03\/20<\/strong>a les <strong>09:30 h<\/strong><\/p>\n<p>Les reunions es faran a l&#8217;edifici Canig\u00f3, C\/ Canig\u00f3, 35 de Sant Just Desvern.<\/p>\n<p>Si teniu qualsevol consulta podeu posar-vos en contacte amb el centre, via e-mail a8032580@xtec.cat, o tel\u00e8fon: 93 371 33 36.<\/p>\n<\/div>\n","protected":false},"excerpt":{"rendered":"<p>Aquesta \u00e9s el NODES de l&#8217;escola Canig\u00f3 de Sant Just Desvern.<br \/>\n<a href=\"http:\/\/www.escolacanigosantjust.cat\/\">WEB ESCOLA CANIG\u00d3<\/a><br \/>\nReunions informatives<br \/>\nEns plau convidar-vos a les reunions informatives que farem durant el mes de mar\u00e7 de 2020 a l&#8217;escola, perqu\u00e8 conegueu el nostre centre i per explicar-vos el proc\u00e9s de preinscripci\u00f3 pel&hellip;  <a href=\"https:\/\/agora.xtec.cat\/ceip-canigo-santjust\/\" title=\"Read NODES de l&#8217;Escola Canig\u00f3\">Llegeix m\u00e9s\u00bb<\/a><\/p>\n","protected":false},"author":1,"featured_media":0,"parent":0,"menu_order":0,"comment_status":"closed","ping_status":"closed","template":"page-templates\/side-menu.php","meta":{"_bbp_topic_count":0,"_bbp_reply_count":0,"_bbp_total_topic_count":0,"_bbp_total_reply_count":0,"_bbp_voice_count":0,"_bbp_anonymous_reply_count":0,"_bbp_topic_count_hidden":0,"_bbp_reply_count_hidden":0,"_bbp_forum_subforum_count":0,"footnotes":""},"class_list":["post-22","page","type-page","status-publish","hentry"],"post_mailing_queue_ids":[],"_links":{"self":[{"href":"https:\/\/agora.xtec.cat\/ceip-canigo-santjust\/wp-json\/wp\/v2\/pages\/22","targetHints":{"allow":["GET"]}}],"collection":[{"href":"https:\/\/agora.xtec.cat\/ceip-canigo-santjust\/wp-json\/wp\/v2\/pages"}],"about":[{"href":"https:\/\/agora.xtec.cat\/ceip-canigo-santjust\/wp-json\/wp\/v2\/types\/page"}],"author":[{"embeddable":true,"href":"https:\/\/agora.xtec.cat\/ceip-canigo-santjust\/wp-json\/wp\/v2\/users\/1"}],"replies":[{"embeddable":true,"href":"https:\/\/agora.xtec.cat\/ceip-canigo-santjust\/wp-json\/wp\/v2\/comments?post=22"}],"version-history":[{"count":4,"href":"https:\/\/agora.xtec.cat\/ceip-canigo-santjust\/wp-json\/wp\/v2\/pages\/22\/revisions"}],"predecessor-version":[{"id":785,"href":"https:\/\/agora.xtec.cat\/ceip-canigo-santjust\/wp-json\/wp\/v2\/pages\/22\/revisions\/785"}],"wp:attachment":[{"href":"https:\/\/agora.xtec.cat\/ceip-canigo-santjust\/wp-json\/wp\/v2\/media?parent=22"}],"curies":[{"name":"wp","href":"https:\/\/api.w.org\/{rel}","templated":true}]}}