{"id":565,"date":"2017-08-13T12:18:21","date_gmt":"2017-08-13T10:18:21","guid":{"rendered":"http:\/\/agora.xtec.cat\/ceip-camidelmig\/?page_id=565"},"modified":"2021-03-17T13:20:50","modified_gmt":"2021-03-17T12:20:50","slug":"families-delegades","status":"publish","type":"page","link":"https:\/\/agora.xtec.cat\/ceip-camidelmig\/lescola\/participacio-de-les-families\/families-delegades\/","title":{"rendered":"Fam\u00edlies delegades"},"content":{"rendered":"<p>A cada classe hi ha, com a m\u00ednim, una fam\u00edlia que s\u2019ofereix per ser delegada de classe. Aix\u00f2 implica que fa el trasp\u00e0s d\u2019informaci\u00f3 de l\u2019escola o de les comissions de pares, anima a la participaci\u00f3 amb activitats que s\u2019organitzen i fan de portant veu davant d\u2019alguna proposta concreta de la classe. Es reuneix tres cops al llarg del curs, de manera ordin\u00e0ria, en una sessi\u00f3 d\u20191h30\u2019 amb l\u2019equip directiu per valorar o planificar activitats d\u2019escola.<\/p>\n<ul style=\"list-style-type: circle;\">\n<li><a href=\"https:\/\/agora.xtec.cat\/ceip-camidelmig\/lescola\/participacio-de-les-families\/families-delegades\/\">Fam\u00edlies delegades<\/a><\/li>\n<li><a href=\"https:\/\/agora.xtec.cat\/ceip-camidelmig\/lescola\/participacio-de-les-families\/consell-escolar\/\">Consell Escolar<\/a><\/li>\n<li><a href=\"https:\/\/agora.xtec.cat\/ceip-camidelmig\/categoria\/caminemplegats\/\">Caminem plegats<\/a><\/li>\n<\/ul>\n","protected":false},"excerpt":{"rendered":"<p>A cada classe hi ha, com a m\u00ednim, una fam\u00edlia que s\u2019ofereix per ser delegada de classe. Aix\u00f2 implica que [&hellip;]<\/p>\n","protected":false},"author":1,"featured_media":0,"parent":526,"menu_order":75,"comment_status":"closed","ping_status":"closed","template":"","meta":{"_bbp_topic_count":0,"_bbp_reply_count":0,"_bbp_total_topic_count":0,"_bbp_total_reply_count":0,"_bbp_voice_count":0,"_bbp_anonymous_reply_count":0,"_bbp_topic_count_hidden":0,"_bbp_reply_count_hidden":0,"_bbp_forum_subforum_count":0,"site-sidebar-layout":"default","site-content-layout":"","ast-site-content-layout":"","site-content-style":"default","site-sidebar-style":"default","ast-global-header-display":"","ast-banner-title-visibility":"","ast-main-header-display":"","ast-hfb-above-header-display":"","ast-hfb-below-header-display":"","ast-hfb-mobile-header-display":"","site-post-title":"","ast-breadcrumbs-content":"","ast-featured-img":"","footer-sml-layout":"","theme-transparent-header-meta":"","adv-header-id-meta":"","stick-header-meta":"","header-above-stick-meta":"","header-main-stick-meta":"","header-below-stick-meta":"","astra-migrate-meta-layouts":"default","ast-page-background-enabled":"default","ast-page-background-meta":{"desktop":{"background-color":"var(--ast-global-color-4)","background-image":"","background-repeat":"repeat","background-position":"center center","background-size":"auto","background-attachment":"scroll","background-type":"","background-media":"","overlay-type":"","overlay-color":"","overlay-opacity":"","overlay-gradient":""},"tablet":{"background-color":"","background-image":"","background-repeat":"repeat","background-position":"center center","background-size":"auto","background-attachment":"scroll","background-type":"","background-media":"","overlay-type":"","overlay-color":"","overlay-opacity":"","overlay-gradient":""},"mobile":{"background-color":"","background-image":"","background-repeat":"repeat","background-position":"center center","background-size":"auto","background-attachment":"scroll","background-type":"","background-media":"","overlay-type":"","overlay-color":"","overlay-opacity":"","overlay-gradient":""}},"ast-content-background-meta":{"desktop":{"background-color":"var(--ast-global-color-5)","background-image":"","background-repeat":"repeat","background-position":"center center","background-size":"auto","background-attachment":"scroll","background-type":"","background-media":"","overlay-type":"","overlay-color":"","overlay-opacity":"","overlay-gradient":""},"tablet":{"background-color":"var(--ast-global-color-5)","background-image":"","background-repeat":"repeat","background-position":"center center","background-size":"auto","background-attachment":"scroll","background-type":"","background-media":"","overlay-type":"","overlay-color":"","overlay-opacity":"","overlay-gradient":""},"mobile":{"background-color":"var(--ast-global-color-5)","background-image":"","background-repeat":"repeat","background-position":"center center","background-size":"auto","background-attachment":"scroll","background-type":"","background-media":"","overlay-type":"","overlay-color":"","overlay-opacity":"","overlay-gradient":""}},"footnotes":""},"class_list":["post-565","page","type-page","status-publish","hentry"],"post_mailing_queue_ids":[],"_links":{"self":[{"href":"https:\/\/agora.xtec.cat\/ceip-camidelmig\/wp-json\/wp\/v2\/pages\/565","targetHints":{"allow":["GET"]}}],"collection":[{"href":"https:\/\/agora.xtec.cat\/ceip-camidelmig\/wp-json\/wp\/v2\/pages"}],"about":[{"href":"https:\/\/agora.xtec.cat\/ceip-camidelmig\/wp-json\/wp\/v2\/types\/page"}],"author":[{"embeddable":true,"href":"https:\/\/agora.xtec.cat\/ceip-camidelmig\/wp-json\/wp\/v2\/users\/1"}],"replies":[{"embeddable":true,"href":"https:\/\/agora.xtec.cat\/ceip-camidelmig\/wp-json\/wp\/v2\/comments?post=565"}],"version-history":[{"count":4,"href":"https:\/\/agora.xtec.cat\/ceip-camidelmig\/wp-json\/wp\/v2\/pages\/565\/revisions"}],"predecessor-version":[{"id":6205,"href":"https:\/\/agora.xtec.cat\/ceip-camidelmig\/wp-json\/wp\/v2\/pages\/565\/revisions\/6205"}],"up":[{"embeddable":true,"href":"https:\/\/agora.xtec.cat\/ceip-camidelmig\/wp-json\/wp\/v2\/pages\/526"}],"wp:attachment":[{"href":"https:\/\/agora.xtec.cat\/ceip-camidelmig\/wp-json\/wp\/v2\/media?parent=565"}],"curies":[{"name":"wp","href":"https:\/\/api.w.org\/{rel}","templated":true}]}}