{"id":600,"date":"2019-05-06T13:19:39","date_gmt":"2019-05-06T11:19:39","guid":{"rendered":"https:\/\/agora.xtec.cat\/ceip-bernatdesclot\/?page_id=600"},"modified":"2026-04-08T17:36:26","modified_gmt":"2026-04-08T15:36:26","slug":"fem-tandem-de-robotica","status":"publish","type":"page","link":"https:\/\/agora.xtec.cat\/ceip-bernatdesclot\/projectes\/fem-tandem-de-robotica\/","title":{"rendered":"Fem T\u00e0ndem L&#8217;H de Rob\u00f2tica"},"content":{"rendered":"<table style=\"width: 93.8182%; border-collapse: collapse; border-color: #ffffff; border-style: hidden; height: 732px;\" border=\"1\">\n<tbody>\n<tr>\n<td style=\"border-style: none; width: 50%;\"><\/td>\n<td style=\"width: 50%; vertical-align: top; border-style: none;\" rowspan=\"3\">\n<h6 class=\"font_8\"><strong><span style=\"font-size: 12pt; color: #000000;\">FEM T\u00c0NDEM L&#8217;H \u00e9s un projecte de singularitzaci\u00f3 de les escoles p\u00fabliques de L&#8217;Hospitalet mitjan\u00e7ant un element d&#8217;excel\u00b7l\u00e8ncia del camp de les arts, la cultura i les ci\u00e8ncies. Vol desenvolupar la funci\u00f3 educativa de la cultura enfortint els vincles i la col\u00b7laboraci\u00f3 dels equipaments culturals amb les escoles p\u00fabliques de L&#8217;Hospitalet.<\/span><\/strong><\/h6>\n<h6 class=\"font_8\"><strong><span style=\"font-size: 12pt; color: #000000;\">En aquest sentit, la nostra escola s\u2019ha proposat com a objectiu introduir la rob\u00f2tica de forma sistem\u00e0tica i continuada al final de cada cicle (2n, 4t i 6\u00e8) per tal de millorar els aspectes matem\u00e0tics, cient\u00edfics i tecnol\u00f2gics de manera l\u00fadica i motivadora utilitzant com a llengua de comunicaci\u00f3 i aprenentatge l\u2019angl\u00e8s.<\/span><\/strong><\/h6>\n<h6 class=\"font_8\"><strong><span style=\"font-size: 12pt; color: #000000;\">L\u2019entitat Nub\u00f2tica Academy ens ofereix la possibilitat d\u2019assolir el nostre objectiu tenint en compte, a m\u00e9s a m\u00e9s, les bases del projecte \u201cFem T\u00e0ndem\u201d:<\/span><\/strong><\/h6>\n<h6 class=\"font_8\"><strong><span style=\"font-size: 12pt; color: #000000;\">&#8211; Forma part del curr\u00edculum de l\u2019escola.<\/span><\/strong><\/h6>\n<h6 class=\"font_8\"><strong><span style=\"font-size: 12pt; color: #000000;\">&#8211; T\u00e9 projecci\u00f3 dins el marc del Pla Educatiu d\u2019Entorn.<\/span><\/strong><\/h6>\n<h6 class=\"font_8\"><strong><span style=\"font-size: 12pt; color: #000000;\">&#8211; Intervenen processos propis d\u2019una activitat d\u2019aprenentatge-servei.<\/span><\/strong><\/h6>\n<\/td>\n<\/tr>\n<tr>\n<td style=\"border-style: none; width: 50%;\"><a href=\"https:\/\/agora.xtec.cat\/ceip-bernatdesclot\/wp-content\/uploads\/usu1950\/2019\/05\/tandemrobotica.jpg\"><img loading=\"lazy\" decoding=\"async\" class=\"alignnone size-full wp-image-598\" src=\"https:\/\/agora.xtec.cat\/ceip-bernatdesclot\/wp-content\/uploads\/usu1950\/2019\/05\/tandemrobotica.jpg\" alt=\"\" width=\"245\" height=\"182\" srcset=\"https:\/\/agora.xtec.cat\/ceip-bernatdesclot\/wp-content\/uploads\/usu1950\/2019\/05\/tandemrobotica.jpg 245w, https:\/\/agora.xtec.cat\/ceip-bernatdesclot\/wp-content\/uploads\/usu1950\/2019\/05\/tandemrobotica-200x150.jpg 200w\" sizes=\"auto, (max-width: 245px) 100vw, 245px\" \/><\/a><\/td>\n<\/tr>\n<tr>\n<td style=\"border-style: none; width: 50%;\"><a href=\"https:\/\/agora.xtec.cat\/ceip-bernatdesclot\/wp-content\/uploads\/usu1950\/2019\/05\/nubotica-academy.jpg\"><img loading=\"lazy\" decoding=\"async\" class=\"alignnone size-full wp-image-601\" src=\"https:\/\/agora.xtec.cat\/ceip-bernatdesclot\/wp-content\/uploads\/usu1950\/2019\/05\/nubotica-academy.jpg\" alt=\"\" width=\"246\" height=\"149\" \/><\/a><\/td>\n<\/tr>\n<\/tbody>\n<\/table>\n","protected":false},"excerpt":{"rendered":"<p>FEM T\u00c0NDEM L&#8217;H \u00e9s un projecte de singularitzaci\u00f3 de les escoles p\u00fabliques de L&#8217;Hospitalet mitjan\u00e7ant un element d&#8217;excel\u00b7l\u00e8ncia del camp de les arts, la cultura i les ci\u00e8ncies. Vol desenvolupar la funci\u00f3 educativa de la cultura enfortint els vincles i la col\u00b7laboraci\u00f3 dels equipaments culturals&hellip;  <a href=\"https:\/\/agora.xtec.cat\/ceip-bernatdesclot\/projectes\/fem-tandem-de-robotica\/\" title=\"Read Fem T\u00e0ndem L&#8217;H de Rob\u00f2tica\">Llegeix m\u00e9s\u00bb<\/a><\/p>\n","protected":false},"author":1,"featured_media":0,"parent":3491,"menu_order":1,"comment_status":"closed","ping_status":"closed","template":"page-templates\/side-menu.php","meta":{"_bbp_topic_count":0,"_bbp_reply_count":0,"_bbp_total_topic_count":0,"_bbp_total_reply_count":0,"_bbp_voice_count":0,"_bbp_anonymous_reply_count":0,"_bbp_topic_count_hidden":0,"_bbp_reply_count_hidden":0,"_bbp_forum_subforum_count":0,"footnotes":""},"class_list":["post-600","page","type-page","status-publish","hentry"],"post_mailing_queue_ids":[],"_links":{"self":[{"href":"https:\/\/agora.xtec.cat\/ceip-bernatdesclot\/wp-json\/wp\/v2\/pages\/600","targetHints":{"allow":["GET"]}}],"collection":[{"href":"https:\/\/agora.xtec.cat\/ceip-bernatdesclot\/wp-json\/wp\/v2\/pages"}],"about":[{"href":"https:\/\/agora.xtec.cat\/ceip-bernatdesclot\/wp-json\/wp\/v2\/types\/page"}],"author":[{"embeddable":true,"href":"https:\/\/agora.xtec.cat\/ceip-bernatdesclot\/wp-json\/wp\/v2\/users\/1"}],"replies":[{"embeddable":true,"href":"https:\/\/agora.xtec.cat\/ceip-bernatdesclot\/wp-json\/wp\/v2\/comments?post=600"}],"version-history":[{"count":5,"href":"https:\/\/agora.xtec.cat\/ceip-bernatdesclot\/wp-json\/wp\/v2\/pages\/600\/revisions"}],"predecessor-version":[{"id":5518,"href":"https:\/\/agora.xtec.cat\/ceip-bernatdesclot\/wp-json\/wp\/v2\/pages\/600\/revisions\/5518"}],"up":[{"embeddable":true,"href":"https:\/\/agora.xtec.cat\/ceip-bernatdesclot\/wp-json\/wp\/v2\/pages\/3491"}],"wp:attachment":[{"href":"https:\/\/agora.xtec.cat\/ceip-bernatdesclot\/wp-json\/wp\/v2\/media?parent=600"}],"curies":[{"name":"wp","href":"https:\/\/api.w.org\/{rel}","templated":true}]}}