{"id":3654,"date":"2022-12-16T23:51:36","date_gmt":"2022-12-16T22:51:36","guid":{"rendered":"https:\/\/agora.xtec.cat\/ceip-bernatdesclot\/?page_id=3654"},"modified":"2022-12-16T23:57:42","modified_gmt":"2022-12-16T22:57:42","slug":"acces-a-dinantia-amb-un-ordinador","status":"publish","type":"page","link":"https:\/\/agora.xtec.cat\/ceip-bernatdesclot\/tutorials-plataformes-digitals\/dinantia\/acces-a-dinantia-amb-un-ordinador\/","title":{"rendered":"Acc\u00e9s a Dinantia amb un ordinador"},"content":{"rendered":"<p>Les fam\u00edlies, principalment, accediu i consulteu les informacions de <strong>Dinantia<\/strong> a trav\u00e9s de l&#8217;App. Tamb\u00e9 podeu accedir a la versi\u00f3 web, simplement heu d&#8217;entrar a la web de l&#8217;escola i clicar a la icona de Dinantia.<\/p>\n<p>Heu d&#8217;identificar-vos amb el vostre correu de l&#8217;escola (o el que tingueu registrat en la plataforma), fent click en el bot\u00f3 &#8220;Accedir amb google&#8221; o &#8220;Accedir amb Microsoft&#8221;.<\/p>\n<p><img loading=\"lazy\" decoding=\"async\" class=\"size-medium wp-image-3655 aligncenter\" src=\"https:\/\/agora.xtec.cat\/ceip-bernatdesclot\/wp-content\/uploads\/usu1950\/2022\/12\/Captura-de-pantalla-2022-12-16-a-las-23.49.49-300x174.png\" alt=\"\" width=\"300\" height=\"174\" srcset=\"https:\/\/agora.xtec.cat\/ceip-bernatdesclot\/wp-content\/uploads\/usu1950\/2022\/12\/Captura-de-pantalla-2022-12-16-a-las-23.49.49-300x174.png 300w, https:\/\/agora.xtec.cat\/ceip-bernatdesclot\/wp-content\/uploads\/usu1950\/2022\/12\/Captura-de-pantalla-2022-12-16-a-las-23.49.49.png 307w\" sizes=\"auto, (max-width: 300px) 100vw, 300px\" \/><br \/>\nUn cop heu iniciat sessi\u00f3, veureu una pantalla com la seg\u00fcent, on podreu llegir els missatges i notificacions que us envia l&#8217;escola:<\/p>\n<p><img loading=\"lazy\" decoding=\"async\" class=\"alignnone wp-image-3656 size-full\" src=\"https:\/\/agora.xtec.cat\/ceip-bernatdesclot\/wp-content\/uploads\/usu1950\/2022\/12\/Captura-de-pantalla-2022-12-16-a-las-23.43.33.png\" alt=\"\" width=\"1435\" height=\"716\" srcset=\"https:\/\/agora.xtec.cat\/ceip-bernatdesclot\/wp-content\/uploads\/usu1950\/2022\/12\/Captura-de-pantalla-2022-12-16-a-las-23.43.33.png 1435w, https:\/\/agora.xtec.cat\/ceip-bernatdesclot\/wp-content\/uploads\/usu1950\/2022\/12\/Captura-de-pantalla-2022-12-16-a-las-23.43.33-300x150.png 300w, https:\/\/agora.xtec.cat\/ceip-bernatdesclot\/wp-content\/uploads\/usu1950\/2022\/12\/Captura-de-pantalla-2022-12-16-a-las-23.43.33-1024x511.png 1024w, https:\/\/agora.xtec.cat\/ceip-bernatdesclot\/wp-content\/uploads\/usu1950\/2022\/12\/Captura-de-pantalla-2022-12-16-a-las-23.43.33-768x383.png 768w\" sizes=\"auto, (max-width: 1435px) 100vw, 1435px\" \/><\/p>\n<p>En la secci\u00f3 &#8220;calendari&#8221; podeu veure els principals esdeveniments del centre i de l&#8217;aula del vostre fill\/a (sortides, festius, activitats, etc&#8230;.):<\/p>\n<p><img loading=\"lazy\" decoding=\"async\" class=\"alignnone size-full wp-image-3664\" src=\"https:\/\/agora.xtec.cat\/ceip-bernatdesclot\/wp-content\/uploads\/usu1950\/2022\/12\/Captura-de-pantalla-2022-12-16-a-las-23.44.53.png\" alt=\"\" width=\"1239\" height=\"717\" srcset=\"https:\/\/agora.xtec.cat\/ceip-bernatdesclot\/wp-content\/uploads\/usu1950\/2022\/12\/Captura-de-pantalla-2022-12-16-a-las-23.44.53.png 1239w, https:\/\/agora.xtec.cat\/ceip-bernatdesclot\/wp-content\/uploads\/usu1950\/2022\/12\/Captura-de-pantalla-2022-12-16-a-las-23.44.53-300x174.png 300w, https:\/\/agora.xtec.cat\/ceip-bernatdesclot\/wp-content\/uploads\/usu1950\/2022\/12\/Captura-de-pantalla-2022-12-16-a-las-23.44.53-1024x593.png 1024w, https:\/\/agora.xtec.cat\/ceip-bernatdesclot\/wp-content\/uploads\/usu1950\/2022\/12\/Captura-de-pantalla-2022-12-16-a-las-23.44.53-768x444.png 768w\" sizes=\"auto, (max-width: 1239px) 100vw, 1239px\" \/><\/p>\n<p>En la secci\u00f3 &#8220;fills&#8221; podeu consultar: l&#8217;horari, les faltes d&#8217;assist\u00e8ncia i el seguiment de les diferents mat\u00e8ries:<\/p>\n<p><img loading=\"lazy\" decoding=\"async\" class=\"alignnone size-full wp-image-3658\" src=\"https:\/\/agora.xtec.cat\/ceip-bernatdesclot\/wp-content\/uploads\/usu1950\/2022\/12\/Captura-de-pantalla-2022-12-16-a-las-23.44.05.png\" alt=\"\" width=\"834\" height=\"388\" srcset=\"https:\/\/agora.xtec.cat\/ceip-bernatdesclot\/wp-content\/uploads\/usu1950\/2022\/12\/Captura-de-pantalla-2022-12-16-a-las-23.44.05.png 834w, https:\/\/agora.xtec.cat\/ceip-bernatdesclot\/wp-content\/uploads\/usu1950\/2022\/12\/Captura-de-pantalla-2022-12-16-a-las-23.44.05-300x140.png 300w, https:\/\/agora.xtec.cat\/ceip-bernatdesclot\/wp-content\/uploads\/usu1950\/2022\/12\/Captura-de-pantalla-2022-12-16-a-las-23.44.05-768x357.png 768w\" sizes=\"auto, (max-width: 834px) 100vw, 834px\" \/><\/p>\n<p>Horari:<\/p>\n<p><img loading=\"lazy\" decoding=\"async\" class=\"alignnone size-full wp-image-3659\" src=\"https:\/\/agora.xtec.cat\/ceip-bernatdesclot\/wp-content\/uploads\/usu1950\/2022\/12\/Captura-de-pantalla-2022-12-16-a-las-23.45.59.png\" alt=\"\" width=\"1222\" height=\"710\" srcset=\"https:\/\/agora.xtec.cat\/ceip-bernatdesclot\/wp-content\/uploads\/usu1950\/2022\/12\/Captura-de-pantalla-2022-12-16-a-las-23.45.59.png 1222w, https:\/\/agora.xtec.cat\/ceip-bernatdesclot\/wp-content\/uploads\/usu1950\/2022\/12\/Captura-de-pantalla-2022-12-16-a-las-23.45.59-300x174.png 300w, https:\/\/agora.xtec.cat\/ceip-bernatdesclot\/wp-content\/uploads\/usu1950\/2022\/12\/Captura-de-pantalla-2022-12-16-a-las-23.45.59-1024x595.png 1024w, https:\/\/agora.xtec.cat\/ceip-bernatdesclot\/wp-content\/uploads\/usu1950\/2022\/12\/Captura-de-pantalla-2022-12-16-a-las-23.45.59-768x446.png 768w\" sizes=\"auto, (max-width: 1222px) 100vw, 1222px\" \/><\/p>\n<p>Faltes d&#8217;assist\u00e8ncia:<\/p>\n<p><img loading=\"lazy\" decoding=\"async\" class=\"alignnone size-full wp-image-3660\" src=\"https:\/\/agora.xtec.cat\/ceip-bernatdesclot\/wp-content\/uploads\/usu1950\/2022\/12\/Captura-de-pantalla-2022-12-16-a-las-23.46.38.png\" alt=\"\" width=\"1197\" height=\"663\" srcset=\"https:\/\/agora.xtec.cat\/ceip-bernatdesclot\/wp-content\/uploads\/usu1950\/2022\/12\/Captura-de-pantalla-2022-12-16-a-las-23.46.38.png 1197w, https:\/\/agora.xtec.cat\/ceip-bernatdesclot\/wp-content\/uploads\/usu1950\/2022\/12\/Captura-de-pantalla-2022-12-16-a-las-23.46.38-300x166.png 300w, https:\/\/agora.xtec.cat\/ceip-bernatdesclot\/wp-content\/uploads\/usu1950\/2022\/12\/Captura-de-pantalla-2022-12-16-a-las-23.46.38-1024x567.png 1024w, https:\/\/agora.xtec.cat\/ceip-bernatdesclot\/wp-content\/uploads\/usu1950\/2022\/12\/Captura-de-pantalla-2022-12-16-a-las-23.46.38-768x425.png 768w\" sizes=\"auto, (max-width: 1197px) 100vw, 1197px\" \/><\/p>\n<p>Seguiments:<\/p>\n<p><img loading=\"lazy\" decoding=\"async\" class=\"alignnone size-full wp-image-3661\" src=\"https:\/\/agora.xtec.cat\/ceip-bernatdesclot\/wp-content\/uploads\/usu1950\/2022\/12\/Captura-de-pantalla-2022-12-16-a-las-23.47.06.png\" alt=\"\" width=\"1205\" height=\"428\" srcset=\"https:\/\/agora.xtec.cat\/ceip-bernatdesclot\/wp-content\/uploads\/usu1950\/2022\/12\/Captura-de-pantalla-2022-12-16-a-las-23.47.06.png 1205w, https:\/\/agora.xtec.cat\/ceip-bernatdesclot\/wp-content\/uploads\/usu1950\/2022\/12\/Captura-de-pantalla-2022-12-16-a-las-23.47.06-300x107.png 300w, https:\/\/agora.xtec.cat\/ceip-bernatdesclot\/wp-content\/uploads\/usu1950\/2022\/12\/Captura-de-pantalla-2022-12-16-a-las-23.47.06-1024x364.png 1024w, https:\/\/agora.xtec.cat\/ceip-bernatdesclot\/wp-content\/uploads\/usu1950\/2022\/12\/Captura-de-pantalla-2022-12-16-a-las-23.47.06-768x273.png 768w\" sizes=\"auto, (max-width: 1205px) 100vw, 1205px\" \/><\/p>\n<p>&nbsp;<\/p>\n","protected":false},"excerpt":{"rendered":"<p>Les fam\u00edlies, principalment, accediu i consulteu les informacions de Dinantia a trav\u00e9s de l&#8217;App. Tamb\u00e9 podeu accedir a la versi\u00f3 web, simplement heu d&#8217;entrar a la web de l&#8217;escola i clicar a la icona de Dinantia.<br \/>\nHeu d&#8217;identificar-vos amb el vostre correu de l&#8217;escola (o el&hellip;  <a href=\"https:\/\/agora.xtec.cat\/ceip-bernatdesclot\/tutorials-plataformes-digitals\/dinantia\/acces-a-dinantia-amb-un-ordinador\/\" title=\"Read Acc\u00e9s a Dinantia amb un ordinador\">Llegeix m\u00e9s\u00bb<\/a><\/p>\n","protected":false},"author":3,"featured_media":0,"parent":3448,"menu_order":0,"comment_status":"closed","ping_status":"closed","template":"page-templates\/side-menu.php","meta":{"_bbp_topic_count":0,"_bbp_reply_count":0,"_bbp_total_topic_count":0,"_bbp_total_reply_count":0,"_bbp_voice_count":0,"_bbp_anonymous_reply_count":0,"_bbp_topic_count_hidden":0,"_bbp_reply_count_hidden":0,"_bbp_forum_subforum_count":0,"footnotes":""},"class_list":["post-3654","page","type-page","status-publish","hentry"],"post_mailing_queue_ids":[],"_links":{"self":[{"href":"https:\/\/agora.xtec.cat\/ceip-bernatdesclot\/wp-json\/wp\/v2\/pages\/3654","targetHints":{"allow":["GET"]}}],"collection":[{"href":"https:\/\/agora.xtec.cat\/ceip-bernatdesclot\/wp-json\/wp\/v2\/pages"}],"about":[{"href":"https:\/\/agora.xtec.cat\/ceip-bernatdesclot\/wp-json\/wp\/v2\/types\/page"}],"author":[{"embeddable":true,"href":"https:\/\/agora.xtec.cat\/ceip-bernatdesclot\/wp-json\/wp\/v2\/users\/3"}],"replies":[{"embeddable":true,"href":"https:\/\/agora.xtec.cat\/ceip-bernatdesclot\/wp-json\/wp\/v2\/comments?post=3654"}],"version-history":[{"count":3,"href":"https:\/\/agora.xtec.cat\/ceip-bernatdesclot\/wp-json\/wp\/v2\/pages\/3654\/revisions"}],"predecessor-version":[{"id":3665,"href":"https:\/\/agora.xtec.cat\/ceip-bernatdesclot\/wp-json\/wp\/v2\/pages\/3654\/revisions\/3665"}],"up":[{"embeddable":true,"href":"https:\/\/agora.xtec.cat\/ceip-bernatdesclot\/wp-json\/wp\/v2\/pages\/3448"}],"wp:attachment":[{"href":"https:\/\/agora.xtec.cat\/ceip-bernatdesclot\/wp-json\/wp\/v2\/media?parent=3654"}],"curies":[{"name":"wp","href":"https:\/\/api.w.org\/{rel}","templated":true}]}}