{"id":3577,"date":"2022-12-10T16:45:47","date_gmt":"2022-12-10T15:45:47","guid":{"rendered":"https:\/\/agora.xtec.cat\/ceip-bernatdesclot\/?page_id=3577"},"modified":"2026-03-18T11:58:39","modified_gmt":"2026-03-18T10:58:39","slug":"comunicacio-i-atencio-amb-les-families","status":"publish","type":"page","link":"https:\/\/agora.xtec.cat\/ceip-bernatdesclot\/lescola\/comunicacio-i-atencio-amb-les-families\/","title":{"rendered":"Comunicaci\u00f3 i atenci\u00f3 amb les fam\u00edlies"},"content":{"rendered":"<div class=\"entry-content\">\n<p><strong><img loading=\"lazy\" decoding=\"async\" class=\"wp-image-494  alignleft\" src=\"http:\/\/agora.xtec.cat\/ceipauro\/wp-content\/uploads\/usu276\/2017\/10\/Captura-de-pantalla-2018-07-10-a-les-17.14.12-150x142.png\" sizes=\"auto, (max-width: 150px) 100vw, 150px\" srcset=\"https:\/\/agora.xtec.cat\/ceipauro\/wp-content\/uploads\/usu276\/2017\/10\/Captura-de-pantalla-2018-07-10-a-les-17.14.12-150x142.png 150w, https:\/\/agora.xtec.cat\/ceipauro\/wp-content\/uploads\/usu276\/2017\/10\/Captura-de-pantalla-2018-07-10-a-les-17.14.12.png 151w\" alt=\"\" width=\"186\" height=\"175\" \/><\/strong><\/p>\n<p data-start=\"187\" data-end=\"280\">Recordeu que les vies oficials de comunicaci\u00f3 entre l\u2019escola i les fam\u00edlies s\u00f3n les seg\u00fcents:<\/p>\n<ul data-start=\"282\" data-end=\"1124\">\n<li data-section-id=\"qqjv44\" data-start=\"282\" data-end=\"489\">\n<p data-start=\"284\" data-end=\"489\"><strong data-start=\"284\" data-end=\"306\">Aplicaci\u00f3 Dinantia<\/strong>: \u00e9s el canal principal de comunicaci\u00f3 del centre. A trav\u00e9s d\u2019aquesta aplicaci\u00f3 rebreu tots els missatges, avisos i notificacions tant de l\u2019equip directiu com dels tutors i mestres.<\/p>\n<\/li>\n<li data-section-id=\"55b2xa\" data-start=\"490\" data-end=\"658\">\n<p data-start=\"492\" data-end=\"658\"><strong data-start=\"492\" data-end=\"535\">Correu electr\u00f2nic dels tutors i tutores<\/strong> (domini @escolabernatdesclot.cat): per a q\u00fcestions pedag\u00f2giques o relacionades amb el seguiment individual de l\u2019alumnat.<\/p>\n<\/li>\n<li data-section-id=\"1mdslov\" data-start=\"659\" data-end=\"786\">\n<p data-start=\"661\" data-end=\"786\"><strong data-start=\"661\" data-end=\"693\">Correu electr\u00f2nic del centre<\/strong> (<a class=\"decorated-link cursor-pointer\" rel=\"noopener\" data-start=\"695\" data-end=\"712\">a8034837@xtec.cat<\/a>): per a consultes administratives o per adre\u00e7ar-vos a l\u2019equip directiu.<\/p>\n<\/li>\n<li data-section-id=\"18kkg8b\" data-start=\"787\" data-end=\"953\">\n<p data-start=\"789\" data-end=\"953\"><strong data-start=\"789\" data-end=\"807\">Web del centre<\/strong>: hi trobareu informaci\u00f3 sobre el dia a dia de l\u2019escola, documentaci\u00f3 d\u2019inter\u00e8s, enlla\u00e7os rellevants i el calendari amb les activitats escolars.<\/p>\n<\/li>\n<li data-section-id=\"qd5iwk\" data-start=\"954\" data-end=\"1124\">\n<p data-start=\"956\" data-end=\"1124\"><strong data-start=\"956\" data-end=\"974\">Agenda escolar<\/strong>: \u00e9s una eina de comunicaci\u00f3 quotidiana que permet fer el seguiment de tasques, avisos, autoritzacions i informacions puntuals entre fam\u00edlia i escola.<\/p>\n<\/li>\n<\/ul>\n<p data-start=\"1126\" data-end=\"1407\">\u00c9s molt important que <strong data-start=\"1148\" data-end=\"1215\">totes les fam\u00edlies tingueu descarregada i activa l\u2019App Dinantia<\/strong>, ja que \u00e9s el mitj\u00e0 principal per garantir una comunicaci\u00f3 \u00e0gil i efectiva amb el centre. A trav\u00e9s d\u2019aquesta aplicaci\u00f3 rebreu tota la informaci\u00f3 rellevant relacionada amb l\u2019activitat escolar.<\/p>\n<\/div>\n","protected":false},"excerpt":{"rendered":"<p>Recordeu que les vies oficials de comunicaci\u00f3 entre l\u2019escola i les fam\u00edlies s\u00f3n les seg\u00fcents:<\/p>\n<ul data-start=\"282\" data-end=\"1124\">\n<li data-section-id=\"qqjv44\" data-start=\"282\" data-end=\"489\">\nAplicaci\u00f3 Dinantia: \u00e9s el canal principal de comunicaci\u00f3 del centre. A trav\u00e9s d\u2019aquesta aplicaci\u00f3 rebreu tots els missatges, avisos i notificacions tant de l\u2019equip directiu com&hellip;  <a href=\"https:\/\/agora.xtec.cat\/ceip-bernatdesclot\/lescola\/comunicacio-i-atencio-amb-les-families\/\" title=\"Read Comunicaci\u00f3 i atenci\u00f3 amb les fam\u00edlies\">Llegeix m\u00e9s\u00bb<\/a><\/p>\n","protected":false},"author":3,"featured_media":0,"parent":22,"menu_order":0,"comment_status":"closed","ping_status":"closed","template":"page-templates\/side-menu.php","meta":{"_bbp_topic_count":0,"_bbp_reply_count":0,"_bbp_total_topic_count":0,"_bbp_total_reply_count":0,"_bbp_voice_count":0,"_bbp_anonymous_reply_count":0,"_bbp_topic_count_hidden":0,"_bbp_reply_count_hidden":0,"_bbp_forum_subforum_count":0,"footnotes":""},"class_list":["post-3577","page","type-page","status-publish","hentry"],"post_mailing_queue_ids":[],"_links":{"self":[{"href":"https:\/\/agora.xtec.cat\/ceip-bernatdesclot\/wp-json\/wp\/v2\/pages\/3577","targetHints":{"allow":["GET"]}}],"collection":[{"href":"https:\/\/agora.xtec.cat\/ceip-bernatdesclot\/wp-json\/wp\/v2\/pages"}],"about":[{"href":"https:\/\/agora.xtec.cat\/ceip-bernatdesclot\/wp-json\/wp\/v2\/types\/page"}],"author":[{"embeddable":true,"href":"https:\/\/agora.xtec.cat\/ceip-bernatdesclot\/wp-json\/wp\/v2\/users\/3"}],"replies":[{"embeddable":true,"href":"https:\/\/agora.xtec.cat\/ceip-bernatdesclot\/wp-json\/wp\/v2\/comments?post=3577"}],"version-history":[{"count":5,"href":"https:\/\/agora.xtec.cat\/ceip-bernatdesclot\/wp-json\/wp\/v2\/pages\/3577\/revisions"}],"predecessor-version":[{"id":5473,"href":"https:\/\/agora.xtec.cat\/ceip-bernatdesclot\/wp-json\/wp\/v2\/pages\/3577\/revisions\/5473"}],"up":[{"embeddable":true,"href":"https:\/\/agora.xtec.cat\/ceip-bernatdesclot\/wp-json\/wp\/v2\/pages\/22"}],"wp:attachment":[{"href":"https:\/\/agora.xtec.cat\/ceip-bernatdesclot\/wp-json\/wp\/v2\/media?parent=3577"}],"curies":[{"name":"wp","href":"https:\/\/api.w.org\/{rel}","templated":true}]}}