{"id":3448,"date":"2022-09-14T12:08:48","date_gmt":"2022-09-14T10:08:48","guid":{"rendered":"https:\/\/agora.xtec.cat\/ceip-bernatdesclot\/?page_id=3448"},"modified":"2023-10-28T17:00:06","modified_gmt":"2023-10-28T15:00:06","slug":"dinantia","status":"publish","type":"page","link":"https:\/\/agora.xtec.cat\/ceip-bernatdesclot\/tutorials-plataformes-digitals\/dinantia\/","title":{"rendered":"Dinantia"},"content":{"rendered":"<div class=\"oKdM2c ZZyype\">\n<div id=\"h.263da12e8782eab6_48\" class=\"hJDwNd-AhqUyc-OwsYgb Ft7HRd-AhqUyc-OwsYgb jXK9ad D2fZ2 zu5uec wHaque g5GTcb\">\n<div class=\"jXK9ad-SmKAyb\">\n<div class=\"tyJCtd mGzaTb Depvyb baZpAe\">\n<p class=\"zfr3Q CDt4Ke \" dir=\"ltr\"><span class=\"C9DxTc \"><strong>Dinantia<\/strong> \u00e9s la nostra <strong>App<\/strong> de comunicaci\u00f3 amb les fam\u00edlies. Cada fam\u00edlia ha d&#8217;instal\u00b7lar-se l&#8217;App en el seu dispositiu. Rebreu en aquesta App els missatges, enquestes i comunicacions de l&#8217;escola (equip directiu, tutors i mestres).<\/span><\/p>\n<p dir=\"ltr\"><img loading=\"lazy\" decoding=\"async\" class=\"aligncenter size-full wp-image-4027\" src=\"https:\/\/agora.xtec.cat\/ceip-bernatdesclot\/wp-content\/uploads\/usu1950\/2023\/09\/Captura-de-pantalla-2023-09-07-a-las-10.00.35.png\" alt=\"\" width=\"244\" height=\"75\" \/><\/p>\n<p class=\"zfr3Q CDt4Ke \" dir=\"ltr\">\n<p class=\"zfr3Q CDt4Ke \" dir=\"ltr\"><strong>Videotutorial:<\/strong><\/p>\n<p><iframe loading=\"lazy\" title=\"YouTube video player\" src=\"https:\/\/www.youtube.com\/embed\/U5FwetcTrAQ?si=TntvF4HEw1__322i\" width=\"560\" height=\"315\" frameborder=\"0\" allowfullscreen=\"allowfullscreen\"><\/iframe><\/p>\n<\/div>\n<\/div>\n<\/div>\n<\/div>\n","protected":false},"excerpt":{"rendered":"<p>Dinantia \u00e9s la nostra App de comunicaci\u00f3 amb les fam\u00edlies. Cada fam\u00edlia ha d&#8217;instal\u00b7lar-se l&#8217;App en el seu dispositiu. Rebreu en aquesta App els missatges, enquestes i comunicacions de l&#8217;escola (equip directiu, tutors i mestres).<\/p>\n<p>Videotutorial:<\/p>\n","protected":false},"author":3,"featured_media":0,"parent":3446,"menu_order":0,"comment_status":"closed","ping_status":"closed","template":"page-templates\/side-menu.php","meta":{"_bbp_topic_count":0,"_bbp_reply_count":0,"_bbp_total_topic_count":0,"_bbp_total_reply_count":0,"_bbp_voice_count":0,"_bbp_anonymous_reply_count":0,"_bbp_topic_count_hidden":0,"_bbp_reply_count_hidden":0,"_bbp_forum_subforum_count":0,"footnotes":""},"class_list":["post-3448","page","type-page","status-publish","hentry"],"post_mailing_queue_ids":[],"_links":{"self":[{"href":"https:\/\/agora.xtec.cat\/ceip-bernatdesclot\/wp-json\/wp\/v2\/pages\/3448","targetHints":{"allow":["GET"]}}],"collection":[{"href":"https:\/\/agora.xtec.cat\/ceip-bernatdesclot\/wp-json\/wp\/v2\/pages"}],"about":[{"href":"https:\/\/agora.xtec.cat\/ceip-bernatdesclot\/wp-json\/wp\/v2\/types\/page"}],"author":[{"embeddable":true,"href":"https:\/\/agora.xtec.cat\/ceip-bernatdesclot\/wp-json\/wp\/v2\/users\/3"}],"replies":[{"embeddable":true,"href":"https:\/\/agora.xtec.cat\/ceip-bernatdesclot\/wp-json\/wp\/v2\/comments?post=3448"}],"version-history":[{"count":3,"href":"https:\/\/agora.xtec.cat\/ceip-bernatdesclot\/wp-json\/wp\/v2\/pages\/3448\/revisions"}],"predecessor-version":[{"id":4101,"href":"https:\/\/agora.xtec.cat\/ceip-bernatdesclot\/wp-json\/wp\/v2\/pages\/3448\/revisions\/4101"}],"up":[{"embeddable":true,"href":"https:\/\/agora.xtec.cat\/ceip-bernatdesclot\/wp-json\/wp\/v2\/pages\/3446"}],"wp:attachment":[{"href":"https:\/\/agora.xtec.cat\/ceip-bernatdesclot\/wp-json\/wp\/v2\/media?parent=3448"}],"curies":[{"name":"wp","href":"https:\/\/api.w.org\/{rel}","templated":true}]}}