{"id":3036,"date":"2022-07-13T13:23:24","date_gmt":"2022-07-13T11:23:24","guid":{"rendered":"https:\/\/agora.xtec.cat\/ceip-bernatdesclot\/?page_id=3036"},"modified":"2022-07-13T13:25:26","modified_gmt":"2022-07-13T11:25:26","slug":"preinscripcio-i-matricula","status":"publish","type":"page","link":"https:\/\/agora.xtec.cat\/ceip-bernatdesclot\/secretaria\/preinscripcio-i-matricula\/","title":{"rendered":"Preinscripci\u00f3 i matr\u00edcula"},"content":{"rendered":"<p>Tota la informaci\u00f3 i dates sobre la preinscripci\u00f3 i la matr\u00edcula, la trobareu en el seg\u00fcent espai web que hem creat per donar a coneixer totes aquestes informacions:<\/p>\n<p><a class=\"button large\" style=\"padding: 1em; font-weight: 400; margin: 0.1em; color: white !important; background-color: #635144;\" href=\"https:\/\/sites.google.com\/escolabernatdesclot.cat\/portesobertes2122\/inici\" rel=\"noopener noreferrer\">Sites de portes obertes, preinscripci\u00f3 i matr\u00edcula al Bernat Desclot<\/a><\/p>\n<p>Aneu consultant diariament el sites per veure tota la informaci\u00f3 actualitzada \u26a0<\/p>\n","protected":false},"excerpt":{"rendered":"<p>Tota la informaci\u00f3 i dates sobre la preinscripci\u00f3 i la matr\u00edcula, la trobareu en el seg\u00fcent espai web que hem creat per donar a coneixer totes aquestes informacions:<br \/>\n<a class=\"button large\" style=\"padding: 1em; font-weight: 400; margin: 0.1em; color: white !important; background-color: #635144;\" href=\"https:\/\/sites.google.com\/escolabernatdesclot.cat\/portesobertes2122\/inici\" rel=\"noopener noreferrer\">Sites de&hellip;  <a href=\"https:\/\/agora.xtec.cat\/ceip-bernatdesclot\/secretaria\/preinscripcio-i-matricula\/\" title=\"Read Preinscripci\u00f3 i matr\u00edcula\">Llegeix m\u00e9s\u00bb<\/a><\/p>\n","protected":false},"author":3,"featured_media":0,"parent":3031,"menu_order":0,"comment_status":"closed","ping_status":"closed","template":"page-templates\/side-menu.php","meta":{"_bbp_topic_count":0,"_bbp_reply_count":0,"_bbp_total_topic_count":0,"_bbp_total_reply_count":0,"_bbp_voice_count":0,"_bbp_anonymous_reply_count":0,"_bbp_topic_count_hidden":0,"_bbp_reply_count_hidden":0,"_bbp_forum_subforum_count":0,"footnotes":""},"class_list":["post-3036","page","type-page","status-publish","hentry"],"post_mailing_queue_ids":[],"_links":{"self":[{"href":"https:\/\/agora.xtec.cat\/ceip-bernatdesclot\/wp-json\/wp\/v2\/pages\/3036","targetHints":{"allow":["GET"]}}],"collection":[{"href":"https:\/\/agora.xtec.cat\/ceip-bernatdesclot\/wp-json\/wp\/v2\/pages"}],"about":[{"href":"https:\/\/agora.xtec.cat\/ceip-bernatdesclot\/wp-json\/wp\/v2\/types\/page"}],"author":[{"embeddable":true,"href":"https:\/\/agora.xtec.cat\/ceip-bernatdesclot\/wp-json\/wp\/v2\/users\/3"}],"replies":[{"embeddable":true,"href":"https:\/\/agora.xtec.cat\/ceip-bernatdesclot\/wp-json\/wp\/v2\/comments?post=3036"}],"version-history":[{"count":2,"href":"https:\/\/agora.xtec.cat\/ceip-bernatdesclot\/wp-json\/wp\/v2\/pages\/3036\/revisions"}],"predecessor-version":[{"id":3038,"href":"https:\/\/agora.xtec.cat\/ceip-bernatdesclot\/wp-json\/wp\/v2\/pages\/3036\/revisions\/3038"}],"up":[{"embeddable":true,"href":"https:\/\/agora.xtec.cat\/ceip-bernatdesclot\/wp-json\/wp\/v2\/pages\/3031"}],"wp:attachment":[{"href":"https:\/\/agora.xtec.cat\/ceip-bernatdesclot\/wp-json\/wp\/v2\/media?parent=3036"}],"curies":[{"name":"wp","href":"https:\/\/api.w.org\/{rel}","templated":true}]}}

Preinscripció i matrícula

<p>Tota la informació i dates sobre la preinscripció i la matrícula, la trobareu en el següent espai web que hem creat per donar a coneixer totes aquestes informacions:</p>
<p><a class="button large" style="padding: 1em; font-weight: 400; margin: 0.1em; color: white !important; background-color: #635144;" href="https://sites.google.com/escolabernatdesclot.cat/portesobertes2122/inici" rel="noopener noreferrer">Sites de portes obertes, preinscripció i matrícula al Bernat Desclot</a></p>
<p>Aneu consultant diariament el sites per veure tota la informació actualitzada ⚠</p>

<p>Tota la informació i dates sobre la preinscripció i la matrícula, la trobareu en el següent espai web que hem creat per donar a coneixer totes aquestes informacions:<br />
<a class="button large" style="padding: 1em; font-weight: 400; margin: 0.1em; color: white !important; background-color: #635144;" href="https://sites.google.com/escolabernatdesclot.cat/portesobertes2122/inici" rel="noopener noreferrer">Sites de&hellip;  <a href="https://agora.xtec.cat/ceip-bernatdesclot/secretaria/preinscripcio-i-matricula/" title="Read Preinscripció i matrícula">Llegeix més»</a></p>
