{"id":2307,"date":"2021-11-03T12:20:50","date_gmt":"2021-11-03T11:20:50","guid":{"rendered":"https:\/\/agora.xtec.cat\/ceip-bernatdesclot\/?page_id=2307"},"modified":"2021-11-03T13:28:50","modified_gmt":"2021-11-03T12:28:50","slug":"eleccions-al-consell-escolar-2021","status":"publish","type":"page","link":"https:\/\/agora.xtec.cat\/ceip-bernatdesclot\/eleccions-al-consell-escolar-2021\/","title":{"rendered":"Eleccions al Consell Escolar 2021"},"content":{"rendered":"<h6><span style=\"color: #000000;\">Benvolguda fam\u00edlia,<\/span><\/h6>\n<h6><span style=\"color: #000000;\">El dimecres 3 de novembre s&#8217;ha iniciat el proc\u00e9s per a les eleccions al Consell Escolar del centre.<\/span><\/h6>\n<h6><span style=\"color: #000000;\">Des de l&#8217;escola us volem explicar la import\u00e0ncia, tant a nivell de la vostra participaci\u00f3 com a votants, o com a possibles candidats, de formar part del Consell Escolar (\u00f2rgan on estan representats tots els sectors de la comunitat educativa).<\/span><\/h6>\n<h6><span style=\"color: #000000;\">Tots els pares i mares teniu quelcom per aportar al Bernat i des de l&#8217;equip docent volem promoure la cultura participativa i democr\u00e0tica que ens possibiliti l&#8217;intercanvi d&#8217;informaci\u00f3 i el debat.<\/span><\/h6>\n<h6><span style=\"color: #000000;\">Per tot aix\u00f2 i moltes altres raons, ens agradaria que hi particip\u00e9ssiu. Si n&#8217;esteu interessats a presentar-vos com a candidats\/candidates podeu informar-nos responent a aquest correu. S&#8217;ha de renovar un dels tres membres que us representen.<\/span><\/h6>\n<h6><span style=\"color: #000000;\">Animeu-vos, treballem tots junts!!<\/span><\/h6>\n<h6><span style=\"color: #000000;\"><strong>PARTICIPA, DECIDEIX!!!!<\/strong><\/span><\/h6>\n<h6><span style=\"color: #000000;\"><strong>LA VOSTRA PARTICIPACI\u00d3 \u00c9S MOLT IMPORTANT PER A L&#8217;ESCOLA!!<\/strong><\/span><\/h6>\n<h6><span style=\"color: #000000;\">Salutacions cordials,<\/span><\/h6>\n<h6><span style=\"color: #000000;\">Mia Flores<\/span><br \/>\n<span style=\"color: #000000;\">Presidenta del\u00a0Consell\u00a0Escolar<\/span><\/h6>\n<p><strong><br \/>\nDOCUMENTS<\/strong><\/p>\n<p><strong><a href=\"https:\/\/agora.xtec.cat\/ceip-bernatdesclot\/wp-content\/uploads\/usu1950\/2021\/11\/convocatoria-eleccions-CE.pdf\" target=\"_blank\" rel=\"noopener\">Convocat\u00f2ria d&#8217;eleccions<\/a><br \/>\n<a href=\"https:\/\/agora.xtec.cat\/ceip-bernatdesclot\/wp-content\/uploads\/usu1950\/2021\/11\/carta-informacio-eleccions-consell-escolar-2021.pdf\" target=\"_blank\" rel=\"noopener\">Informaci\u00f3 eleccions<\/a><br \/>\n<a href=\"https:\/\/agora.xtec.cat\/ceip-bernatdesclot\/wp-content\/uploads\/usu1950\/2021\/11\/calendari-eleccions-CE.pdf\" target=\"_blank\" rel=\"noopener\">Calendari eleccions<\/a><\/strong><\/p>\n","protected":false},"excerpt":{"rendered":"<p>Benvolguda fam\u00edlia,<br \/>\nEl dimecres 3 de novembre s&#8217;ha iniciat el proc\u00e9s per a les eleccions al Consell Escolar del centre.<br \/>\nDes de l&#8217;escola us volem explicar la import\u00e0ncia, tant a nivell de la vostra participaci\u00f3 com a votants, o com a possibles candidats, de formar part del&hellip;  <a href=\"https:\/\/agora.xtec.cat\/ceip-bernatdesclot\/eleccions-al-consell-escolar-2021\/\" title=\"Read Eleccions al Consell Escolar 2021\">Llegeix m\u00e9s\u00bb<\/a><\/p>\n","protected":false},"author":1,"featured_media":0,"parent":0,"menu_order":0,"comment_status":"closed","ping_status":"closed","template":"","meta":{"_bbp_topic_count":0,"_bbp_reply_count":0,"_bbp_total_topic_count":0,"_bbp_total_reply_count":0,"_bbp_voice_count":0,"_bbp_anonymous_reply_count":0,"_bbp_topic_count_hidden":0,"_bbp_reply_count_hidden":0,"_bbp_forum_subforum_count":0,"footnotes":""},"class_list":["post-2307","page","type-page","status-publish","hentry"],"post_mailing_queue_ids":[],"_links":{"self":[{"href":"https:\/\/agora.xtec.cat\/ceip-bernatdesclot\/wp-json\/wp\/v2\/pages\/2307","targetHints":{"allow":["GET"]}}],"collection":[{"href":"https:\/\/agora.xtec.cat\/ceip-bernatdesclot\/wp-json\/wp\/v2\/pages"}],"about":[{"href":"https:\/\/agora.xtec.cat\/ceip-bernatdesclot\/wp-json\/wp\/v2\/types\/page"}],"author":[{"embeddable":true,"href":"https:\/\/agora.xtec.cat\/ceip-bernatdesclot\/wp-json\/wp\/v2\/users\/1"}],"replies":[{"embeddable":true,"href":"https:\/\/agora.xtec.cat\/ceip-bernatdesclot\/wp-json\/wp\/v2\/comments?post=2307"}],"version-history":[{"count":3,"href":"https:\/\/agora.xtec.cat\/ceip-bernatdesclot\/wp-json\/wp\/v2\/pages\/2307\/revisions"}],"predecessor-version":[{"id":2324,"href":"https:\/\/agora.xtec.cat\/ceip-bernatdesclot\/wp-json\/wp\/v2\/pages\/2307\/revisions\/2324"}],"wp:attachment":[{"href":"https:\/\/agora.xtec.cat\/ceip-bernatdesclot\/wp-json\/wp\/v2\/media?parent=2307"}],"curies":[{"name":"wp","href":"https:\/\/api.w.org\/{rel}","templated":true}]}}

<h6><span style="color: #000000;">Benvolguda família,</span></h6>
<h6><span style="color: #000000;">El dimecres 3 de novembre s&#8217;ha iniciat el procés per a les eleccions al Consell Escolar del centre.</span></h6>
<h6><span style="color: #000000;">Des de l&#8217;escola us volem explicar la importància, tant a nivell de la vostra participació com a votants, o com a possibles candidats, de formar part del Consell Escolar (òrgan on estan representats tots els sectors de la comunitat educativa).</span></h6>
<h6><span style="color: #000000;">Tots els pares i mares teniu quelcom per aportar al Bernat i des de l&#8217;equip docent volem promoure la cultura participativa i democràtica que ens possibiliti l&#8217;intercanvi d&#8217;informació i el debat.</span></h6>
<h6><span style="color: #000000;">Per tot això i moltes altres raons, ens agradaria que hi participéssiu. Si n&#8217;esteu interessats a presentar-vos com a candidats/candidates podeu informar-nos responent a aquest correu. S&#8217;ha de renovar un dels tres membres que us representen.</span></h6>
<h6><span style="color: #000000;">Animeu-vos, treballem tots junts!!</span></h6>
<h6><span style="color: #000000;"><strong>PARTICIPA, DECIDEIX!!!!</strong></span></h6>
<h6><span style="color: #000000;"><strong>LA VOSTRA PARTICIPACIÓ ÉS MOLT IMPORTANT PER A L&#8217;ESCOLA!!</strong></span></h6>
<h6><span style="color: #000000;">Salutacions cordials,</span></h6>
<h6><span style="color: #000000;">Mia Flores</span><br />
<span style="color: #000000;">Presidenta del Consell Escolar</span></h6>
<p><strong><br />
DOCUMENTS</strong></p>
<p><strong><a href="https://agora.xtec.cat/ceip-bernatdesclot/wp-content/uploads/usu1950/2021/11/convocatoria-eleccions-CE.pdf" target="_blank" rel="noopener">Convocatòria d&#8217;eleccions</a><br />
<a href="https://agora.xtec.cat/ceip-bernatdesclot/wp-content/uploads/usu1950/2021/11/carta-informacio-eleccions-consell-escolar-2021.pdf" target="_blank" rel="noopener">Informació eleccions</a><br />
<a href="https://agora.xtec.cat/ceip-bernatdesclot/wp-content/uploads/usu1950/2021/11/calendari-eleccions-CE.pdf" target="_blank" rel="noopener">Calendari eleccions</a></strong></p>

<p>Benvolguda família,<br />
El dimecres 3 de novembre s&#8217;ha iniciat el procés per a les eleccions al Consell Escolar del centre.<br />
Des de l&#8217;escola us volem explicar la importància, tant a nivell de la vostra participació com a votants, o com a possibles candidats, de formar part del&hellip;  <a href="https://agora.xtec.cat/ceip-bernatdesclot/eleccions-al-consell-escolar-2021/" title="Read Eleccions al Consell Escolar 2021">Llegeix més»</a></p>
