{"id":2145,"date":"2021-10-20T08:53:17","date_gmt":"2021-10-20T06:53:17","guid":{"rendered":"https:\/\/agora.xtec.cat\/ceip-bernatdesclot\/?page_id=2145"},"modified":"2022-09-09T22:04:38","modified_gmt":"2022-09-09T20:04:38","slug":"les-nostres-plataformes-digitals","status":"publish","type":"page","link":"https:\/\/agora.xtec.cat\/ceip-bernatdesclot\/les-nostres-plataformes-digitals\/","title":{"rendered":"Les nostres plataformes digitals"},"content":{"rendered":"<p>Les eines digitals formen part del dia a dia dels nostres alumnes i estan plenament integrades dins de la nostra societat.\u00a0 Apostem perqu\u00e8 a dins de l\u2019entorn escolar, tamb\u00e9 hi siguin presents en aquesta l\u00ednia, com un recurs diari dins de l\u2019aula.<\/p>\n<p>Al centre disposem de 3 <strong>eines digitals<\/strong> que ens ajuden a gestionar el nostre dia a dia i a millorar la comunicaci\u00f3 amb les fam\u00edlies. A m\u00e9s, fem un pas ferm en la reducci\u00f3 de paper en l&#8217;escola.<\/p>\n<ul>\n<li><strong>Plataforma Dinantia:<\/strong> \u00e9s la nostra plataforma de gesti\u00f3 i comunicaci\u00f3. Disposa d&#8217;una App per a les fam\u00edlies on reben totes les comunicacions i poden consultar les dades acad\u00e8miques dels seus fills\/es (agenda, calendari, faltes d&#8217;assist\u00e8ncia, horaris, seguiment de les mat\u00e8ries i de les tutories, butlletins de notes, etc.).<\/li>\n<li><strong>Plataforma Moodle:<\/strong> \u00e9s el nostres Entorn Virtual d&#8217;Aprenentatge. Es tracta del espai de treball amb l&#8217;alumnat, on tenim tots els cursos de cada mat\u00e8ria. Els alumnes accedeixen per fer els deures i treballar a classe (amb recursos i activitats).<\/li>\n<li><strong>Correu Gsuite:<\/strong> \u00e9s el nostre servidor de correu. Cada membre de la comunitat educativa del Bernat tenen assignat un correu corporatiu (@escolabernatdesclot.cat). En aquest correu es reben sempre una c\u00f2pia dels missatges de Dinantia i del Moodle. A m\u00e9s serveix per registrar-se i iniciar sessi\u00f3 en Dinantia.<\/li>\n<\/ul>\n<p>Per accedir, hem creat un portal digital on cada membre de la comunitat educativa (alumnes, fam\u00edlies i mestres) pot accedir a les seves plataformes i eines digitals m\u00e9s habituals.<\/p>\n<p><a href=\"http:\/\/www.escolabernatdesclot.cat\/portal\/\" target=\"_blank\" rel=\"noopener\"><img loading=\"lazy\" decoding=\"async\" class=\"alignnone wp-image-3262 size-full\" src=\"https:\/\/agora.xtec.cat\/ceip-bernatdesclot\/wp-content\/uploads\/usu1950\/2022\/08\/Captura-de-pantalla-2022-08-19-a-las-12.01.57.png\" alt=\"\" width=\"1297\" height=\"669\" srcset=\"https:\/\/agora.xtec.cat\/ceip-bernatdesclot\/wp-content\/uploads\/usu1950\/2022\/08\/Captura-de-pantalla-2022-08-19-a-las-12.01.57.png 1297w, https:\/\/agora.xtec.cat\/ceip-bernatdesclot\/wp-content\/uploads\/usu1950\/2022\/08\/Captura-de-pantalla-2022-08-19-a-las-12.01.57-300x155.png 300w, https:\/\/agora.xtec.cat\/ceip-bernatdesclot\/wp-content\/uploads\/usu1950\/2022\/08\/Captura-de-pantalla-2022-08-19-a-las-12.01.57-1024x528.png 1024w, https:\/\/agora.xtec.cat\/ceip-bernatdesclot\/wp-content\/uploads\/usu1950\/2022\/08\/Captura-de-pantalla-2022-08-19-a-las-12.01.57-768x396.png 768w\" sizes=\"auto, (max-width: 1297px) 100vw, 1297px\" \/><\/a><\/p>\n<p>En el mateix portal teniu un apartat amb ajudes i tutorials sobre el funcionament de les nostres plataformes.<\/p>\n","protected":false},"excerpt":{"rendered":"<p>Les eines digitals formen part del dia a dia dels nostres alumnes i estan plenament integrades dins de la nostra societat.\u00a0 Apostem perqu\u00e8 a dins de l\u2019entorn escolar, tamb\u00e9 hi siguin presents en aquesta l\u00ednia, com un recurs diari dins de l\u2019aula.<br \/>\nAl centre disposem de&hellip;  <a href=\"https:\/\/agora.xtec.cat\/ceip-bernatdesclot\/les-nostres-plataformes-digitals\/\" title=\"Read Les nostres plataformes digitals\">Llegeix m\u00e9s\u00bb<\/a><\/p>\n","protected":false},"author":3,"featured_media":0,"parent":0,"menu_order":0,"comment_status":"closed","ping_status":"closed","template":"page-templates\/side-menu.php","meta":{"_bbp_topic_count":0,"_bbp_reply_count":0,"_bbp_total_topic_count":0,"_bbp_total_reply_count":0,"_bbp_voice_count":0,"_bbp_anonymous_reply_count":0,"_bbp_topic_count_hidden":0,"_bbp_reply_count_hidden":0,"_bbp_forum_subforum_count":0,"footnotes":""},"class_list":["post-2145","page","type-page","status-publish","hentry"],"post_mailing_queue_ids":[],"_links":{"self":[{"href":"https:\/\/agora.xtec.cat\/ceip-bernatdesclot\/wp-json\/wp\/v2\/pages\/2145","targetHints":{"allow":["GET"]}}],"collection":[{"href":"https:\/\/agora.xtec.cat\/ceip-bernatdesclot\/wp-json\/wp\/v2\/pages"}],"about":[{"href":"https:\/\/agora.xtec.cat\/ceip-bernatdesclot\/wp-json\/wp\/v2\/types\/page"}],"author":[{"embeddable":true,"href":"https:\/\/agora.xtec.cat\/ceip-bernatdesclot\/wp-json\/wp\/v2\/users\/3"}],"replies":[{"embeddable":true,"href":"https:\/\/agora.xtec.cat\/ceip-bernatdesclot\/wp-json\/wp\/v2\/comments?post=2145"}],"version-history":[{"count":3,"href":"https:\/\/agora.xtec.cat\/ceip-bernatdesclot\/wp-json\/wp\/v2\/pages\/2145\/revisions"}],"predecessor-version":[{"id":3324,"href":"https:\/\/agora.xtec.cat\/ceip-bernatdesclot\/wp-json\/wp\/v2\/pages\/2145\/revisions\/3324"}],"wp:attachment":[{"href":"https:\/\/agora.xtec.cat\/ceip-bernatdesclot\/wp-json\/wp\/v2\/media?parent=2145"}],"curies":[{"name":"wp","href":"https:\/\/api.w.org\/{rel}","templated":true}]}}

<p>Les eines digitals formen part del dia a dia dels nostres alumnes i estan plenament integrades dins de la nostra societat.  Apostem perquè a dins de l’entorn escolar, també hi siguin presents en aquesta línia, com un recurs diari dins de l’aula.</p>
<p>Al centre disposem de 3 <strong>eines digitals</strong> que ens ajuden a gestionar el nostre dia a dia i a millorar la comunicació amb les famílies. A més, fem un pas ferm en la reducció de paper en l&#8217;escola.</p>
<ul>
<li><strong>Plataforma Dinantia:</strong> és la nostra plataforma de gestió i comunicació. Disposa d&#8217;una App per a les famílies on reben totes les comunicacions i poden consultar les dades acadèmiques dels seus fills/es (agenda, calendari, faltes d&#8217;assistència, horaris, seguiment de les matèries i de les tutories, butlletins de notes, etc.).</li>
<li><strong>Plataforma Moodle:</strong> és el nostres Entorn Virtual d&#8217;Aprenentatge. Es tracta del espai de treball amb l&#8217;alumnat, on tenim tots els cursos de cada matèria. Els alumnes accedeixen per fer els deures i treballar a classe (amb recursos i activitats).</li>
<li><strong>Correu Gsuite:</strong> és el nostre servidor de correu. Cada membre de la comunitat educativa del Bernat tenen assignat un correu corporatiu (@escolabernatdesclot.cat). En aquest correu es reben sempre una còpia dels missatges de Dinantia i del Moodle. A més serveix per registrar-se i iniciar sessió en Dinantia.</li>
</ul>
<p>Per accedir, hem creat un portal digital on cada membre de la comunitat educativa (alumnes, famílies i mestres) pot accedir a les seves plataformes i eines digitals més habituals.</p>
<p><a href="http://www.escolabernatdesclot.cat/portal/" target="_blank" rel="noopener"><img loading="lazy" decoding="async" class="alignnone wp-image-3262 size-full" src="https://agora.xtec.cat/ceip-bernatdesclot/wp-content/uploads/usu1950/2022/08/Captura-de-pantalla-2022-08-19-a-las-12.01.57.png" alt="" width="1297" height="669" srcset="https://agora.xtec.cat/ceip-bernatdesclot/wp-content/uploads/usu1950/2022/08/Captura-de-pantalla-2022-08-19-a-las-12.01.57.png 1297w, https://agora.xtec.cat/ceip-bernatdesclot/wp-content/uploads/usu1950/2022/08/Captura-de-pantalla-2022-08-19-a-las-12.01.57-300x155.png 300w, https://agora.xtec.cat/ceip-bernatdesclot/wp-content/uploads/usu1950/2022/08/Captura-de-pantalla-2022-08-19-a-las-12.01.57-1024x528.png 1024w, https://agora.xtec.cat/ceip-bernatdesclot/wp-content/uploads/usu1950/2022/08/Captura-de-pantalla-2022-08-19-a-las-12.01.57-768x396.png 768w" sizes="auto, (max-width: 1297px) 100vw, 1297px" /></a></p>
<p>En el mateix portal teniu un apartat amb ajudes i tutorials sobre el funcionament de les nostres plataformes.</p>

<p>Les eines digitals formen part del dia a dia dels nostres alumnes i estan plenament integrades dins de la nostra societat.  Apostem perquè a dins de l’entorn escolar, també hi siguin presents en aquesta línia, com un recurs diari dins de l’aula.<br />
Al centre disposem de&hellip;  <a href="https://agora.xtec.cat/ceip-bernatdesclot/les-nostres-plataformes-digitals/" title="Read Les nostres plataformes digitals">Llegeix més»</a></p>
