{"id":22,"date":"2014-09-18T12:19:57","date_gmt":"2014-09-18T12:19:57","guid":{"rendered":"http:\/\/agora.xtec.cat\/ceip-bellaterra\/?page_id=22"},"modified":"2026-03-05T18:40:29","modified_gmt":"2026-03-05T17:40:29","slug":"lescola","status":"publish","type":"page","link":"https:\/\/agora.xtec.cat\/ceip-bellaterra\/lescola\/","title":{"rendered":"L&#8217;ESCOLA"},"content":{"rendered":"<header class=\"entry-header \">\n<h1 class=\"entry-title\"><span style=\"font-size: 17.600000381469727px;\">Us donem la benvinguda a aquest espai on podreu con\u00e8ixer com som i com treballem a l&#8217;escola. Volem que tingueu a m\u00e0 tota la informaci\u00f3 essencial d&#8217;una manera f\u00e0cil i r\u00e0pida.<\/span><\/h1>\n<\/header>\n<div class=\"entry-content clear\">\n<blockquote data-path-to-node=\"7\">\n<p data-path-to-node=\"7,1\"><b data-path-to-node=\"7,1\" data-index-in-node=\"0\">Qu\u00e8 hi trobareu?<\/b><\/p>\n<ol start=\"1\" data-path-to-node=\"7,2\">\n<li>\n<p data-path-to-node=\"7,2,0,0\"><b data-path-to-node=\"7,2,0,0\" data-index-in-node=\"0\">Com trobar-nos:<\/b> Adre\u00e7a i canals de comunicaci\u00f3.<\/p>\n<\/li>\n<li>\n<p data-path-to-node=\"7,2,1,0\"><b data-path-to-node=\"7,2,1,0\" data-index-in-node=\"0\">El nostre passat:<\/b> La hist\u00f2ria que ens ha fet arribar fins aqu\u00ed.<\/p>\n<\/li>\n<li>\n<p data-path-to-node=\"7,2,2,0\"><b data-path-to-node=\"7,2,2,0\" data-index-in-node=\"0\">Dates clau:<\/b> Tot el que cal saber sobre el calendari escolar.<\/p>\n<\/li>\n<li>\n<p data-path-to-node=\"7,2,3,0\"><b data-path-to-node=\"7,2,3,0\" data-index-in-node=\"0\">L&#8217;equip:<\/b> Les persones que acompanyen els vostres fills i filles.<\/p>\n<\/li>\n<li>\n<p data-path-to-node=\"7,2,4,0\"><b data-path-to-node=\"7,2,4,0\" data-index-in-node=\"0\">Material de classe:<\/b> Tot el necessari per comen\u00e7ar el curs.<\/p>\n<\/li>\n<li>\n<p data-path-to-node=\"7,2,5,0\"><b data-path-to-node=\"7,2,5,0\" data-index-in-node=\"0\">Paperassa:<\/b> Documents i autoritzacions llestos per descarregar.<\/p>\n<\/li>\n<\/ol>\n<p data-path-to-node=\"7,3\">Hem dissenyat aquesta secci\u00f3 perqu\u00e8 sigui la vostra guia de refer\u00e8ncia per a qualsevol consulta sobre el funcionament del centre.<\/p>\n<\/blockquote>\n<\/div>\n","protected":false},"excerpt":{"rendered":"<p>Us donem la benvinguda a aquest espai on podreu con\u00e8ixer com som i com treballem a l&#8217;escola. Volem que tingueu a m\u00e0 tota la informaci\u00f3 essencial d&#8217;una manera f\u00e0cil i r\u00e0pida. Qu\u00e8 hi trobareu? Com trobar-nos: Adre\u00e7a i canals de comunicaci\u00f3. El nostre passat: La hist\u00f2ria que ens ha fet arribar fins aqu\u00ed. Dates clau: [&hellip;]<\/p>\n","protected":false},"author":2,"featured_media":0,"parent":0,"menu_order":1,"comment_status":"closed","ping_status":"closed","template":"","meta":{"_bbp_topic_count":0,"_bbp_reply_count":0,"_bbp_total_topic_count":0,"_bbp_total_reply_count":0,"_bbp_voice_count":0,"_bbp_anonymous_reply_count":0,"_bbp_topic_count_hidden":0,"_bbp_reply_count_hidden":0,"_bbp_forum_subforum_count":0,"site-sidebar-layout":"default","site-content-layout":"","ast-site-content-layout":"default","site-content-style":"default","site-sidebar-style":"default","ast-global-header-display":"","ast-banner-title-visibility":"","ast-main-header-display":"","ast-hfb-above-header-display":"","ast-hfb-below-header-display":"","ast-hfb-mobile-header-display":"","site-post-title":"","ast-breadcrumbs-content":"","ast-featured-img":"","footer-sml-layout":"","theme-transparent-header-meta":"default","adv-header-id-meta":"","stick-header-meta":"","header-above-stick-meta":"","header-main-stick-meta":"","header-below-stick-meta":"","astra-migrate-meta-layouts":"set","ast-page-background-enabled":"default","ast-page-background-meta":{"desktop":{"background-color":"var(--ast-global-color-4)","background-image":"","background-repeat":"repeat","background-position":"center center","background-size":"auto","background-attachment":"scroll","background-type":"","background-media":"","overlay-type":"","overlay-color":"","overlay-opacity":"","overlay-gradient":""},"tablet":{"background-color":"","background-image":"","background-repeat":"repeat","background-position":"center center","background-size":"auto","background-attachment":"scroll","background-type":"","background-media":"","overlay-type":"","overlay-color":"","overlay-opacity":"","overlay-gradient":""},"mobile":{"background-color":"","background-image":"","background-repeat":"repeat","background-position":"center center","background-size":"auto","background-attachment":"scroll","background-type":"","background-media":"","overlay-type":"","overlay-color":"","overlay-opacity":"","overlay-gradient":""}},"ast-content-background-meta":{"desktop":{"background-color":"var(--ast-global-color-5)","background-image":"","background-repeat":"repeat","background-position":"center center","background-size":"auto","background-attachment":"scroll","background-type":"","background-media":"","overlay-type":"","overlay-color":"","overlay-opacity":"","overlay-gradient":""},"tablet":{"background-color":"var(--ast-global-color-5)","background-image":"","background-repeat":"repeat","background-position":"center center","background-size":"auto","background-attachment":"scroll","background-type":"","background-media":"","overlay-type":"","overlay-color":"","overlay-opacity":"","overlay-gradient":""},"mobile":{"background-color":"var(--ast-global-color-5)","background-image":"","background-repeat":"repeat","background-position":"center center","background-size":"auto","background-attachment":"scroll","background-type":"","background-media":"","overlay-type":"","overlay-color":"","overlay-opacity":"","overlay-gradient":""}},"footnotes":""},"class_list":["post-22","page","type-page","status-publish","hentry"],"post_mailing_queue_ids":[],"_links":{"self":[{"href":"https:\/\/agora.xtec.cat\/ceip-bellaterra\/wp-json\/wp\/v2\/pages\/22","targetHints":{"allow":["GET"]}}],"collection":[{"href":"https:\/\/agora.xtec.cat\/ceip-bellaterra\/wp-json\/wp\/v2\/pages"}],"about":[{"href":"https:\/\/agora.xtec.cat\/ceip-bellaterra\/wp-json\/wp\/v2\/types\/page"}],"author":[{"embeddable":true,"href":"https:\/\/agora.xtec.cat\/ceip-bellaterra\/wp-json\/wp\/v2\/users\/2"}],"replies":[{"embeddable":true,"href":"https:\/\/agora.xtec.cat\/ceip-bellaterra\/wp-json\/wp\/v2\/comments?post=22"}],"version-history":[{"count":6,"href":"https:\/\/agora.xtec.cat\/ceip-bellaterra\/wp-json\/wp\/v2\/pages\/22\/revisions"}],"predecessor-version":[{"id":18855,"href":"https:\/\/agora.xtec.cat\/ceip-bellaterra\/wp-json\/wp\/v2\/pages\/22\/revisions\/18855"}],"wp:attachment":[{"href":"https:\/\/agora.xtec.cat\/ceip-bellaterra\/wp-json\/wp\/v2\/media?parent=22"}],"curies":[{"name":"wp","href":"https:\/\/api.w.org\/{rel}","templated":true}]}}