{"id":8313,"date":"2021-06-18T12:57:35","date_gmt":"2021-06-18T10:57:35","guid":{"rendered":"http:\/\/agora.xtec.cat\/ceip-barrufet-santboi\/?page_id=8313"},"modified":"2025-07-27T16:05:50","modified_gmt":"2025-07-27T14:05:50","slug":"llibres-de-text-pel-curs-2025-2026","status":"publish","type":"page","link":"https:\/\/agora.xtec.cat\/ceip-barrufet-santboi\/informacio-general\/llibres-de-text-pel-curs-2025-2026\/","title":{"rendered":"Llibres de text pel curs 2025\/2026"},"content":{"rendered":"\n<div class=\"wp-block-columns is-layout-flex wp-container-core-columns-is-layout-1 wp-block-columns-is-layout-flex\">\n<div class=\"wp-block-column is-layout-flow wp-block-column-is-layout-flow\" style=\"flex-basis:30%\">\n<figure class=\"wp-block-image size-full\"><a href=\"https:\/\/agora.xtec.cat\/ceip-barrufet-santboi\/wp-content\/uploads\/usu1517\/2025\/07\/boton-blog-11-min.png\"><img loading=\"lazy\" decoding=\"async\" width=\"660\" height=\"395\" src=\"https:\/\/agora.xtec.cat\/ceip-barrufet-santboi\/wp-content\/uploads\/usu1517\/2025\/07\/boton-blog-11-min.png\" alt=\"\" class=\"wp-image-15158\" srcset=\"https:\/\/agora.xtec.cat\/ceip-barrufet-santboi\/wp-content\/uploads\/usu1517\/2025\/07\/boton-blog-11-min.png 660w, https:\/\/agora.xtec.cat\/ceip-barrufet-santboi\/wp-content\/uploads\/usu1517\/2025\/07\/boton-blog-11-min-300x180.png 300w\" sizes=\"auto, (max-width: 660px) 100vw, 660px\" \/><\/a><\/figure>\n\n\n\n<p><a href=\"#llibresi4\">1- LLibres I4<\/a><\/p>\n\n\n\n<p><a href=\"#llibresi5\">2 &#8211; Llibres I5<\/a><\/p>\n\n\n\n<p><a href=\"#llibres1\">3 &#8211; Llibres 1r<\/a><\/p>\n\n\n\n<p><a href=\"#llibres2\">4 &#8211; Llibres 2n<\/a><\/p>\n\n\n\n<p><a href=\"#llibres3\">5 &#8211; Llibres 3r<\/a><\/p>\n\n\n\n<p><a href=\"#llibres4\">6 &#8211; Llibres 4t<\/a><\/p>\n\n\n\n<p><a href=\"#llibres5\">7 &#8211; Llibres 5\u00e8<\/a><\/p>\n\n\n\n<p><a href=\"#llibres6\">8 &#8211; Llibres 6\u00e8<\/a><\/p>\n<\/div>\n\n\n\n<div class=\"wp-block-column is-layout-flow wp-block-column-is-layout-flow\" style=\"flex-basis:70%\">\n<p><a href=\"https:\/\/agora.xtec.cat\/ceip-barrufet-santboi\/docs\/llibres-de-text-del-curs-2025-2026\/?bp-attachment=Llibres-curs-2025-2026.pdf\">Descarrega el llistat en PDF<\/a><\/p>\n\n\n\n<div class=\"wp-block-group has-border-color has-vivid-purple-border-color is-layout-constrained wp-container-core-group-is-layout-1 wp-block-group-is-layout-constrained\" style=\"border-radius:15px;padding-top:var(--wp--preset--spacing--30);padding-right:var(--wp--preset--spacing--40);padding-bottom:var(--wp--preset--spacing--30);padding-left:var(--wp--preset--spacing--40)\">\n<h4 class=\"wp-block-heading\" id=\"llibresi4\">Llibres I4<\/h4>\n\n\n\n<ul class=\"wp-block-list\">\n<li>QUADERN DE MATEM\u00c0TIQUES &#8211; NOMBRES 2 | ISBN: 9788448927585 &#8211; Editorial Barcanova<\/li>\n\n\n\n<li>QUADERN DE MATEM\u00c0TIQUES &#8211; ESPAI I FORMA 2 | ISBN: 9788448927585 &#8211; Editorial Barcanova<\/li>\n\n\n\n<li>QUADERN DE MATEM\u00c0TIQUES &#8211; Mesura i problemes 2 | ISBN: 97848927615 &#8211; Editorial Barcanova<\/li>\n\n\n\n<li>QUADERN DE GRAFOMOTRICITTAT &#8211; Nivell 3 | ISBN: 9788447930661 &#8211; Editorial Baula<\/li>\n<\/ul>\n<\/div>\n\n\n\n<div style=\"height:20px\" aria-hidden=\"true\" class=\"wp-block-spacer\"><\/div>\n\n\n\n<div class=\"wp-block-group has-border-color has-vivid-green-cyan-border-color is-layout-constrained wp-container-core-group-is-layout-2 wp-block-group-is-layout-constrained\" style=\"border-radius:15px;padding-top:var(--wp--preset--spacing--30);padding-right:var(--wp--preset--spacing--40);padding-bottom:var(--wp--preset--spacing--30);padding-left:var(--wp--preset--spacing--40)\">\n<h4 class=\"wp-block-heading\" id=\"llibresi5\">Llibres I5<\/h4>\n\n\n\n<ul class=\"wp-block-list\">\n<li>QUADERN DE MATEM\u00c0TIQUES &#8211; NOMBRES 3 | ISBN: 9788448927561 &#8211; Editorial Barcanova<\/li>\n\n\n\n<li>QUADERN DE MATEM\u00c0TIQUES &#8211; ESPAI I FORMA 3 | ISBN: 9788448927592 &#8211; Editorial Barcanova<\/li>\n\n\n\n<li>QUADERN DE MATEM\u00c0TIQUES &#8211; Mesura i problemes 3 | ISBN: 9788448927622 &#8211; Editorial Barcanova<\/li>\n\n\n\n<li>QUADERN DE GRAFOMOTRICITTAT &#8211; Nivell 4 | ISBN: 9788447930678 &#8211; Editorial Baula<\/li>\n<\/ul>\n<\/div>\n\n\n\n<div style=\"height:20px\" aria-hidden=\"true\" class=\"wp-block-spacer\"><\/div>\n\n\n\n<div class=\"wp-block-group has-border-color has-luminous-vivid-orange-border-color is-layout-constrained wp-container-core-group-is-layout-3 wp-block-group-is-layout-constrained\" style=\"border-radius:15px;padding-top:var(--wp--preset--spacing--30);padding-right:var(--wp--preset--spacing--40);padding-bottom:var(--wp--preset--spacing--30);padding-left:var(--wp--preset--spacing--40)\">\n<h4 class=\"wp-block-heading\" id=\"llibres1\">Llibres 1r<\/h4>\n\n\n\n<ul class=\"wp-block-list\">\n<li>TOT TALLERS &#8211; LLENGUA CATALANA 1 | ISBN: 978844123466 &#8211; Editorial Text.<\/li>\n\n\n\n<li>TOT TALLERS &#8211; LLENGUA CASTELLANA 1 | ISBN: 9788441234727 &#8211; Editorial Text.<\/li>\n\n\n\n<li>TOT TALLERS &#8211; MATEM\u00c0TIQUES 1 | ISBN: 9788441234789 &#8211; Editorial Text.<\/li>\n\n\n\n<li>ANGL\u00c8S (ALL ABOUT US NOW 1 CLASSBOOK WITH DIGITAL BOOK) | ISBN: 9780194074223 &#8211; Editorial Oxford<\/li>\n\n\n\n<li>BONA LLETRA 1 | ISBN: 9788448647759 &#8211; Editorial Mc Graw Hill<\/li>\n\n\n\n<li>LECTOESCRIPTURA PER A PRIMER: RITME 1 | ISBN: 9788441236042 &#8211; Editorial Text<\/li>\n\n\n\n<li>Agenda escolar Prim\u00e0ria<\/li>\n<\/ul>\n<\/div>\n\n\n\n<div style=\"height:20px\" aria-hidden=\"true\" class=\"wp-block-spacer\"><\/div>\n\n\n\n<div class=\"wp-block-group has-border-color has-light-green-cyan-border-color is-layout-constrained wp-container-core-group-is-layout-4 wp-block-group-is-layout-constrained\" style=\"border-radius:15px;padding-top:var(--wp--preset--spacing--30);padding-right:var(--wp--preset--spacing--40);padding-bottom:var(--wp--preset--spacing--30);padding-left:var(--wp--preset--spacing--40)\">\n<h4 class=\"wp-block-heading\" id=\"llibres2\">Llibres 2n<\/h4>\n\n\n\n<ul class=\"wp-block-list\">\n<li>TOT TALLERS &#8211; LLENGUA CATALANA 2 | ISBN: 978844123467. &#8211; Editorial Text.<\/li>\n\n\n\n<li>TOT TALLERS &#8211; LLENGUA CASTELLANA 2 | ISBN: 9788441234734 &#8211; Editorial Text.<\/li>\n\n\n\n<li>TOT TALLERS &#8211; MATEM\u00c0TIQUES 2 | ISBN: 9788441234796 &#8211; Editorial Text.<\/li>\n\n\n\n<li>ANGL\u00c8S (ALL ABOUT US NOW 2 CLASSBOOK WITH DIGITAL BOOK) | ISBN: 9780194074438 &#8211; Editorial Oxford<\/li>\n\n\n\n<li>BONA LLETRA 2 | ISBN: 9788448647766 &#8211; Editorial Mc Graw Hill<\/li>\n\n\n\n<li>Agenda escolar Prim\u00e0ria<\/li>\n<\/ul>\n<\/div>\n\n\n\n<div style=\"height:20px\" aria-hidden=\"true\" class=\"wp-block-spacer\"><\/div>\n\n\n\n<div class=\"wp-block-group has-border-color has-luminous-vivid-amber-border-color is-layout-constrained wp-container-core-group-is-layout-5 wp-block-group-is-layout-constrained\" style=\"border-radius:15px;padding-top:var(--wp--preset--spacing--30);padding-right:var(--wp--preset--spacing--40);padding-bottom:var(--wp--preset--spacing--30);padding-left:var(--wp--preset--spacing--40)\">\n<h4 class=\"wp-block-heading\" id=\"llibres3\">Llibres 3r<\/h4>\n\n\n\n<ul class=\"wp-block-list\">\n<li>TOT TALLERS &#8211; LLENGUA CATALANA 3 | ISBN: 9788441234680. &#8211; Editorial Text.<\/li>\n\n\n\n<li>TOT TALLERS &#8211; LLENGUA CASTELLANA 3 | ISBN: 9788441234741 &#8211; Editorial Text.<\/li>\n\n\n\n<li>TOT TALLERS &#8211; MATEM\u00c0TIQUES 3 | ISBN: 9788441234802 &#8211; Editorial Text.<\/li>\n\n\n\n<li>ANGL\u00c8S (ALL ABOUT US NOW 3 ACTIVITY BOOK + ALK WITH DIGITAL BOOK) | ISBN: 9780194073844 &#8211; Editorial Oxford<\/li>\n\n\n\n<li>Agenda escolar Prim\u00e0ria<\/li>\n<\/ul>\n<\/div>\n\n\n\n<div style=\"height:20px\" aria-hidden=\"true\" class=\"wp-block-spacer\"><\/div>\n\n\n\n<div class=\"wp-block-group has-border-color has-vivid-red-border-color is-layout-constrained wp-container-core-group-is-layout-6 wp-block-group-is-layout-constrained\" style=\"border-radius:15px;padding-top:var(--wp--preset--spacing--30);padding-right:var(--wp--preset--spacing--40);padding-bottom:var(--wp--preset--spacing--30);padding-left:var(--wp--preset--spacing--40)\">\n<h4 class=\"wp-block-heading\" id=\"llibres4\">Llibres 4t<\/h4>\n\n\n\n<ul class=\"wp-block-list\">\n<li>TOT TALLERS &#8211; LLENGUA CATALANA 4 | ISBN: 9788441234697. &#8211; Editorial Text.<\/li>\n\n\n\n<li>DOMINAR L&#8217;ORTOGRAFIA, Quadern de l&#8217;alumnat (Daniel Gabarr\u00f3) | ISBN: 9788416680832 &#8211; Editorial Boira<\/li>\n\n\n\n<li>TOT TALLERS &#8211; LLENGUA CASTELLANA 4 | ISBN: 9788441234758 &#8211; Editorial Text.<\/li>\n\n\n\n<li>TOT TALLERS &#8211; MATEM\u00c0TIQUES 4 | ISBN: 9788441234819 &#8211; Editorial Text.<\/li>\n\n\n\n<li>ANGL\u00c8S (ALL ABOUT US NOW 4 ACTIVITY BOOK + ALK WITH DIGITAL BOOK) | ISBN: 9780194073905 &#8211; Editorial Oxford<\/li>\n\n\n\n<li>Agenda escolar Prim\u00e0ria<\/li>\n<\/ul>\n<\/div>\n\n\n\n<div style=\"height:20px\" aria-hidden=\"true\" class=\"wp-block-spacer\"><\/div>\n\n\n\n<div class=\"wp-block-group is-layout-constrained wp-container-core-group-is-layout-7 wp-block-group-is-layout-constrained\" style=\"border-style:solid;border-radius:15px;padding-top:var(--wp--preset--spacing--30);padding-right:var(--wp--preset--spacing--40);padding-bottom:var(--wp--preset--spacing--30);padding-left:var(--wp--preset--spacing--40)\">\n<h4 class=\"wp-block-heading\" id=\"llibres5\">LLibres 5\u00e8<\/h4>\n\n\n\n<ul class=\"wp-block-list\">\n<li>TOT TALLERS &#8211; LLENGUA CATALANA 5 | ISBN: 9788441234703. &#8211; Editorial Text.<\/li>\n\n\n\n<li>TOT TALLERS &#8211; LLENGUA CASTELLANA 5 | ISBN: 9788441234765 &#8211; Editorial Text.<\/li>\n\n\n\n<li>TOT TALLERS &#8211; MATEM\u00c0TIQUES 5 | ISBN: 9788441234826 &#8211; Editorial Text.<\/li>\n\n\n\n<li>ANGL\u00c8S (ALL ABOUT US NOW 5 ACTIVITY BOOK + ALK WITH DIGITAL BOOK) | ISBN: 9780194073967 &#8211; Editorial Oxford<\/li>\n\n\n\n<li>Agenda escolar Prim\u00e0ria<\/li>\n<\/ul>\n<\/div>\n\n\n\n<div style=\"height:20px\" aria-hidden=\"true\" class=\"wp-block-spacer\"><\/div>\n\n\n\n<div class=\"wp-block-group has-border-color is-layout-constrained wp-container-core-group-is-layout-8 wp-block-group-is-layout-constrained\" style=\"border-color:#f944ed;border-radius:15px;padding-top:var(--wp--preset--spacing--30);padding-right:var(--wp--preset--spacing--40);padding-bottom:var(--wp--preset--spacing--30);padding-left:var(--wp--preset--spacing--40)\">\n<h4 class=\"wp-block-heading\" id=\"llibres6\">Llibres 6\u00e8<\/h4>\n\n\n\n<ul class=\"wp-block-list\">\n<li> TALLERS &#8211; LLENGUA CATALANA 6 | ISBN: 9788441234710. &#8211; Editorial Text.<\/li>\n\n\n\n<li>TOT TALLERS &#8211; LLENGUA CASTELLANA 6 | ISBN: 9788441234772 &#8211; Editorial Text.<\/li>\n\n\n\n<li>TOT TALLERS &#8211; MATEM\u00c0TIQUES 6 | ISBN: 9788441234833 &#8211; Editorial Text.<\/li>\n\n\n\n<li>ANGL\u00c8S (ALL ABOUT US NOW 6 ACTIVITY BOOK + ALK WITH DIGITAL BOOK) | ISBN: 9780194074025 &#8211; Editorial Oxford<\/li>\n\n\n\n<li>Agenda escolar Prim\u00e0ria<\/li>\n<\/ul>\n<\/div>\n\n\n\n<div style=\"height:20px\" aria-hidden=\"true\" class=\"wp-block-spacer\"><\/div>\n<\/div>\n<\/div>\n\n\n\n<p><\/p>\n","protected":false},"excerpt":{"rendered":"<p>1- LLibres I4 2 &#8211; Llibres I5 3 &#8211; Llibres 1r 4 &#8211; Llibres 2n 5 &#8211; Llibres 3r 6 &#8211; Llibres 4t 7 &#8211; Llibres 5\u00e8 8 &#8211; Llibres 6\u00e8 Descarrega el llistat en PDF Llibres I4 Llibres I5 Llibres 1r Llibres 2n Llibres 3r Llibres 4t LLibres 5\u00e8 Llibres 6\u00e8<\/p>\n","protected":false},"author":1,"featured_media":0,"parent":1638,"menu_order":2,"comment_status":"closed","ping_status":"closed","template":"","meta":{"_bbp_topic_count":0,"_bbp_reply_count":0,"_bbp_total_topic_count":0,"_bbp_total_reply_count":0,"_bbp_voice_count":0,"_bbp_anonymous_reply_count":0,"_bbp_topic_count_hidden":0,"_bbp_reply_count_hidden":0,"_bbp_forum_subforum_count":0,"site-sidebar-layout":"no-sidebar","site-content-layout":"","ast-site-content-layout":"full-width-container","site-content-style":"default","site-sidebar-style":"default","ast-global-header-display":"","ast-banner-title-visibility":"","ast-main-header-display":"","ast-hfb-above-header-display":"","ast-hfb-below-header-display":"","ast-hfb-mobile-header-display":"","site-post-title":"","ast-breadcrumbs-content":"","ast-featured-img":"","footer-sml-layout":"","theme-transparent-header-meta":"default","adv-header-id-meta":"","stick-header-meta":"","header-above-stick-meta":"","header-main-stick-meta":"","header-below-stick-meta":"","astra-migrate-meta-layouts":"set","ast-page-background-enabled":"default","ast-page-background-meta":{"desktop":{"background-color":"var(--ast-global-color-4)","background-image":"","background-repeat":"repeat","background-position":"center center","background-size":"auto","background-attachment":"scroll","background-type":"","background-media":"","overlay-type":"","overlay-color":"","overlay-opacity":"","overlay-gradient":""},"tablet":{"background-color":"","background-image":"","background-repeat":"repeat","background-position":"center center","background-size":"auto","background-attachment":"scroll","background-type":"","background-media":"","overlay-type":"","overlay-color":"","overlay-opacity":"","overlay-gradient":""},"mobile":{"background-color":"","background-image":"","background-repeat":"repeat","background-position":"center center","background-size":"auto","background-attachment":"scroll","background-type":"","background-media":"","overlay-type":"","overlay-color":"","overlay-opacity":"","overlay-gradient":""}},"ast-content-background-meta":{"desktop":{"background-color":"var(--ast-global-color-5)","background-image":"","background-repeat":"repeat","background-position":"center center","background-size":"auto","background-attachment":"scroll","background-type":"","background-media":"","overlay-type":"","overlay-color":"","overlay-opacity":"","overlay-gradient":""},"tablet":{"background-color":"var(--ast-global-color-5)","background-image":"","background-repeat":"repeat","background-position":"center center","background-size":"auto","background-attachment":"scroll","background-type":"","background-media":"","overlay-type":"","overlay-color":"","overlay-opacity":"","overlay-gradient":""},"mobile":{"background-color":"var(--ast-global-color-5)","background-image":"","background-repeat":"repeat","background-position":"center center","background-size":"auto","background-attachment":"scroll","background-type":"","background-media":"","overlay-type":"","overlay-color":"","overlay-opacity":"","overlay-gradient":""}},"footnotes":""},"class_list":["post-8313","page","type-page","status-publish","hentry"],"post_mailing_queue_ids":[],"_links":{"self":[{"href":"https:\/\/agora.xtec.cat\/ceip-barrufet-santboi\/wp-json\/wp\/v2\/pages\/8313","targetHints":{"allow":["GET"]}}],"collection":[{"href":"https:\/\/agora.xtec.cat\/ceip-barrufet-santboi\/wp-json\/wp\/v2\/pages"}],"about":[{"href":"https:\/\/agora.xtec.cat\/ceip-barrufet-santboi\/wp-json\/wp\/v2\/types\/page"}],"author":[{"embeddable":true,"href":"https:\/\/agora.xtec.cat\/ceip-barrufet-santboi\/wp-json\/wp\/v2\/users\/1"}],"replies":[{"embeddable":true,"href":"https:\/\/agora.xtec.cat\/ceip-barrufet-santboi\/wp-json\/wp\/v2\/comments?post=8313"}],"version-history":[{"count":6,"href":"https:\/\/agora.xtec.cat\/ceip-barrufet-santboi\/wp-json\/wp\/v2\/pages\/8313\/revisions"}],"predecessor-version":[{"id":15240,"href":"https:\/\/agora.xtec.cat\/ceip-barrufet-santboi\/wp-json\/wp\/v2\/pages\/8313\/revisions\/15240"}],"up":[{"embeddable":true,"href":"https:\/\/agora.xtec.cat\/ceip-barrufet-santboi\/wp-json\/wp\/v2\/pages\/1638"}],"wp:attachment":[{"href":"https:\/\/agora.xtec.cat\/ceip-barrufet-santboi\/wp-json\/wp\/v2\/media?parent=8313"}],"curies":[{"name":"wp","href":"https:\/\/api.w.org\/{rel}","templated":true}]}}