{"id":28,"date":"2014-09-18T12:29:35","date_gmt":"2014-09-18T10:29:35","guid":{"rendered":"http:\/\/agora.xtec.cat\/ceip-barrufet-santboi\/?page_id=28"},"modified":"2026-02-20T16:12:33","modified_gmt":"2026-02-20T15:12:33","slug":"consell-escolar","status":"publish","type":"page","link":"https:\/\/agora.xtec.cat\/ceip-barrufet-santboi\/lescola\/consell-escolar\/","title":{"rendered":"Consell escolar"},"content":{"rendered":"\n<figure class=\"wp-block-image size-full\"><img loading=\"lazy\" decoding=\"async\" width=\"250\" height=\"98\" src=\"https:\/\/agora.xtec.cat\/ceip-barrufet-santboi\/wp-content\/uploads\/usu1517\/2014\/09\/logo_conesellescolar.jpg\" alt=\"\" class=\"wp-image-1824\"\/><\/figure>\n\n\n\n<div class=\"wp-block-getwid-button-group\"><div class=\"wp-block-getwid-button-group__wrapper\">\n<div class=\"wp-block-button\"><a class=\"wp-block-button__link wp-element-button\" href=\"#funcions\">Funcions<\/a><\/div>\n\n\n\n<div class=\"wp-block-button\"><a class=\"wp-block-button__link wp-element-button\" href=\"#membres\">Membres<\/a><\/div>\n\n\n\n<div class=\"wp-block-button\"><a class=\"wp-block-button__link wp-element-button\" href=\"#permanent\">Comissi\u00f3 Permanent<\/a><\/div>\n\n\n\n<div class=\"wp-block-button\"><a class=\"wp-block-button__link wp-element-button\" href=\"#economica\">Comissi\u00f3 Econ\u00f2mica<\/a><\/div>\n\n\n\n<div class=\"wp-block-button\"><a class=\"wp-block-button__link wp-element-button\" href=\"#convivencia\">Comissi\u00f3 de Conviv\u00e8ncia<\/a><\/div>\n<\/div><\/div>\n\n\n\n<div style=\"height:100px\" aria-hidden=\"true\" class=\"wp-block-spacer\"><\/div>\n\n\n\n<p id=\"funcions\"><strong>Funcions del Consell Escolar<\/strong><\/p>\n\n\n\n<p>Corresponen al Consell Escolar les funcions seg\u00fcents:<\/p>\n\n\n\n<ul class=\"wp-block-list\">\n<li>Participar en l&#8217;aprovaci\u00f3 del projecte educatiu i les seves modificacions. El Consell Escolar ha de ser consultat pel director da manera preceptiva per valorar la proposta del projecte educatiu i manifestar el seu suport amb una majoria de les tres cinquenes parts dels membres.<\/li>\n\n\n\n<li>Participar en l&#8217;aprovaci\u00f3 de la programaci\u00f3 general anual, de les normes de funcionament i de la gesti\u00f3 econ\u00f2mica del centre. El Consell Escolar ha de ser consultat de manera preceptiva per valorar cada una de les propostes i manifestar el seu suport per majoria simple dels membres.<\/li>\n\n\n\n<li>Avaluar l&#8217;aplicaci\u00f3 del projecte educatiu i de les seves modificacions aix\u00ed com de la resta de documents de gesti\u00f3 del centre.<\/li>\n\n\n\n<li>Aprovar les propostes d&#8217;acords de coresponsabilitat, convenis i altres acords de col\u2022laboraci\u00f3 del centre amb entitats i institucions.<\/li>\n\n\n\n<li>Intervenir en el procediment d&#8217;admissi\u00f3 d\u2019alumnes.<\/li>\n\n\n\n<li>Participar en el procediment de selecci\u00f3 i en la proposta de cessament del director o directora.<\/li>\n\n\n\n<li>Intervenir en la resoluci\u00f3 dels conflictes si escau, revisar les sancions als alumnes.<\/li>\n\n\n\n<li>Aprovar les directrius per a la programaci\u00f3 d&#8217;activitats escolars complement\u00e0ries i d&#8217;activitats extraescolars, i avaluar-ne el desenvolupament.<\/li>\n\n\n\n<li>Participar en les an\u00e0lisis i les avaluacions del funcionament general del centre i con\u00e8ixer l\u2019evoluci\u00f3 del rendiment escolar.<\/li>\n\n\n\n<li>Aprovar els criteris de col\u00b7laboraci\u00f3 amb altres centres i amb l\u2019entorn.<\/li>\n\n\n\n<li>Qualsevol altre que li sigui atribu\u00efda per les normes legals o reglament\u00e0ries.<\/li>\n<\/ul>\n\n\n\n<div class=\"wp-block-group has-pale-cyan-blue-background-color has-background is-content-justification-left is-layout-constrained wp-container-core-group-is-layout-1 wp-block-group-is-layout-constrained\" style=\"border-radius:25px\">\n<h4 class=\"wp-block-heading has-text-align-left has-pale-cyan-blue-background-color has-background has-medium-font-size\" id=\"membres\"><strong>El Consell Escolar del centre est\u00e0 format per:<\/strong><\/h4>\n\n\n\n<ul class=\"wp-block-list has-pale-cyan-blue-background-color has-background\">\n<li>DIRECTOR: Isidro Cuenca Garc\u00eda<\/li>\n\n\n\n<li>CAP D&#8217;ESTUDIS: Ariadna Chornet Anducas<\/li>\n\n\n\n<li>SECRETARI: Israel Garc\u00eda Cejudo<\/li>\n\n\n\n<li>REPRESENTACI\u00d3 DEL PROFESSORAT: Antonia Gonz\u00e1lez Quesada, Eva Rodr\u00edguez D\u00edaz, Maria Nima Pujol Morales, Marta Fern\u00e1ndez P\u00e9rez, Ra\u00fcl Romero Alonso i Silvia Honrubia Fajardo<\/li>\n\n\n\n<li>REPRESENTACI\u00d3 DE MARES I PARES: Alba Portillo Moreno, Alejandra Ar\u00e1nega Mudarra, Evelina Rodr\u00edguez Serna, Hayate Zouine Majjati, Jessica Luque Gallego<\/li>\n\n\n\n<li>REPRESENTANT DE L&#8217;AJUNTAMENT: Francisco Javier Nicol\u00e1s Nicol\u00e1s<\/li>\n\n\n\n<li>REPRESENTANT DEL PERSONAL PAE: Adelaida Jurado Garc\u00eda <\/li>\n\n\n\n<li>REPRESENTANT DE PERSONAL PAS: Mari Carmen \u00c1lvarez Garc\u00eda<\/li>\n<\/ul>\n<\/div>\n\n\n\n<hr class=\"wp-block-separator has-text-color has-white-color has-alpha-channel-opacity has-white-background-color has-background\"\/>\n\n\n\n<div class=\"wp-block-group has-border-color is-content-justification-left is-layout-constrained wp-container-core-group-is-layout-2 wp-block-group-is-layout-constrained\" style=\"border-color:#0693e3;border-radius:15px\">\n<p class=\"has-text-align-left has-medium-font-size\" id=\"membres\" style=\"padding-right:0;padding-left:0\">Membres de la Comissi\u00f3 Permanent:<\/p>\n\n\n\n<ul class=\"wp-block-list\">\n<li>PRESIDENT (Director del centre): Isidro Cuenca Garc\u00eda<\/li>\n\n\n\n<li>CAP D&#8217;ESTUDIS: Ariadna Chornet Anduca<\/li>\n\n\n\n<li>REPRESENTANT DE MARES I PARES: Yolanda Palacios Valdelvira<\/li>\n\n\n\n<li>REPRESENTANT DEL PROFESSORAT: Silvia Honrubia Fajardo<\/li>\n\n\n\n<li>SECRETARI: Israel Garc\u00eda Cejudo<\/li>\n<\/ul>\n<\/div>\n\n\n\n<hr class=\"wp-block-separator has-text-color has-white-color has-alpha-channel-opacity has-white-background-color has-background\"\/>\n\n\n\n<div class=\"wp-block-group has-border-color is-content-justification-left is-layout-constrained wp-container-core-group-is-layout-3 wp-block-group-is-layout-constrained\" style=\"border-color:#0693e3;border-radius:15px\">\n<p class=\"has-text-align-left has-medium-font-size\" id=\"economica\" style=\"padding-right:0;padding-left:0\">Membres de la Comissi\u00f3 Econ\u00f2mica:<\/p>\n\n\n\n<ul class=\"wp-block-list\">\n<li>PRESIDENT (Director del centre): Isidro Cuenca Garc\u00eda<\/li>\n\n\n\n<li>REPRESENTANT DE MARES I PARES: Evelina Rodr\u00edguez Serna<\/li>\n\n\n\n<li>REPRESENTANT DEL PROFESSORAT:  Eva Rodr\u00edguez D\u00edaz<\/li>\n\n\n\n<li>SECRETARI: Israel Garc\u00eda Cejudo<\/li>\n<\/ul>\n<\/div>\n\n\n\n<hr class=\"wp-block-separator aligncenter has-text-color has-white-color has-alpha-channel-opacity has-white-background-color has-background\"\/>\n\n\n\n<div class=\"wp-block-group has-border-color is-content-justification-left is-layout-constrained wp-container-core-group-is-layout-4 wp-block-group-is-layout-constrained\" style=\"border-color:#0693e3;border-radius:15px\">\n<p class=\"has-text-align-left has-medium-font-size\" id=\"convivencia\" style=\"padding-right:0;padding-left:0\">Membres de la Comissi\u00f3 de Conviv\u00e8ncia:<\/p>\n\n\n\n<ul class=\"wp-block-list\">\n<li>PRESIDENT (Director del centre): Isidro Cuenca Garc\u00eda<\/li>\n\n\n\n<li>CAP D&#8217;ESTUDIS: Ariadna Chornet Anduca<\/li>\n\n\n\n<li>REPRESENTANT DE MARES I PARES: Alejandra Aranega Mudarra<\/li>\n\n\n\n<li>REPRESENTANT DEL PROFESSORAT: Antonia Gonz\u00e1lez Quesada<\/li>\n\n\n\n<li>SECRETARI: Israel Garcia Cejudo<\/li>\n<\/ul>\n<\/div>\n\n\n\n<hr class=\"wp-block-separator has-text-color has-white-color has-alpha-channel-opacity has-white-background-color has-background\"\/>\n\n\n\n<p><\/p>\n","protected":false},"excerpt":{"rendered":"<p>Funcions del Consell Escolar Corresponen al Consell Escolar les funcions seg\u00fcents: El Consell Escolar del centre est\u00e0 format per: Membres de la Comissi\u00f3 Permanent: Membres de la Comissi\u00f3 Econ\u00f2mica: Membres de la Comissi\u00f3 de Conviv\u00e8ncia:<\/p>\n","protected":false},"author":1,"featured_media":0,"parent":22,"menu_order":9,"comment_status":"closed","ping_status":"closed","template":"","meta":{"_bbp_topic_count":0,"_bbp_reply_count":0,"_bbp_total_topic_count":0,"_bbp_total_reply_count":0,"_bbp_voice_count":0,"_bbp_anonymous_reply_count":0,"_bbp_topic_count_hidden":0,"_bbp_reply_count_hidden":0,"_bbp_forum_subforum_count":0,"site-sidebar-layout":"default","site-content-layout":"","ast-site-content-layout":"default","site-content-style":"default","site-sidebar-style":"default","ast-global-header-display":"","ast-banner-title-visibility":"","ast-main-header-display":"","ast-hfb-above-header-display":"","ast-hfb-below-header-display":"","ast-hfb-mobile-header-display":"","site-post-title":"","ast-breadcrumbs-content":"","ast-featured-img":"","footer-sml-layout":"","theme-transparent-header-meta":"","adv-header-id-meta":"","stick-header-meta":"","header-above-stick-meta":"","header-main-stick-meta":"","header-below-stick-meta":"","astra-migrate-meta-layouts":"set","ast-page-background-enabled":"default","ast-page-background-meta":{"desktop":{"background-color":"var(--ast-global-color-4)","background-image":"","background-repeat":"repeat","background-position":"center center","background-size":"auto","background-attachment":"scroll","background-type":"","background-media":"","overlay-type":"","overlay-color":"","overlay-opacity":"","overlay-gradient":""},"tablet":{"background-color":"","background-image":"","background-repeat":"repeat","background-position":"center center","background-size":"auto","background-attachment":"scroll","background-type":"","background-media":"","overlay-type":"","overlay-color":"","overlay-opacity":"","overlay-gradient":""},"mobile":{"background-color":"","background-image":"","background-repeat":"repeat","background-position":"center center","background-size":"auto","background-attachment":"scroll","background-type":"","background-media":"","overlay-type":"","overlay-color":"","overlay-opacity":"","overlay-gradient":""}},"ast-content-background-meta":{"desktop":{"background-color":"var(--ast-global-color-5)","background-image":"","background-repeat":"repeat","background-position":"center center","background-size":"auto","background-attachment":"scroll","background-type":"","background-media":"","overlay-type":"","overlay-color":"","overlay-opacity":"","overlay-gradient":""},"tablet":{"background-color":"var(--ast-global-color-5)","background-image":"","background-repeat":"repeat","background-position":"center center","background-size":"auto","background-attachment":"scroll","background-type":"","background-media":"","overlay-type":"","overlay-color":"","overlay-opacity":"","overlay-gradient":""},"mobile":{"background-color":"var(--ast-global-color-5)","background-image":"","background-repeat":"repeat","background-position":"center center","background-size":"auto","background-attachment":"scroll","background-type":"","background-media":"","overlay-type":"","overlay-color":"","overlay-opacity":"","overlay-gradient":""}},"footnotes":""},"class_list":["post-28","page","type-page","status-publish","hentry"],"post_mailing_queue_ids":[],"_links":{"self":[{"href":"https:\/\/agora.xtec.cat\/ceip-barrufet-santboi\/wp-json\/wp\/v2\/pages\/28","targetHints":{"allow":["GET"]}}],"collection":[{"href":"https:\/\/agora.xtec.cat\/ceip-barrufet-santboi\/wp-json\/wp\/v2\/pages"}],"about":[{"href":"https:\/\/agora.xtec.cat\/ceip-barrufet-santboi\/wp-json\/wp\/v2\/types\/page"}],"author":[{"embeddable":true,"href":"https:\/\/agora.xtec.cat\/ceip-barrufet-santboi\/wp-json\/wp\/v2\/users\/1"}],"replies":[{"embeddable":true,"href":"https:\/\/agora.xtec.cat\/ceip-barrufet-santboi\/wp-json\/wp\/v2\/comments?post=28"}],"version-history":[{"count":5,"href":"https:\/\/agora.xtec.cat\/ceip-barrufet-santboi\/wp-json\/wp\/v2\/pages\/28\/revisions"}],"predecessor-version":[{"id":15968,"href":"https:\/\/agora.xtec.cat\/ceip-barrufet-santboi\/wp-json\/wp\/v2\/pages\/28\/revisions\/15968"}],"up":[{"embeddable":true,"href":"https:\/\/agora.xtec.cat\/ceip-barrufet-santboi\/wp-json\/wp\/v2\/pages\/22"}],"wp:attachment":[{"href":"https:\/\/agora.xtec.cat\/ceip-barrufet-santboi\/wp-json\/wp\/v2\/media?parent=28"}],"curies":[{"name":"wp","href":"https:\/\/api.w.org\/{rel}","templated":true}]}}