{"id":1076,"date":"2017-03-04T00:25:58","date_gmt":"2017-03-03T23:25:58","guid":{"rendered":"http:\/\/agora.xtec.cat\/ceip-barrufet-santboi\/?page_id=1076"},"modified":"2019-02-12T20:14:01","modified_gmt":"2019-02-12T19:14:01","slug":"audicions-pedagogiques","status":"publish","type":"page","link":"https:\/\/agora.xtec.cat\/ceip-barrufet-santboi\/musica\/audicions-pedagogiques\/","title":{"rendered":"Audicions pedag\u00f2giques"},"content":{"rendered":"<p>L&#8217;escola participa al GRUP DE TREBALL DE MESTRES DE M\u00daSICA DE SANT BOI on a m\u00e9s d&#8217;intercanviar experi\u00e8ncies referents a l&#8217;educaci\u00f3 musical organitzem diferents actuacions des de fa anys que s\u00f3n:<\/p>\n<ul>\n<li>CANTADA DE NADALES a la pla\u00e7a de l&#8217;Ajuntament.<\/li>\n<li>Programar un cicle d&#8217;Audicions musicals previstes pel segon trimestre per a tots els cicles de l&#8217;escola, tant a Educaci\u00f3 Infantil com Prim\u00e0ria.<\/li>\n<li>DANSABOI. \u00c9s una mostra de danses populars amb la participaci\u00f3 de la resta de centres de Sant Boi.<\/li>\n<\/ul>\n<p><a href=\"https:\/\/agora.xtec.cat\/ceip-barrufet-santboi\/wp-content\/uploads\/usu1517\/2019\/02\/notes-311995_640.png\"><img loading=\"lazy\" decoding=\"async\" class=\"size-full wp-image-4104 aligncenter\" src=\"https:\/\/agora.xtec.cat\/ceip-barrufet-santboi\/wp-content\/uploads\/usu1517\/2019\/02\/notes-311995_640.png\" alt=\"\" width=\"640\" height=\"320\" srcset=\"https:\/\/agora.xtec.cat\/ceip-barrufet-santboi\/wp-content\/uploads\/usu1517\/2019\/02\/notes-311995_640.png 640w, https:\/\/agora.xtec.cat\/ceip-barrufet-santboi\/wp-content\/uploads\/usu1517\/2019\/02\/notes-311995_640-300x150.png 300w\" sizes=\"auto, (max-width: 640px) 100vw, 640px\" \/><\/a><\/p>\n","protected":false},"excerpt":{"rendered":"<p>L&#8217;escola participa al GRUP DE TREBALL DE MESTRES DE M\u00daSICA DE SANT BOI on a m\u00e9s d&#8217;intercanviar experi\u00e8ncies referents a l&#8217;educaci\u00f3 musical organitzem diferents actuacions des de fa anys que s\u00f3n: CANTADA DE NADALES a la pla\u00e7a de l&#8217;Ajuntament. Programar un cicle d&#8217;Audicions musicals previstes pel segon trimestre per a tots els cicles de l&#8217;escola, [&hellip;]<\/p>\n","protected":false},"author":1,"featured_media":0,"parent":1078,"menu_order":0,"comment_status":"closed","ping_status":"closed","template":"","meta":{"_bbp_topic_count":0,"_bbp_reply_count":0,"_bbp_total_topic_count":0,"_bbp_total_reply_count":0,"_bbp_voice_count":0,"_bbp_anonymous_reply_count":0,"_bbp_topic_count_hidden":0,"_bbp_reply_count_hidden":0,"_bbp_forum_subforum_count":0,"site-sidebar-layout":"default","site-content-layout":"","ast-site-content-layout":"","site-content-style":"default","site-sidebar-style":"default","ast-global-header-display":"","ast-banner-title-visibility":"","ast-main-header-display":"","ast-hfb-above-header-display":"","ast-hfb-below-header-display":"","ast-hfb-mobile-header-display":"","site-post-title":"","ast-breadcrumbs-content":"","ast-featured-img":"","footer-sml-layout":"","theme-transparent-header-meta":"","adv-header-id-meta":"","stick-header-meta":"","header-above-stick-meta":"","header-main-stick-meta":"","header-below-stick-meta":"","astra-migrate-meta-layouts":"default","ast-page-background-enabled":"default","ast-page-background-meta":{"desktop":{"background-color":"var(--ast-global-color-4)","background-image":"","background-repeat":"repeat","background-position":"center center","background-size":"auto","background-attachment":"scroll","background-type":"","background-media":"","overlay-type":"","overlay-color":"","overlay-opacity":"","overlay-gradient":""},"tablet":{"background-color":"","background-image":"","background-repeat":"repeat","background-position":"center center","background-size":"auto","background-attachment":"scroll","background-type":"","background-media":"","overlay-type":"","overlay-color":"","overlay-opacity":"","overlay-gradient":""},"mobile":{"background-color":"","background-image":"","background-repeat":"repeat","background-position":"center center","background-size":"auto","background-attachment":"scroll","background-type":"","background-media":"","overlay-type":"","overlay-color":"","overlay-opacity":"","overlay-gradient":""}},"ast-content-background-meta":{"desktop":{"background-color":"var(--ast-global-color-5)","background-image":"","background-repeat":"repeat","background-position":"center center","background-size":"auto","background-attachment":"scroll","background-type":"","background-media":"","overlay-type":"","overlay-color":"","overlay-opacity":"","overlay-gradient":""},"tablet":{"background-color":"var(--ast-global-color-5)","background-image":"","background-repeat":"repeat","background-position":"center center","background-size":"auto","background-attachment":"scroll","background-type":"","background-media":"","overlay-type":"","overlay-color":"","overlay-opacity":"","overlay-gradient":""},"mobile":{"background-color":"var(--ast-global-color-5)","background-image":"","background-repeat":"repeat","background-position":"center center","background-size":"auto","background-attachment":"scroll","background-type":"","background-media":"","overlay-type":"","overlay-color":"","overlay-opacity":"","overlay-gradient":""}},"footnotes":""},"class_list":["post-1076","page","type-page","status-publish","hentry"],"post_mailing_queue_ids":[],"_links":{"self":[{"href":"https:\/\/agora.xtec.cat\/ceip-barrufet-santboi\/wp-json\/wp\/v2\/pages\/1076","targetHints":{"allow":["GET"]}}],"collection":[{"href":"https:\/\/agora.xtec.cat\/ceip-barrufet-santboi\/wp-json\/wp\/v2\/pages"}],"about":[{"href":"https:\/\/agora.xtec.cat\/ceip-barrufet-santboi\/wp-json\/wp\/v2\/types\/page"}],"author":[{"embeddable":true,"href":"https:\/\/agora.xtec.cat\/ceip-barrufet-santboi\/wp-json\/wp\/v2\/users\/1"}],"replies":[{"embeddable":true,"href":"https:\/\/agora.xtec.cat\/ceip-barrufet-santboi\/wp-json\/wp\/v2\/comments?post=1076"}],"version-history":[{"count":3,"href":"https:\/\/agora.xtec.cat\/ceip-barrufet-santboi\/wp-json\/wp\/v2\/pages\/1076\/revisions"}],"predecessor-version":[{"id":4105,"href":"https:\/\/agora.xtec.cat\/ceip-barrufet-santboi\/wp-json\/wp\/v2\/pages\/1076\/revisions\/4105"}],"up":[{"embeddable":true,"href":"https:\/\/agora.xtec.cat\/ceip-barrufet-santboi\/wp-json\/wp\/v2\/pages\/1078"}],"wp:attachment":[{"href":"https:\/\/agora.xtec.cat\/ceip-barrufet-santboi\/wp-json\/wp\/v2\/media?parent=1076"}],"curies":[{"name":"wp","href":"https:\/\/api.w.org\/{rel}","templated":true}]}}

Audicions pedagògiques

<p>L&#8217;escola participa al GRUP DE TREBALL DE MESTRES DE MÚSICA DE SANT BOI on a més d&#8217;intercanviar experiències referents a l&#8217;educació musical organitzem diferents actuacions des de fa anys que són:</p>
<ul>
<li>CANTADA DE NADALES a la plaça de l&#8217;Ajuntament.</li>
<li>Programar un cicle d&#8217;Audicions musicals previstes pel segon trimestre per a tots els cicles de l&#8217;escola, tant a Educació Infantil com Primària.</li>
<li>DANSABOI. És una mostra de danses populars amb la participació de la resta de centres de Sant Boi.</li>
</ul>
<p><a href="https://agora.xtec.cat/ceip-barrufet-santboi/wp-content/uploads/usu1517/2019/02/notes-311995_640.png"><img loading="lazy" decoding="async" class="size-full wp-image-4104 aligncenter" src="https://agora.xtec.cat/ceip-barrufet-santboi/wp-content/uploads/usu1517/2019/02/notes-311995_640.png" alt="" width="640" height="320" srcset="https://agora.xtec.cat/ceip-barrufet-santboi/wp-content/uploads/usu1517/2019/02/notes-311995_640.png 640w, https://agora.xtec.cat/ceip-barrufet-santboi/wp-content/uploads/usu1517/2019/02/notes-311995_640-300x150.png 300w" sizes="auto, (max-width: 640px) 100vw, 640px" /></a></p>

<p>L&#8217;escola participa al GRUP DE TREBALL DE MESTRES DE MÚSICA DE SANT BOI on a més d&#8217;intercanviar experiències referents a l&#8217;educació musical organitzem diferents actuacions des de fa anys que són: CANTADA DE NADALES a la plaça de l&#8217;Ajuntament. Programar un cicle d&#8217;Audicions musicals previstes pel segon trimestre per a tots els cicles de l&#8217;escola, [&hellip;]</p>
