{"id":30,"date":"2014-09-18T12:30:23","date_gmt":"2014-09-18T11:30:23","guid":{"rendered":"http:\/\/agora.xtec.cat\/ceip-bages\/?page_id=30"},"modified":"2020-07-24T08:39:28","modified_gmt":"2020-07-24T06:39:28","slug":"instal%c2%b7lacions","status":"publish","type":"page","link":"https:\/\/agora.xtec.cat\/ceip-bages\/lescola\/instal%c2%b7lacions\/","title":{"rendered":"Qui som"},"content":{"rendered":"<p>L&#8217;escola Bages \u00e9s un centre p\u00fablic d&#8217;Educaci\u00f3\u00a0Infantil i Prim\u00e0ria i depenem del Departament d\u2019Ensenyament de la Generalitat de Catalunya.<\/p>\n<p>Som una escola de dues l\u00ednies, es a dir, dues aules per nivell a cadascuna de les dues etapes:<\/p>\n<p>-Educaci\u00f3 Infantil: P-3, P-4, P-5.<br \/>\n-Educaci\u00f3 Prim\u00e0ria: de 1r a 6\u00e8.<\/p>\n<p>Actualment, per\u00f2, \u00a0tenim tres grups als cursos de 5\u00e8 i de 6\u00e8 de Prim\u00e0ria.<\/p>\n<h4 style=\"text-align: left;\">Coneix la nostra escola \u00a0 \u00a0 \u00a0 \u00a0 \u00a0Els nostres espais<\/h4>\n<p><a href=\"https:\/\/drive.google.com\/file\/d\/1y20mHM-FtvyGJvB4Scco7yP-piHvbJg5\/view\"> \u00a0 \u00a0 \u00a0 \u00a0 \u00a0 \u00a0 \u00a0 \u00a0 \u00a0 \u00a0 \u00a0 \u00a0<\/a><a href=\"https:\/\/drive.google.com\/file\/d\/1y20mHM-FtvyGJvB4Scco7yP-piHvbJg5\/view\" target=\"_blank\" rel=\"noopener noreferrer\"><img loading=\"lazy\" decoding=\"async\" class=\"alignleft wp-image-512\" src=\"https:\/\/agora.xtec.cat\/ceip-bages\/wp-content\/uploads\/usu1907\/2020\/07\/bages.jpg\" alt=\"\" width=\"200\" height=\"133\" \/><\/a>\u00a0 \u00a0<a href=\"https:\/\/drive.google.com\/file\/d\/1y20mHM-FtvyGJvB4Scco7yP-piHvbJg5\/view\" target=\"_blank\" rel=\"noopener noreferrer\"><img loading=\"lazy\" decoding=\"async\" class=\"alignnone wp-image-107\" src=\"https:\/\/agora.xtec.cat\/ceip-bages\/wp-content\/uploads\/usu1907\/2014\/09\/nens2.png\" alt=\"\" width=\"200\" height=\"131\" srcset=\"https:\/\/agora.xtec.cat\/ceip-bages\/wp-content\/uploads\/usu1907\/2014\/09\/nens2.png 393w, https:\/\/agora.xtec.cat\/ceip-bages\/wp-content\/uploads\/usu1907\/2014\/09\/nens2-300x196.png 300w\" sizes=\"auto, (max-width: 200px) 100vw, 200px\" \/><\/a><\/p>\n<p>&nbsp;<\/p>\n","protected":false},"excerpt":{"rendered":"<p>L&#8217;escola Bages \u00e9s un centre p\u00fablic d&#8217;Educaci\u00f3\u00a0Infantil i Prim\u00e0ria i depenem del Departament d\u2019Ensenyament de la Generalitat de Catalunya.<br \/>\nSom una escola de dues l\u00ednies, es a dir, dues aules per nivell a cadascuna de les dues etapes:<br \/>\n-Educaci\u00f3 Infantil: P-3, P-4, P-5.<br \/>\n-Educaci\u00f3 Prim\u00e0ria: de 1r a&hellip;  <a href=\"https:\/\/agora.xtec.cat\/ceip-bages\/lescola\/instal%c2%b7lacions\/\" title=\"Read Qui som\">Llegeix m\u00e9s\u00bb<\/a><\/p>\n","protected":false},"author":1,"featured_media":0,"parent":22,"menu_order":10,"comment_status":"closed","ping_status":"closed","template":"page-templates\/side-menu.php","meta":{"_bbp_topic_count":0,"_bbp_reply_count":0,"_bbp_total_topic_count":0,"_bbp_total_reply_count":0,"_bbp_voice_count":0,"_bbp_anonymous_reply_count":0,"_bbp_topic_count_hidden":0,"_bbp_reply_count_hidden":0,"_bbp_forum_subforum_count":0,"footnotes":""},"class_list":["post-30","page","type-page","status-publish","hentry"],"post_mailing_queue_ids":[],"_links":{"self":[{"href":"https:\/\/agora.xtec.cat\/ceip-bages\/wp-json\/wp\/v2\/pages\/30","targetHints":{"allow":["GET"]}}],"collection":[{"href":"https:\/\/agora.xtec.cat\/ceip-bages\/wp-json\/wp\/v2\/pages"}],"about":[{"href":"https:\/\/agora.xtec.cat\/ceip-bages\/wp-json\/wp\/v2\/types\/page"}],"author":[{"embeddable":true,"href":"https:\/\/agora.xtec.cat\/ceip-bages\/wp-json\/wp\/v2\/users\/1"}],"replies":[{"embeddable":true,"href":"https:\/\/agora.xtec.cat\/ceip-bages\/wp-json\/wp\/v2\/comments?post=30"}],"version-history":[{"count":4,"href":"https:\/\/agora.xtec.cat\/ceip-bages\/wp-json\/wp\/v2\/pages\/30\/revisions"}],"predecessor-version":[{"id":1880,"href":"https:\/\/agora.xtec.cat\/ceip-bages\/wp-json\/wp\/v2\/pages\/30\/revisions\/1880"}],"up":[{"embeddable":true,"href":"https:\/\/agora.xtec.cat\/ceip-bages\/wp-json\/wp\/v2\/pages\/22"}],"wp:attachment":[{"href":"https:\/\/agora.xtec.cat\/ceip-bages\/wp-json\/wp\/v2\/media?parent=30"}],"curies":[{"name":"wp","href":"https:\/\/api.w.org\/{rel}","templated":true}]}}

<p>L&#8217;escola Bages és un centre públic d&#8217;Educació Infantil i Primària i depenem del Departament d’Ensenyament de la Generalitat de Catalunya.</p>
<p>Som una escola de dues línies, es a dir, dues aules per nivell a cadascuna de les dues etapes:</p>
<p>-Educació Infantil: P-3, P-4, P-5.<br />
-Educació Primària: de 1r a 6è.</p>
<p>Actualment, però,  tenim tres grups als cursos de 5è i de 6è de Primària.</p>
<h4 style="text-align: left;">Coneix la nostra escola          Els nostres espais</h4>
<p><a href="https://drive.google.com/file/d/1y20mHM-FtvyGJvB4Scco7yP-piHvbJg5/view">                        </a><a href="https://drive.google.com/file/d/1y20mHM-FtvyGJvB4Scco7yP-piHvbJg5/view" target="_blank" rel="noopener noreferrer"><img loading="lazy" decoding="async" class="alignleft wp-image-512" src="https://agora.xtec.cat/ceip-bages/wp-content/uploads/usu1907/2020/07/bages.jpg" alt="" width="200" height="133" /></a>   <a href="https://drive.google.com/file/d/1y20mHM-FtvyGJvB4Scco7yP-piHvbJg5/view" target="_blank" rel="noopener noreferrer"><img loading="lazy" decoding="async" class="alignnone wp-image-107" src="https://agora.xtec.cat/ceip-bages/wp-content/uploads/usu1907/2014/09/nens2.png" alt="" width="200" height="131" srcset="https://agora.xtec.cat/ceip-bages/wp-content/uploads/usu1907/2014/09/nens2.png 393w, https://agora.xtec.cat/ceip-bages/wp-content/uploads/usu1907/2014/09/nens2-300x196.png 300w" sizes="auto, (max-width: 200px) 100vw, 200px" /></a></p>
<p>&nbsp;</p>

<p>L&#8217;escola Bages és un centre públic d&#8217;Educació Infantil i Primària i depenem del Departament d’Ensenyament de la Generalitat de Catalunya.<br />
Som una escola de dues línies, es a dir, dues aules per nivell a cadascuna de les dues etapes:<br />
-Educació Infantil: P-3, P-4, P-5.<br />
-Educació Primària: de 1r a&hellip;  <a href="https://agora.xtec.cat/ceip-bages/lescola/instal%c2%b7lacions/" title="Read Qui som">Llegeix més»</a></p>
