{"id":134,"date":"2014-09-10T11:07:33","date_gmt":"2014-09-10T11:07:33","guid":{"rendered":"http:\/\/blocs.xtec.cat\/escolabages6e\/?page_id=134"},"modified":"2020-07-30T18:01:10","modified_gmt":"2020-07-30T16:01:10","slug":"mates","status":"publish","type":"page","link":"https:\/\/agora.xtec.cat\/ceip-bages\/80-2\/mates\/","title":{"rendered":"MATEM\u00c0TIQUES"},"content":{"rendered":"<p style=\"text-align: center;\"><strong><span style=\"color: #ff0000;\">Atenci\u00f3 fam\u00edlies!<\/span><\/strong><\/p>\n<p>Adjuntem l&#8217;enlla\u00e7 del llibre digital utilitzat a matem\u00e0tiques per a que els i les alumnes hi puguin tenir acc\u00e9s:<\/p>\n<p><a href=\"https:\/\/edubook.vicensvives.com\/ca\">LLIBRE_MATEM\u00c0TIQUES<\/a><\/p>\n<p>&nbsp;<\/p>\n<p><iframe loading=\"lazy\" src=\"https:\/\/www.symbaloo.com\/embed\/mates79?\" width=\"800px&quot;\" height=\"600px\" name=\"_symFrame\" frameborder=\"0\"><\/iframe><\/p>\n","protected":false},"excerpt":{"rendered":"<p>Atenci\u00f3 fam\u00edlies!<br \/>\nAdjuntem l&#8217;enlla\u00e7 del llibre digital utilitzat a matem\u00e0tiques per a que els i les alumnes hi puguin tenir acc\u00e9s:<br \/>\n<a href=\"https:\/\/edubook.vicensvives.com\/ca\">LLIBRE_MATEM\u00c0TIQUES<\/a><br \/>\n&nbsp;<\/p>\n","protected":false},"author":1,"featured_media":0,"parent":1731,"menu_order":50,"comment_status":"closed","ping_status":"closed","template":"page-templates\/side-menu.php","meta":{"_bbp_topic_count":0,"_bbp_reply_count":0,"_bbp_total_topic_count":0,"_bbp_total_reply_count":0,"_bbp_voice_count":0,"_bbp_anonymous_reply_count":0,"_bbp_topic_count_hidden":0,"_bbp_reply_count_hidden":0,"_bbp_forum_subforum_count":0,"footnotes":""},"class_list":["post-134","page","type-page","status-publish","hentry"],"post_mailing_queue_ids":[],"_links":{"self":[{"href":"https:\/\/agora.xtec.cat\/ceip-bages\/wp-json\/wp\/v2\/pages\/134","targetHints":{"allow":["GET"]}}],"collection":[{"href":"https:\/\/agora.xtec.cat\/ceip-bages\/wp-json\/wp\/v2\/pages"}],"about":[{"href":"https:\/\/agora.xtec.cat\/ceip-bages\/wp-json\/wp\/v2\/types\/page"}],"author":[{"embeddable":true,"href":"https:\/\/agora.xtec.cat\/ceip-bages\/wp-json\/wp\/v2\/users\/1"}],"replies":[{"embeddable":true,"href":"https:\/\/agora.xtec.cat\/ceip-bages\/wp-json\/wp\/v2\/comments?post=134"}],"version-history":[{"count":3,"href":"https:\/\/agora.xtec.cat\/ceip-bages\/wp-json\/wp\/v2\/pages\/134\/revisions"}],"predecessor-version":[{"id":2068,"href":"https:\/\/agora.xtec.cat\/ceip-bages\/wp-json\/wp\/v2\/pages\/134\/revisions\/2068"}],"up":[{"embeddable":true,"href":"https:\/\/agora.xtec.cat\/ceip-bages\/wp-json\/wp\/v2\/pages\/1731"}],"wp:attachment":[{"href":"https:\/\/agora.xtec.cat\/ceip-bages\/wp-json\/wp\/v2\/media?parent=134"}],"curies":[{"name":"wp","href":"https:\/\/api.w.org\/{rel}","templated":true}]}}