{"id":3778,"date":"2026-02-12T16:13:51","date_gmt":"2026-02-12T15:13:51","guid":{"rendered":"https:\/\/agora.xtec.cat\/ceip-ausiasmarch-hospitalet\/?page_id=3778"},"modified":"2026-02-12T16:13:51","modified_gmt":"2026-02-12T15:13:51","slug":"denip-dia-escolar-de-la-no-violencia-i-la-pau","status":"publish","type":"page","link":"https:\/\/agora.xtec.cat\/ceip-ausiasmarch-hospitalet\/com-treballem\/festes\/denip-dia-escolar-de-la-no-violencia-i-la-pau\/","title":{"rendered":"DENIP: Dia Escolar de la No-viol\u00e8ncia i la Pau"},"content":{"rendered":"<p data-path-to-node=\"5\">A les classes de Religi\u00f3 i Valors, cada nivell ha treballat el significat de diversos <b data-path-to-node=\"5\" data-index-in-node=\"86\">s\u00edmbols de la pau<\/b> a partir de la lectura de textos. Com a resultat d&#8217;aquesta reflexi\u00f3, cada curs ha preparat un mural amb imatges decorades per l&#8217;alumnat:<\/p>\n<ul data-path-to-node=\"6\">\n<li>\n<p data-path-to-node=\"6,0,0\"><b data-path-to-node=\"6,0,0\" data-index-in-node=\"0\">1r:<\/b> El s\u00edmbol de les <b data-path-to-node=\"6,0,0\" data-index-in-node=\"21\">mans blanques<\/b>.<\/p>\n<\/li>\n<li>\n<p data-path-to-node=\"6,1,0\"><b data-path-to-node=\"6,1,0\" data-index-in-node=\"0\">2n:<\/b> El s\u00edmbol del <b data-path-to-node=\"6,1,0\" data-index-in-node=\"18\">colom blanc<\/b>. A m\u00e9s, el grup ha treballat el conte del <i data-path-to-node=\"6,1,0\" data-index-in-node=\"72\">Sr. Guerra i la Sra. Pau<\/i>, que exemplifica el valor positiu i l&#8217;antivalor.<\/p>\n<\/li>\n<li>\n<p data-path-to-node=\"6,2,0\"><b data-path-to-node=\"6,2,0\" data-index-in-node=\"0\">3r:<\/b> El s\u00edmbol de les <b data-path-to-node=\"6,2,0\" data-index-in-node=\"21\">grues de papirofl\u00e8xia<\/b> (ocells).<\/p>\n<\/li>\n<li>\n<p data-path-to-node=\"6,3,0\"><b data-path-to-node=\"6,3,0\" data-index-in-node=\"0\">4t:<\/b> El s\u00edmbol <b data-path-to-node=\"6,3,0\" data-index-in-node=\"14\">hippie<\/b> (el cercle amb les l\u00ednies trencades).<\/p>\n<\/li>\n<li>\n<p data-path-to-node=\"6,4,0\"><b data-path-to-node=\"6,4,0\" data-index-in-node=\"0\">5\u00e8:<\/b> El s\u00edmbol de la <b data-path-to-node=\"6,4,0\" data-index-in-node=\"20\">vict\u00f2ria<\/b> (popularitzat durant la Guerra del Vietnam).<\/p>\n<\/li>\n<li>\n<p data-path-to-node=\"6,5,0\"><b data-path-to-node=\"6,5,0\" data-index-in-node=\"0\">6\u00e8:<\/b> Un <b data-path-to-node=\"6,5,0\" data-index-in-node=\"7\">s\u00edmbol propi<\/b> inventat pel mateix alumnat.<\/p>\n<\/li>\n<\/ul>\n<p data-path-to-node=\"7\">D&#8217;altra banda, a la <b data-path-to-node=\"7\" data-index-in-node=\"20\">comunitat dels petits<\/b> s&#8217;ha elaborat un mural col\u00b7lectiu titulat <b data-path-to-node=\"7\" data-index-in-node=\"84\">&#8220;Donem ales a la pau&#8221;<\/b>. L&#8217;alumnat ha decorat fulles amb conceptes relacionats amb aquest valor i, per cloure l&#8217;activitat, s&#8217;ha fet una fotografia a cada infant amb el mural de fons, simulant que tenen ales.<\/p>\n<p data-path-to-node=\"8\">Tots els murals estan exposats actualment als espais comuns de l&#8217;escola per compartir aquest missatge amb tota la comunitat educativa.<\/p>\n","protected":false},"excerpt":{"rendered":"<p>A les classes de Religi\u00f3 i Valors, cada nivell ha treballat el significat de diversos s\u00edmbols de la pau a partir de la lectura de textos. Com a resultat d&#8217;aquesta reflexi\u00f3, cada curs ha preparat un mural amb imatges decorades per l&#8217;alumnat: 1r: El s\u00edmbol de les mans blanques. 2n: El s\u00edmbol del colom blanc. [&hellip;]<\/p>\n","protected":false},"author":1,"featured_media":0,"parent":3757,"menu_order":0,"comment_status":"closed","ping_status":"closed","template":"","meta":{"_bbp_topic_count":0,"_bbp_reply_count":0,"_bbp_total_topic_count":0,"_bbp_total_reply_count":0,"_bbp_voice_count":0,"_bbp_anonymous_reply_count":0,"_bbp_topic_count_hidden":0,"_bbp_reply_count_hidden":0,"_bbp_forum_subforum_count":0,"site-sidebar-layout":"default","site-content-layout":"","ast-site-content-layout":"default","site-content-style":"default","site-sidebar-style":"default","ast-global-header-display":"","ast-banner-title-visibility":"","ast-main-header-display":"","ast-hfb-above-header-display":"","ast-hfb-below-header-display":"","ast-hfb-mobile-header-display":"","site-post-title":"","ast-breadcrumbs-content":"","ast-featured-img":"","footer-sml-layout":"","theme-transparent-header-meta":"default","adv-header-id-meta":"","stick-header-meta":"","header-above-stick-meta":"","header-main-stick-meta":"","header-below-stick-meta":"","astra-migrate-meta-layouts":"set","ast-page-background-enabled":"default","ast-page-background-meta":{"desktop":{"background-color":"var(--ast-global-color-4)","background-image":"","background-repeat":"repeat","background-position":"center center","background-size":"auto","background-attachment":"scroll","background-type":"","background-media":"","overlay-type":"","overlay-color":"","overlay-opacity":"","overlay-gradient":""},"tablet":{"background-color":"","background-image":"","background-repeat":"repeat","background-position":"center center","background-size":"auto","background-attachment":"scroll","background-type":"","background-media":"","overlay-type":"","overlay-color":"","overlay-opacity":"","overlay-gradient":""},"mobile":{"background-color":"","background-image":"","background-repeat":"repeat","background-position":"center center","background-size":"auto","background-attachment":"scroll","background-type":"","background-media":"","overlay-type":"","overlay-color":"","overlay-opacity":"","overlay-gradient":""}},"ast-content-background-meta":{"desktop":{"background-color":"var(--ast-global-color-5)","background-image":"","background-repeat":"repeat","background-position":"center center","background-size":"auto","background-attachment":"scroll","background-type":"","background-media":"","overlay-type":"","overlay-color":"","overlay-opacity":"","overlay-gradient":""},"tablet":{"background-color":"var(--ast-global-color-5)","background-image":"","background-repeat":"repeat","background-position":"center center","background-size":"auto","background-attachment":"scroll","background-type":"","background-media":"","overlay-type":"","overlay-color":"","overlay-opacity":"","overlay-gradient":""},"mobile":{"background-color":"var(--ast-global-color-5)","background-image":"","background-repeat":"repeat","background-position":"center center","background-size":"auto","background-attachment":"scroll","background-type":"","background-media":"","overlay-type":"","overlay-color":"","overlay-opacity":"","overlay-gradient":""}},"footnotes":""},"class_list":["post-3778","page","type-page","status-publish","hentry"],"post_mailing_queue_ids":[],"_links":{"self":[{"href":"https:\/\/agora.xtec.cat\/ceip-ausiasmarch-hospitalet\/wp-json\/wp\/v2\/pages\/3778","targetHints":{"allow":["GET"]}}],"collection":[{"href":"https:\/\/agora.xtec.cat\/ceip-ausiasmarch-hospitalet\/wp-json\/wp\/v2\/pages"}],"about":[{"href":"https:\/\/agora.xtec.cat\/ceip-ausiasmarch-hospitalet\/wp-json\/wp\/v2\/types\/page"}],"author":[{"embeddable":true,"href":"https:\/\/agora.xtec.cat\/ceip-ausiasmarch-hospitalet\/wp-json\/wp\/v2\/users\/1"}],"replies":[{"embeddable":true,"href":"https:\/\/agora.xtec.cat\/ceip-ausiasmarch-hospitalet\/wp-json\/wp\/v2\/comments?post=3778"}],"version-history":[{"count":1,"href":"https:\/\/agora.xtec.cat\/ceip-ausiasmarch-hospitalet\/wp-json\/wp\/v2\/pages\/3778\/revisions"}],"predecessor-version":[{"id":3779,"href":"https:\/\/agora.xtec.cat\/ceip-ausiasmarch-hospitalet\/wp-json\/wp\/v2\/pages\/3778\/revisions\/3779"}],"up":[{"embeddable":true,"href":"https:\/\/agora.xtec.cat\/ceip-ausiasmarch-hospitalet\/wp-json\/wp\/v2\/pages\/3757"}],"wp:attachment":[{"href":"https:\/\/agora.xtec.cat\/ceip-ausiasmarch-hospitalet\/wp-json\/wp\/v2\/media?parent=3778"}],"curies":[{"name":"wp","href":"https:\/\/api.w.org\/{rel}","templated":true}]}}