{"id":3765,"date":"2026-02-04T16:13:41","date_gmt":"2026-02-04T15:13:41","guid":{"rendered":"https:\/\/agora.xtec.cat\/ceip-ausiasmarch-hospitalet\/?page_id=3765"},"modified":"2026-02-04T16:21:06","modified_gmt":"2026-02-04T15:21:06","slug":"hort","status":"publish","type":"page","link":"https:\/\/agora.xtec.cat\/ceip-ausiasmarch-hospitalet\/com-treballem\/hort\/","title":{"rendered":"Hort"},"content":{"rendered":"<p><span style=\"font-weight: 400;\">A la nostra escola tenim un espai molt especial: l\u2019hort escolar, un rac\u00f3 verd on tots els nens i nenes, des dels m\u00e9s petits d\u2019I3 fins als grans de 6\u00e8. En aquest espai aprenem, experimentem i gaudim del contacte amb la natura.<\/span><\/p>\n<p><span style=\"font-weight: 400;\">L\u2019hort est\u00e0 dividit en parcel\u00b7les, una per a cada grup, i cadasc\u00fa s\u2019encarrega de cuidar-la amb molta il\u00b7lusi\u00f3 i responsabilitat. A trav\u00e9s d\u2019aquesta activitat, els infants descobreixen d\u2019on provenen els aliments, aprenen a respectar el medi ambient i treballen valors com la paci\u00e8ncia, la cooperaci\u00f3 i la sostenibilitat.<\/span><\/p>\n<p><span style=\"font-weight: 400;\">Enguany plantem pastanagues, faves i bledes i veurem com creixen setmana rere setmana. Cada pas del proc\u00e9s \u2014preparar la terra, sembrar, regar, cuidar i collir\u2014 es converteix en una gran lli\u00e7\u00f3 de vida i en una experi\u00e8ncia compartida entre companys i mestres.<\/span><\/p>\n<p><span style=\"font-weight: 400;\">El nostre hort \u00e9s, sens dubte, un espai d\u2019aprenentatge, conviv\u00e8ncia i estima per la natura! <\/span><\/p>\n","protected":false},"excerpt":{"rendered":"<p>A la nostra escola tenim un espai molt especial: l\u2019hort escolar, un rac\u00f3 verd on tots els nens i nenes, des dels m\u00e9s petits d\u2019I3 fins als grans de 6\u00e8. En aquest espai aprenem, experimentem i gaudim del contacte amb la natura. L\u2019hort est\u00e0 dividit en parcel\u00b7les, una per a cada grup, i cadasc\u00fa s\u2019encarrega [&hellip;]<\/p>\n","protected":false},"author":1,"featured_media":0,"parent":3677,"menu_order":0,"comment_status":"closed","ping_status":"closed","template":"","meta":{"_bbp_topic_count":0,"_bbp_reply_count":0,"_bbp_total_topic_count":0,"_bbp_total_reply_count":0,"_bbp_voice_count":0,"_bbp_anonymous_reply_count":0,"_bbp_topic_count_hidden":0,"_bbp_reply_count_hidden":0,"_bbp_forum_subforum_count":0,"site-sidebar-layout":"default","site-content-layout":"","ast-site-content-layout":"default","site-content-style":"default","site-sidebar-style":"default","ast-global-header-display":"","ast-banner-title-visibility":"","ast-main-header-display":"","ast-hfb-above-header-display":"","ast-hfb-below-header-display":"","ast-hfb-mobile-header-display":"","site-post-title":"","ast-breadcrumbs-content":"","ast-featured-img":"","footer-sml-layout":"","theme-transparent-header-meta":"default","adv-header-id-meta":"","stick-header-meta":"","header-above-stick-meta":"","header-main-stick-meta":"","header-below-stick-meta":"","astra-migrate-meta-layouts":"set","ast-page-background-enabled":"default","ast-page-background-meta":{"desktop":{"background-color":"var(--ast-global-color-4)","background-image":"","background-repeat":"repeat","background-position":"center center","background-size":"auto","background-attachment":"scroll","background-type":"","background-media":"","overlay-type":"","overlay-color":"","overlay-opacity":"","overlay-gradient":""},"tablet":{"background-color":"","background-image":"","background-repeat":"repeat","background-position":"center center","background-size":"auto","background-attachment":"scroll","background-type":"","background-media":"","overlay-type":"","overlay-color":"","overlay-opacity":"","overlay-gradient":""},"mobile":{"background-color":"","background-image":"","background-repeat":"repeat","background-position":"center center","background-size":"auto","background-attachment":"scroll","background-type":"","background-media":"","overlay-type":"","overlay-color":"","overlay-opacity":"","overlay-gradient":""}},"ast-content-background-meta":{"desktop":{"background-color":"var(--ast-global-color-5)","background-image":"","background-repeat":"repeat","background-position":"center center","background-size":"auto","background-attachment":"scroll","background-type":"","background-media":"","overlay-type":"","overlay-color":"","overlay-opacity":"","overlay-gradient":""},"tablet":{"background-color":"var(--ast-global-color-5)","background-image":"","background-repeat":"repeat","background-position":"center center","background-size":"auto","background-attachment":"scroll","background-type":"","background-media":"","overlay-type":"","overlay-color":"","overlay-opacity":"","overlay-gradient":""},"mobile":{"background-color":"var(--ast-global-color-5)","background-image":"","background-repeat":"repeat","background-position":"center center","background-size":"auto","background-attachment":"scroll","background-type":"","background-media":"","overlay-type":"","overlay-color":"","overlay-opacity":"","overlay-gradient":""}},"footnotes":""},"class_list":["post-3765","page","type-page","status-publish","hentry"],"post_mailing_queue_ids":[],"_links":{"self":[{"href":"https:\/\/agora.xtec.cat\/ceip-ausiasmarch-hospitalet\/wp-json\/wp\/v2\/pages\/3765","targetHints":{"allow":["GET"]}}],"collection":[{"href":"https:\/\/agora.xtec.cat\/ceip-ausiasmarch-hospitalet\/wp-json\/wp\/v2\/pages"}],"about":[{"href":"https:\/\/agora.xtec.cat\/ceip-ausiasmarch-hospitalet\/wp-json\/wp\/v2\/types\/page"}],"author":[{"embeddable":true,"href":"https:\/\/agora.xtec.cat\/ceip-ausiasmarch-hospitalet\/wp-json\/wp\/v2\/users\/1"}],"replies":[{"embeddable":true,"href":"https:\/\/agora.xtec.cat\/ceip-ausiasmarch-hospitalet\/wp-json\/wp\/v2\/comments?post=3765"}],"version-history":[{"count":1,"href":"https:\/\/agora.xtec.cat\/ceip-ausiasmarch-hospitalet\/wp-json\/wp\/v2\/pages\/3765\/revisions"}],"predecessor-version":[{"id":3766,"href":"https:\/\/agora.xtec.cat\/ceip-ausiasmarch-hospitalet\/wp-json\/wp\/v2\/pages\/3765\/revisions\/3766"}],"up":[{"embeddable":true,"href":"https:\/\/agora.xtec.cat\/ceip-ausiasmarch-hospitalet\/wp-json\/wp\/v2\/pages\/3677"}],"wp:attachment":[{"href":"https:\/\/agora.xtec.cat\/ceip-ausiasmarch-hospitalet\/wp-json\/wp\/v2\/media?parent=3765"}],"curies":[{"name":"wp","href":"https:\/\/api.w.org\/{rel}","templated":true}]}}