{"id":26,"date":"2014-09-18T12:24:32","date_gmt":"2014-09-18T11:24:32","guid":{"rendered":"http:\/\/agora.xtec.cat\/ceip-ausiasmarch-hospitalet\/?page_id=26"},"modified":"2020-03-06T17:43:08","modified_gmt":"2020-03-06T16:43:08","slug":"historia","status":"publish","type":"page","link":"https:\/\/agora.xtec.cat\/ceip-ausiasmarch-hospitalet\/lescola\/historia\/","title":{"rendered":"Hist\u00f2ria"},"content":{"rendered":"<p style=\"text-align: justify;\">La hist\u00f2ria m\u00e9s recent de l&#8217;Ausi\u00e0s March \u00e9s la celebraci\u00f3 dels 40 anys de l&#8217;escola al llarg de l&#8217;any 2019.<\/p>\n<p style=\"text-align: justify;\">Us deixem un enlla\u00e7 a les fotos de la celebraci\u00f3 amb les autoritats d&#8217;Hospitalet i on els grans protagonistes van ser alumnes, exalumnes i personal docent i no docent que ha treballat o est\u00e0 treballant al centre.<\/p>\n<p><a href=\"https:\/\/agora.xtec.cat\/ceip-ausiasmarch-hospitalet\/wp-content\/uploads\/usu643\/2018\/06\/ausiasmarch-1.jpg\"><img loading=\"lazy\" decoding=\"async\" class=\"wp-image-1469 alignleft\" src=\"https:\/\/agora.xtec.cat\/ceip-ausiasmarch-hospitalet\/wp-content\/uploads\/usu643\/2018\/06\/ausiasmarch-1-1024x715.jpg\" alt=\"\" width=\"428\" height=\"291\" \/><\/a><a href=\"https:\/\/agora.xtec.cat\/ceip-ausiasmarch-hospitalet\/wp-content\/uploads\/usu643\/2020\/03\/5.-LOGO-1.png\"><img loading=\"lazy\" decoding=\"async\" class=\"alignnone wp-image-2378\" src=\"https:\/\/agora.xtec.cat\/ceip-ausiasmarch-hospitalet\/wp-content\/uploads\/usu643\/2020\/03\/5.-LOGO-1.png\" alt=\"\" width=\"307\" height=\"308\" srcset=\"https:\/\/agora.xtec.cat\/ceip-ausiasmarch-hospitalet\/wp-content\/uploads\/usu643\/2020\/03\/5.-LOGO-1.png 448w, https:\/\/agora.xtec.cat\/ceip-ausiasmarch-hospitalet\/wp-content\/uploads\/usu643\/2020\/03\/5.-LOGO-1-150x150.png 150w, https:\/\/agora.xtec.cat\/ceip-ausiasmarch-hospitalet\/wp-content\/uploads\/usu643\/2020\/03\/5.-LOGO-1-300x300.png 300w\" sizes=\"auto, (max-width: 307px) 100vw, 307px\" \/><\/a><\/p>\n<h1><a href=\"https:\/\/photos.google.com\/share\/AF1QipOIlRs5j5i8n4JYZ-SOxn9gZ_TP8tXh9Z04mfm0ooCj1wQigz6WrxZGi5CtctsKpw?key=d1NEWFl1WEwtWU01dG82RHpESDZnc3A5UnBxWFFR\"><img loading=\"lazy\" decoding=\"async\" class=\"wp-image-1850 aligncenter\" src=\"https:\/\/agora.xtec.cat\/ceip-ausiasmarch-hospitalet\/wp-content\/uploads\/usu643\/2019\/05\/DSC2617-1024x683.jpg\" alt=\"\" width=\"518\" height=\"346\" srcset=\"https:\/\/agora.xtec.cat\/ceip-ausiasmarch-hospitalet\/wp-content\/uploads\/usu643\/2019\/05\/DSC2617-1024x683.jpg 1024w, https:\/\/agora.xtec.cat\/ceip-ausiasmarch-hospitalet\/wp-content\/uploads\/usu643\/2019\/05\/DSC2617-300x200.jpg 300w, https:\/\/agora.xtec.cat\/ceip-ausiasmarch-hospitalet\/wp-content\/uploads\/usu643\/2019\/05\/DSC2617-768x512.jpg 768w\" sizes=\"auto, (max-width: 518px) 100vw, 518px\" \/> <\/a><\/h1>\n<h1 style=\"text-align: center;\"><a href=\"https:\/\/photos.google.com\/share\/AF1QipOIlRs5j5i8n4JYZ-SOxn9gZ_TP8tXh9Z04mfm0ooCj1wQigz6WrxZGi5CtctsKpw?key=d1NEWFl1WEwtWU01dG82RHpESDZnc3A5UnBxWFFR\">+ fotos<\/a><\/h1>\n","protected":false},"excerpt":{"rendered":"<p>La hist\u00f2ria m\u00e9s recent de l&#8217;Ausi\u00e0s March \u00e9s la celebraci\u00f3 dels 40 anys de l&#8217;escola al llarg de l&#8217;any 2019. Us deixem un enlla\u00e7 a les fotos de la celebraci\u00f3 amb les autoritats d&#8217;Hospitalet i on els grans protagonistes van ser alumnes, exalumnes i personal docent i no docent que ha treballat o est\u00e0 treballant [&hellip;]<\/p>\n","protected":false},"author":1,"featured_media":0,"parent":22,"menu_order":20,"comment_status":"closed","ping_status":"closed","template":"page-templates\/side-menu.php","meta":{"_bbp_topic_count":0,"_bbp_reply_count":0,"_bbp_total_topic_count":0,"_bbp_total_reply_count":0,"_bbp_voice_count":0,"_bbp_anonymous_reply_count":0,"_bbp_topic_count_hidden":0,"_bbp_reply_count_hidden":0,"_bbp_forum_subforum_count":0,"site-sidebar-layout":"default","site-content-layout":"","ast-site-content-layout":"","site-content-style":"default","site-sidebar-style":"default","ast-global-header-display":"","ast-banner-title-visibility":"","ast-main-header-display":"","ast-hfb-above-header-display":"","ast-hfb-below-header-display":"","ast-hfb-mobile-header-display":"","site-post-title":"","ast-breadcrumbs-content":"","ast-featured-img":"","footer-sml-layout":"","theme-transparent-header-meta":"","adv-header-id-meta":"","stick-header-meta":"","header-above-stick-meta":"","header-main-stick-meta":"","header-below-stick-meta":"","astra-migrate-meta-layouts":"default","ast-page-background-enabled":"default","ast-page-background-meta":{"desktop":{"background-color":"var(--ast-global-color-4)","background-image":"","background-repeat":"repeat","background-position":"center center","background-size":"auto","background-attachment":"scroll","background-type":"","background-media":"","overlay-type":"","overlay-color":"","overlay-opacity":"","overlay-gradient":""},"tablet":{"background-color":"","background-image":"","background-repeat":"repeat","background-position":"center center","background-size":"auto","background-attachment":"scroll","background-type":"","background-media":"","overlay-type":"","overlay-color":"","overlay-opacity":"","overlay-gradient":""},"mobile":{"background-color":"","background-image":"","background-repeat":"repeat","background-position":"center center","background-size":"auto","background-attachment":"scroll","background-type":"","background-media":"","overlay-type":"","overlay-color":"","overlay-opacity":"","overlay-gradient":""}},"ast-content-background-meta":{"desktop":{"background-color":"var(--ast-global-color-5)","background-image":"","background-repeat":"repeat","background-position":"center center","background-size":"auto","background-attachment":"scroll","background-type":"","background-media":"","overlay-type":"","overlay-color":"","overlay-opacity":"","overlay-gradient":""},"tablet":{"background-color":"var(--ast-global-color-5)","background-image":"","background-repeat":"repeat","background-position":"center center","background-size":"auto","background-attachment":"scroll","background-type":"","background-media":"","overlay-type":"","overlay-color":"","overlay-opacity":"","overlay-gradient":""},"mobile":{"background-color":"var(--ast-global-color-5)","background-image":"","background-repeat":"repeat","background-position":"center center","background-size":"auto","background-attachment":"scroll","background-type":"","background-media":"","overlay-type":"","overlay-color":"","overlay-opacity":"","overlay-gradient":""}},"footnotes":""},"class_list":["post-26","page","type-page","status-publish","hentry"],"post_mailing_queue_ids":[],"_links":{"self":[{"href":"https:\/\/agora.xtec.cat\/ceip-ausiasmarch-hospitalet\/wp-json\/wp\/v2\/pages\/26","targetHints":{"allow":["GET"]}}],"collection":[{"href":"https:\/\/agora.xtec.cat\/ceip-ausiasmarch-hospitalet\/wp-json\/wp\/v2\/pages"}],"about":[{"href":"https:\/\/agora.xtec.cat\/ceip-ausiasmarch-hospitalet\/wp-json\/wp\/v2\/types\/page"}],"author":[{"embeddable":true,"href":"https:\/\/agora.xtec.cat\/ceip-ausiasmarch-hospitalet\/wp-json\/wp\/v2\/users\/1"}],"replies":[{"embeddable":true,"href":"https:\/\/agora.xtec.cat\/ceip-ausiasmarch-hospitalet\/wp-json\/wp\/v2\/comments?post=26"}],"version-history":[{"count":4,"href":"https:\/\/agora.xtec.cat\/ceip-ausiasmarch-hospitalet\/wp-json\/wp\/v2\/pages\/26\/revisions"}],"predecessor-version":[{"id":2392,"href":"https:\/\/agora.xtec.cat\/ceip-ausiasmarch-hospitalet\/wp-json\/wp\/v2\/pages\/26\/revisions\/2392"}],"up":[{"embeddable":true,"href":"https:\/\/agora.xtec.cat\/ceip-ausiasmarch-hospitalet\/wp-json\/wp\/v2\/pages\/22"}],"wp:attachment":[{"href":"https:\/\/agora.xtec.cat\/ceip-ausiasmarch-hospitalet\/wp-json\/wp\/v2\/media?parent=26"}],"curies":[{"name":"wp","href":"https:\/\/api.w.org\/{rel}","templated":true}]}}