{"id":64,"date":"2014-09-18T12:39:08","date_gmt":"2014-09-18T11:39:08","guid":{"rendered":"http:\/\/agora.xtec.cat\/ceip-antonigaudi-cornella\/?page_id=64"},"modified":"2024-09-18T12:58:53","modified_gmt":"2024-09-18T10:58:53","slug":"projecte-educatiu","status":"publish","type":"page","link":"https:\/\/agora.xtec.cat\/ceip-antonigaudi-cornella\/lescola\/projecte-educatiu\/","title":{"rendered":"Projectes"},"content":{"rendered":"<p><a href=\"https:\/\/agora.xtec.cat\/ceip-antonigaudi-cornella\/projecte-descola\/\">Projecte d&#8217;escola: <\/a>El circ<\/p>\n<p><strong>Aquest curs s&#8217;ha decidit que tota l&#8217;escola participi en un projecte com\u00fa que sigui enriquidor i engrescador. El projecte es va portant a terme al llarg de tot el curs.\u00a0 S&#8217;ha decidit d&#8217;escollir &#8220;El Circ&#8221;, ja que \u00e9s molt motivador i dona joc a poder dur a terme moltes activitats variades.\u00a0 <\/strong><\/p>\n<p><a href=\"https:\/\/agora.xtec.cat\/ceip-antonigaudi-cornella\/apadrinament-lector\/\">Apadrinament lector<\/a><\/p>\n<p><img decoding=\"async\" class=\"sFlh5c pT0Scc iPVvYb aligncenter\" src=\"https:\/\/www3.gobiernodecanarias.org\/medusa\/edublog\/ceiplosdragos\/wp-content\/uploads\/sites\/136\/2016\/02\/imagesASPHYQHY.jpg\" alt=\"La Importancia de la Lectura en los Ni\u00f1os | CEIP LOS DRAGOS\" aria-hidden=\"false\" \/><\/p>\n<p><strong>L&#8217;alumnat de cursos superiors de prim\u00e0ria fan de padrins d&#8217;alumnes m\u00e9s petits per ajudar-los i acompanyar-los en l&#8217;aprenentatge de la lectura. Es realitzen activitats conjuntes entre classes per a potenciar l&#8217;habit i ajudar-se m\u00fatuament.<\/strong><\/p>\n<p><a href=\"https:\/\/agora.xtec.cat\/ceip-antonigaudi-cornella\/escola-sostenible\/\">Escola sostenible<\/a><\/p>\n<p><img loading=\"lazy\" decoding=\"async\" class=\"aligncenter\" src=\"https:\/\/ajuntament.barcelona.cat\/escolesbressol\/sites\/default\/files\/styles\/galleria_zoom\/public\/escoles_sostenibles2.jpg?itok=DAgZ8Kzy\" width=\"354\" height=\"236\" \/><\/p>\n<p><strong>L&#8217;escola participa activament amb el projecte a trav\u00e9s del reciclatge, dies de la fruita, setmana de la gesti\u00f3 del residus, l&#8217;us de material reciclat per reaprofitar per a activitats escolars i l&#8217;hort escolar.<\/strong><\/p>\n<p><a href=\"https:\/\/agora.xtec.cat\/ceip-antonigaudi-cornella\/glifing\/\">Glifing\/Legiland<\/a><\/p>\n<p><img loading=\"lazy\" decoding=\"async\" class=\"sFlh5c pT0Scc iPVvYb aligncenter\" src=\"https:\/\/cdn.reskyt.com\/4286\/neurolleida-aprendre-a-llegir-millor-el-metode-glifing-252038-med.jpg\" alt=\"Aprendre a llegir millor: el M\u00e8tode Glifing\" width=\"217\" height=\"83\" aria-hidden=\"false\" \/><\/p>\n<p><strong>Durant aquest curs els nens i nenes de 1r i 2n continuen treballant amb el programa Glifing. Aquest \u00e9s un m\u00e8tode innovador d&#8217;entrenament lector que busca automatitzar els processos lectors per aconseguir una lectura correcta, fluida i comprensiva.<\/strong><\/p>\n<p><img loading=\"lazy\" decoding=\"async\" class=\"custom-logo aligncenter\" src=\"https:\/\/i0.wp.com\/legiland.club\/wp-content\/uploads\/2024\/01\/logo-legiland-amarillo-framed.png?fit=1806%2C706&amp;ssl=1\" alt=\"\" width=\"163\" height=\"64\" data-attachment-id=\"28\" data-permalink=\"https:\/\/legiland.club\/es\/logo-legiland-amarillo-framed\/\" data-orig-file=\"https:\/\/i0.wp.com\/legiland.club\/wp-content\/uploads\/2024\/01\/logo-legiland-amarillo-framed.png?fit=1806%2C706&amp;ssl=1\" data-orig-size=\"1806,706\" data-comments-opened=\"1\" data-image-meta=\"{&quot;aperture&quot;:&quot;0&quot;,&quot;credit&quot;:&quot;&quot;,&quot;camera&quot;:&quot;&quot;,&quot;caption&quot;:&quot;&quot;,&quot;created_timestamp&quot;:&quot;0&quot;,&quot;copyright&quot;:&quot;&quot;,&quot;focal_length&quot;:&quot;0&quot;,&quot;iso&quot;:&quot;0&quot;,&quot;shutter_speed&quot;:&quot;0&quot;,&quot;title&quot;:&quot;&quot;,&quot;orientation&quot;:&quot;0&quot;}\" data-image-title=\"logo-legiland-amarillo-framed\" data-image-description=\"\" data-image-caption=\"\" data-medium-file=\"https:\/\/i0.wp.com\/legiland.club\/wp-content\/uploads\/2024\/01\/logo-legiland-amarillo-framed.png?fit=300%2C117&amp;ssl=1\" data-large-file=\"https:\/\/i0.wp.com\/legiland.club\/wp-content\/uploads\/2024\/01\/logo-legiland-amarillo-framed.png?fit=1024%2C400&amp;ssl=1\" \/><\/p>\n<p><strong>Durant aquest trimestre, els cursos de 3r, 4t, 5\u00e8 i 6\u00e8 han comen\u00e7at a treballar amb el programa Legiland. Aquest fomenta el gust per la lectura i la comprensi\u00f3 lectora de tots els nens i nenes d&#8217;una manera divertida amb diferents reptes i recompenses.<\/strong><\/p>\n<p><a href=\"https:\/\/agora.xtec.cat\/ceip-antonigaudi-cornella\/sharing-to-learn\/\">Sharing to learn<\/a><\/p>\n<p><img loading=\"lazy\" decoding=\"async\" class=\"aligncenter\" src=\"http:\/\/3.bp.blogspot.com\/-VDws1FVnvy4\/T3q0jIg4jkI\/AAAAAAAAA64\/zlnRisDcRow\/s512\/img03058.jpg\" width=\"222\" height=\"90\" \/><\/p>\n<p><strong>L&#8217;escola, juntament amb l&#8217;institut Esteve Terradas participa al projecte Sharing to Learn. L&#8217;alumnat de secund\u00e0ria interv\u00e9 als cursos de 2n, 3r i 4t per a promocionar l&#8217;us de l&#8217;angl\u00e8s oral a prim\u00e0ria. Es realitzen jocs de taula, es canten can\u00e7ons, es fan racons i activitats orals en angl\u00e8s.<\/strong><\/p>\n<p><a href=\"https:\/\/agora.xtec.cat\/ceip-antonigaudi-cornella\/pmoe-proa\/\">PMOE-PROA+<\/a><\/p>\n<p style=\"text-align: center;\"><a href=\"https:\/\/agora.xtec.cat\/ceip-antonigaudi-cornella\/wp-content\/uploads\/usu1240\/2023\/06\/logos-PROA-2-comprimit-1024x570-1.jpg\"><img loading=\"lazy\" decoding=\"async\" class=\"alignnone wp-image-10962\" src=\"https:\/\/agora.xtec.cat\/ceip-antonigaudi-cornella\/wp-content\/uploads\/usu1240\/2023\/06\/logos-PROA-2-comprimit-1024x570-1.jpg\" alt=\"\" width=\"445\" height=\"167\" srcset=\"https:\/\/agora.xtec.cat\/ceip-antonigaudi-cornella\/wp-content\/uploads\/usu1240\/2023\/06\/logos-PROA-2-comprimit-1024x570-1.jpg 1024w, https:\/\/agora.xtec.cat\/ceip-antonigaudi-cornella\/wp-content\/uploads\/usu1240\/2023\/06\/logos-PROA-2-comprimit-1024x570-1-300x113.jpg 300w, https:\/\/agora.xtec.cat\/ceip-antonigaudi-cornella\/wp-content\/uploads\/usu1240\/2023\/06\/logos-PROA-2-comprimit-1024x570-1-768x288.jpg 768w\" sizes=\"auto, (max-width: 445px) 100vw, 445px\" \/><\/a><\/p>\n<h6 style=\"text-align: justify;\"><strong><span style=\"color: #000000;\">Programa que t\u00e9 com a finalitat donar suport als centres educatius. Aquest suport ha de permetre millorar la qualitat educativa i els resultats escolars gr\u00e0cies a programes i actuacions a realitzar en les escoles i instituts que estan acollits a aquest pla.<\/span><\/strong><br \/>\n<strong><span style=\"color: #000000;\">Aquests programes i actuacions es podran dur a terme amb l\u2019ajut econ\u00f2mic que l\u2019escola rep.<\/span><\/strong><\/h6>\n","protected":false},"excerpt":{"rendered":"<p><a href=\"https:\/\/agora.xtec.cat\/ceip-antonigaudi-cornella\/projecte-descola\/\">Projecte d&#8217;escola: <\/a>El circ<br \/>\nAquest curs s&#8217;ha decidit que tota l&#8217;escola participi en un projecte com\u00fa que sigui enriquidor i engrescador. El projecte es va portant a terme al llarg de tot el curs.\u00a0 S&#8217;ha decidit d&#8217;escollir &#8220;El Circ&#8221;, ja que \u00e9s molt motivador i&hellip;  <a href=\"https:\/\/agora.xtec.cat\/ceip-antonigaudi-cornella\/lescola\/projecte-educatiu\/\" title=\"Read Projectes\">Llegeix m\u00e9s\u00bb<\/a><\/p>\n","protected":false},"author":1,"featured_media":0,"parent":22,"menu_order":0,"comment_status":"closed","ping_status":"closed","template":"page-templates\/side-menu.php","meta":{"_bbp_topic_count":0,"_bbp_reply_count":0,"_bbp_total_topic_count":0,"_bbp_total_reply_count":0,"_bbp_voice_count":0,"_bbp_anonymous_reply_count":0,"_bbp_topic_count_hidden":0,"_bbp_reply_count_hidden":0,"_bbp_forum_subforum_count":0,"footnotes":""},"class_list":["post-64","page","type-page","status-publish","hentry"],"post_mailing_queue_ids":[],"_links":{"self":[{"href":"https:\/\/agora.xtec.cat\/ceip-antonigaudi-cornella\/wp-json\/wp\/v2\/pages\/64","targetHints":{"allow":["GET"]}}],"collection":[{"href":"https:\/\/agora.xtec.cat\/ceip-antonigaudi-cornella\/wp-json\/wp\/v2\/pages"}],"about":[{"href":"https:\/\/agora.xtec.cat\/ceip-antonigaudi-cornella\/wp-json\/wp\/v2\/types\/page"}],"author":[{"embeddable":true,"href":"https:\/\/agora.xtec.cat\/ceip-antonigaudi-cornella\/wp-json\/wp\/v2\/users\/1"}],"replies":[{"embeddable":true,"href":"https:\/\/agora.xtec.cat\/ceip-antonigaudi-cornella\/wp-json\/wp\/v2\/comments?post=64"}],"version-history":[{"count":8,"href":"https:\/\/agora.xtec.cat\/ceip-antonigaudi-cornella\/wp-json\/wp\/v2\/pages\/64\/revisions"}],"predecessor-version":[{"id":11518,"href":"https:\/\/agora.xtec.cat\/ceip-antonigaudi-cornella\/wp-json\/wp\/v2\/pages\/64\/revisions\/11518"}],"up":[{"embeddable":true,"href":"https:\/\/agora.xtec.cat\/ceip-antonigaudi-cornella\/wp-json\/wp\/v2\/pages\/22"}],"wp:attachment":[{"href":"https:\/\/agora.xtec.cat\/ceip-antonigaudi-cornella\/wp-json\/wp\/v2\/media?parent=64"}],"curies":[{"name":"wp","href":"https:\/\/api.w.org\/{rel}","templated":true}]}}