{"id":11108,"date":"2023-08-25T13:59:50","date_gmt":"2023-08-25T11:59:50","guid":{"rendered":"https:\/\/agora.xtec.cat\/ceip-antonigaudi-cornella\/?page_id=11108"},"modified":"2024-02-23T09:22:15","modified_gmt":"2024-02-23T08:22:15","slug":"glifing","status":"publish","type":"page","link":"https:\/\/agora.xtec.cat\/ceip-antonigaudi-cornella\/glifing\/","title":{"rendered":"Glifing\/Legiland"},"content":{"rendered":"<p><a href=\"https:\/\/agora.xtec.cat\/ceip-antonigaudi-cornella\/glifing\/\">Glifing\/Legiland<\/a><\/p>\n<p><img loading=\"lazy\" decoding=\"async\" class=\"sFlh5c pT0Scc iPVvYb aligncenter\" src=\"https:\/\/cdn.reskyt.com\/4286\/neurolleida-aprendre-a-llegir-millor-el-metode-glifing-252038-med.jpg\" alt=\"Aprendre a llegir millor: el M\u00e8tode Glifing\" width=\"217\" height=\"83\" aria-hidden=\"false\" \/><\/p>\n<p><strong>Durant aquest curs els nens i nenes de 1r i 2n continuen treballant amb el programa Glifing. Aquest \u00e9s un m\u00e8tode innovador d\u2019entrenament lector que busca automatitzar els processos lectors per aconseguir una lectura correcta, fluida i comprensiva.<\/strong><\/p>\n<p><img loading=\"lazy\" decoding=\"async\" class=\"custom-logo aligncenter\" src=\"https:\/\/i0.wp.com\/legiland.club\/wp-content\/uploads\/2024\/01\/logo-legiland-amarillo-framed.png?fit=1806%2C706&amp;ssl=1\" alt=\"\" width=\"163\" height=\"64\" data-attachment-id=\"28\" data-permalink=\"https:\/\/legiland.club\/es\/logo-legiland-amarillo-framed\/\" data-orig-file=\"https:\/\/i0.wp.com\/legiland.club\/wp-content\/uploads\/2024\/01\/logo-legiland-amarillo-framed.png?fit=1806%2C706&amp;ssl=1\" data-orig-size=\"1806,706\" data-comments-opened=\"1\" data-image-meta=\"{&quot;aperture&quot;:&quot;0&quot;,&quot;credit&quot;:&quot;&quot;,&quot;camera&quot;:&quot;&quot;,&quot;caption&quot;:&quot;&quot;,&quot;created_timestamp&quot;:&quot;0&quot;,&quot;copyright&quot;:&quot;&quot;,&quot;focal_length&quot;:&quot;0&quot;,&quot;iso&quot;:&quot;0&quot;,&quot;shutter_speed&quot;:&quot;0&quot;,&quot;title&quot;:&quot;&quot;,&quot;orientation&quot;:&quot;0&quot;}\" data-image-title=\"logo-legiland-amarillo-framed\" data-image-description=\"\" data-image-caption=\"\" data-medium-file=\"https:\/\/i0.wp.com\/legiland.club\/wp-content\/uploads\/2024\/01\/logo-legiland-amarillo-framed.png?fit=300%2C117&amp;ssl=1\" data-large-file=\"https:\/\/i0.wp.com\/legiland.club\/wp-content\/uploads\/2024\/01\/logo-legiland-amarillo-framed.png?fit=1024%2C400&amp;ssl=1\" \/><\/p>\n<p><strong>Durant aquest trimestre, els cursos de 3r, 4t, 5\u00e8 i 6\u00e8 han comen\u00e7at a treballar amb el programa Legiland. Aquest fomenta el gust per la lectura i la comprensi\u00f3 lectora de tots els nens i nenes d\u2019una manera divertida amb diferents reptes i recompenses.<\/strong><\/p>\n","protected":false},"excerpt":{"rendered":"<p><a href=\"https:\/\/agora.xtec.cat\/ceip-antonigaudi-cornella\/glifing\/\">Glifing\/Legiland<\/a><\/p>\n<p>Durant aquest curs els nens i nenes de 1r i 2n continuen treballant amb el programa Glifing. Aquest \u00e9s un m\u00e8tode innovador d\u2019entrenament lector que busca automatitzar els processos lectors per aconseguir una lectura correcta, fluida i comprensiva.<\/p>\n<p>Durant aquest trimestre, els cursos de 3r,&hellip;  <a href=\"https:\/\/agora.xtec.cat\/ceip-antonigaudi-cornella\/glifing\/\" title=\"Read Glifing\/Legiland\">Llegeix m\u00e9s\u00bb<\/a><\/p>\n","protected":false},"author":37,"featured_media":0,"parent":0,"menu_order":0,"comment_status":"closed","ping_status":"closed","template":"","meta":{"_bbp_topic_count":0,"_bbp_reply_count":0,"_bbp_total_topic_count":0,"_bbp_total_reply_count":0,"_bbp_voice_count":0,"_bbp_anonymous_reply_count":0,"_bbp_topic_count_hidden":0,"_bbp_reply_count_hidden":0,"_bbp_forum_subforum_count":0,"footnotes":""},"class_list":["post-11108","page","type-page","status-publish","hentry"],"post_mailing_queue_ids":[],"_links":{"self":[{"href":"https:\/\/agora.xtec.cat\/ceip-antonigaudi-cornella\/wp-json\/wp\/v2\/pages\/11108","targetHints":{"allow":["GET"]}}],"collection":[{"href":"https:\/\/agora.xtec.cat\/ceip-antonigaudi-cornella\/wp-json\/wp\/v2\/pages"}],"about":[{"href":"https:\/\/agora.xtec.cat\/ceip-antonigaudi-cornella\/wp-json\/wp\/v2\/types\/page"}],"author":[{"embeddable":true,"href":"https:\/\/agora.xtec.cat\/ceip-antonigaudi-cornella\/wp-json\/wp\/v2\/users\/37"}],"replies":[{"embeddable":true,"href":"https:\/\/agora.xtec.cat\/ceip-antonigaudi-cornella\/wp-json\/wp\/v2\/comments?post=11108"}],"version-history":[{"count":4,"href":"https:\/\/agora.xtec.cat\/ceip-antonigaudi-cornella\/wp-json\/wp\/v2\/pages\/11108\/revisions"}],"predecessor-version":[{"id":11416,"href":"https:\/\/agora.xtec.cat\/ceip-antonigaudi-cornella\/wp-json\/wp\/v2\/pages\/11108\/revisions\/11416"}],"wp:attachment":[{"href":"https:\/\/agora.xtec.cat\/ceip-antonigaudi-cornella\/wp-json\/wp\/v2\/media?parent=11108"}],"curies":[{"name":"wp","href":"https:\/\/api.w.org\/{rel}","templated":true}]}}