{"id":277,"date":"2017-09-25T01:19:25","date_gmt":"2017-09-24T23:19:25","guid":{"rendered":"http:\/\/agora.xtec.cat\/ceip-antoni-gaudi\/?page_id=277"},"modified":"2023-04-20T10:11:47","modified_gmt":"2023-04-20T08:11:47","slug":"reutilitzacio-de-llibres","status":"publish","type":"page","link":"https:\/\/agora.xtec.cat\/ceip-antoni-gaudi\/projectes\/reutilitzacio-de-llibres\/","title":{"rendered":"Reutilitzaci\u00f3 de llibres"},"content":{"rendered":"<p style=\"text-align: justify;\">La motivaci\u00f3 de l\u2019equip docent del centre a impulsar el projecte <strong>COOPERATIU PER AL FOMENT DE LA REUTILITZACI\u00d3 DE LLIBRES DE TEXT I MATERIAL DID\u00c0CTIC COMPLEMENTARI<\/strong>, t\u00e9 per objectiu evitar les desigualtats i la discriminaci\u00f3 entre els alumnes generada per la impossibilitat de les fam\u00edlies de fer front a\u00a0les despeses de llibres de text i material escolar.<\/p>\n<table style=\"height: 195px; width: 697px; border-color: #b010eb; background-color: #f1edf2;\">\n<tbody>\n<tr style=\"height: 234px;\">\n<td style=\"width: 692px; height: 234px;\">\n<h4><strong>OBJECTIUS<\/strong><\/h4>\n<p>Amb aquesta iniciativa volem:<\/p>\n<ul>\n<li>Fomentar en l\u2019alumnat el valor de la responsabilitat i la cura del material complementari, promovent la cultura del reciclatge i la reutilitzaci\u00f3 dels recursos.<\/li>\n<li>Educar als alumnes des de la pr\u00e0ctica en el consum racional i sostenible, i per a l\u2019estalvi ecol\u00f2gic i econ\u00f2mic.<\/li>\n<li>Reduir la despesa econ\u00f2mica\u00a0 que les fam\u00edlies tenen\u00a0 a l\u2019inici del curs escolar\u00a0per l\u2019adquisici\u00f3 dels llibres de text, afavorint la cohesi\u00f3 social i l\u2019equitat educativa per garantir la igualtat en les condicions d\u2019escolaritzaci\u00f3 a tot l\u2019alumnat.<\/li>\n<li>Fomentar la col\u00b7laboraci\u00f3 entre els diversos sectors de la comunitat educativa: l\u2019alumnat, les fam\u00edlies i el professorat.<\/li>\n<\/ul>\n<\/td>\n<\/tr>\n<\/tbody>\n<\/table>\n<table>\n<tbody>\n<tr style=\"height: 4px;\">\n<td style=\"height: 4px;\"><strong>QUOTES ANUALS<\/strong><\/td>\n<\/tr>\n<tr style=\"height: 31px;\">\n<td style=\"height: 31px;\">Prim\u00e0ria: 20\u20ac<\/td>\n<\/tr>\n<\/tbody>\n<\/table>\n<blockquote><p>*Alumnes de nova incorporaci\u00f3 al centre: 50 \u20ac<\/p><\/blockquote>\n","protected":false},"excerpt":{"rendered":"<p>La motivaci\u00f3 de l\u2019equip docent del centre a impulsar el projecte COOPERATIU PER AL FOMENT DE LA REUTILITZACI\u00d3 DE LLIBRES DE TEXT I MATERIAL DID\u00c0CTIC COMPLEMENTARI, t\u00e9 per objectiu evitar les desigualtats i la discriminaci\u00f3 entre els alumnes generada per la impossibilitat de les fam\u00edlies&hellip;  <a href=\"https:\/\/agora.xtec.cat\/ceip-antoni-gaudi\/projectes\/reutilitzacio-de-llibres\/\" title=\"Read Reutilitzaci\u00f3 de llibres\">Llegeix m\u00e9s\u00bb<\/a><\/p>\n","protected":false},"author":1,"featured_media":0,"parent":272,"menu_order":0,"comment_status":"closed","ping_status":"closed","template":"page-templates\/side-menu.php","meta":{"_bbp_topic_count":0,"_bbp_reply_count":0,"_bbp_total_topic_count":0,"_bbp_total_reply_count":0,"_bbp_voice_count":0,"_bbp_anonymous_reply_count":0,"_bbp_topic_count_hidden":0,"_bbp_reply_count_hidden":0,"_bbp_forum_subforum_count":0,"footnotes":""},"class_list":["post-277","page","type-page","status-publish","hentry"],"post_mailing_queue_ids":[],"_links":{"self":[{"href":"https:\/\/agora.xtec.cat\/ceip-antoni-gaudi\/wp-json\/wp\/v2\/pages\/277","targetHints":{"allow":["GET"]}}],"collection":[{"href":"https:\/\/agora.xtec.cat\/ceip-antoni-gaudi\/wp-json\/wp\/v2\/pages"}],"about":[{"href":"https:\/\/agora.xtec.cat\/ceip-antoni-gaudi\/wp-json\/wp\/v2\/types\/page"}],"author":[{"embeddable":true,"href":"https:\/\/agora.xtec.cat\/ceip-antoni-gaudi\/wp-json\/wp\/v2\/users\/1"}],"replies":[{"embeddable":true,"href":"https:\/\/agora.xtec.cat\/ceip-antoni-gaudi\/wp-json\/wp\/v2\/comments?post=277"}],"version-history":[{"count":4,"href":"https:\/\/agora.xtec.cat\/ceip-antoni-gaudi\/wp-json\/wp\/v2\/pages\/277\/revisions"}],"predecessor-version":[{"id":5921,"href":"https:\/\/agora.xtec.cat\/ceip-antoni-gaudi\/wp-json\/wp\/v2\/pages\/277\/revisions\/5921"}],"up":[{"embeddable":true,"href":"https:\/\/agora.xtec.cat\/ceip-antoni-gaudi\/wp-json\/wp\/v2\/pages\/272"}],"wp:attachment":[{"href":"https:\/\/agora.xtec.cat\/ceip-antoni-gaudi\/wp-json\/wp\/v2\/media?parent=277"}],"curies":[{"name":"wp","href":"https:\/\/api.w.org\/{rel}","templated":true}]}}