{"id":10358,"date":"2026-02-03T09:04:38","date_gmt":"2026-02-03T08:04:38","guid":{"rendered":"https:\/\/agora.xtec.cat\/ceip-angelguimera\/?page_id=10358"},"modified":"2026-02-03T09:09:53","modified_gmt":"2026-02-03T08:09:53","slug":"%f0%9f%8c%88-un-pati-divers","status":"publish","type":"page","link":"https:\/\/agora.xtec.cat\/ceip-angelguimera\/%f0%9f%8c%88-un-pati-divers\/","title":{"rendered":"\ud83c\udf08 Un pati divers"},"content":{"rendered":"\n<p>Entenem l\u2019hora del pati com un espai de joc lliure, exploraci\u00f3 i conviv\u00e8ncia. Apostem per un pati divers que ofereix m\u00faltiples possibilitats per experimentar, interactuar i relacionar-se de manera lliure, afavorint un temps d\u2019esbarjo de qualitat, inclusiu i enriquidor.<\/p>\n\n\n\n<p>A les hores d\u2019esbarjo els infants poden escollir entre aquestes zones:<\/p>\n\n\n\n<p><strong>Zona d\u2019infantil:<\/strong>\u00a0Inclou tres \u00e0rees diferents, el pati d\u2019infantil delimitat per la tanca, la zona de futbol i la zona de la cistella de b\u00e0squet. L\u2019alumnat de Prim\u00e0ria no hi t\u00e9 acc\u00e9s.<\/p>\n\n\n\n<p><strong>Biblioteca:<\/strong>\u00a0Oberta di\u00e0riament, amb reserva di\u00e0ria a la pissarra que hi ha al vest\u00edbul durant l\u2019entrada relaxada. S\u2019hi pot llegir, fer deures, assajar l\u2019hora del conte\u2026<\/p>\n\n\n\n<p><strong>Zona de jocs tradicionals<\/strong>: A corda, a goma, als jocs pintats a terra \u2013 xarranca, tres en ratlla. Els alumnes poden escollir jugar a la xarranca, el mirall\u2026<\/p>\n\n\n\n<p><strong>Pista de futbol:<\/strong>\u00a0La pista \u00e9s l\u2019\u00fanic espai del pati on es pot jugar amb pilota dura.<br>Aquestes pilotes s\u2019aniran substituint per pilotes toves a mesura que es vagin trencant. La pista est\u00e0 reservada per diferents nivells cada dia.<\/p>\n\n\n\n<p><strong>Zona relaxada:<\/strong>&nbsp;Zona de conversa, lectura, esmorzar.<\/p>\n\n\n\n<p><strong>Pati de sorra:<\/strong>&nbsp;Espai de joc lliure i nom\u00e9s s\u2019hi permeten pilotes toves.<\/p>\n\n\n\n<p><strong>Gimn\u00e0s<\/strong>: Jocs de taula de diferents nivells i dificultats.<\/p>\n\n\n\n<p><strong>Zona de tennis de taula al costat del gimn\u00e0s:<\/strong>\u00a0Cicle superior pot fer competicions dos cops a la setmana, dilluns i dimecres.<\/p>\n\n\n\n<p><strong>Zona de gespa:<\/strong>&nbsp;Joc lliure, sense pilotes.<\/p>\n","protected":false},"excerpt":{"rendered":"<p>Entenem l\u2019hora del pati com un espai de joc lliure, exploraci\u00f3 i conviv\u00e8ncia. Apostem per un pati divers que ofereix m\u00faltiples possibilitats per experimentar, interactuar i relacionar-se de manera lliure, afavorint un temps d\u2019esbarjo de qualitat, inclusiu i enriquidor. A les hores d\u2019esbarjo els infants poden escollir entre aquestes zones: Zona d\u2019infantil:\u00a0Inclou tres \u00e0rees diferents, [&hellip;]<\/p>\n","protected":false},"author":1,"featured_media":0,"parent":0,"menu_order":0,"comment_status":"closed","ping_status":"close","template":"","meta":{"_bbp_topic_count":0,"_bbp_reply_count":0,"_bbp_total_topic_count":0,"_bbp_total_reply_count":0,"_bbp_voice_count":0,"_bbp_anonymous_reply_count":0,"_bbp_topic_count_hidden":0,"_bbp_reply_count_hidden":0,"_bbp_forum_subforum_count":0,"site-sidebar-layout":"default","site-content-layout":"","ast-site-content-layout":"default","site-content-style":"default","site-sidebar-style":"default","ast-global-header-display":"","ast-banner-title-visibility":"","ast-main-header-display":"","ast-hfb-above-header-display":"","ast-hfb-below-header-display":"","ast-hfb-mobile-header-display":"","site-post-title":"","ast-breadcrumbs-content":"","ast-featured-img":"","footer-sml-layout":"","theme-transparent-header-meta":"","adv-header-id-meta":"","stick-header-meta":"","header-above-stick-meta":"","header-main-stick-meta":"","header-below-stick-meta":"","astra-migrate-meta-layouts":"set","ast-page-background-enabled":"default","ast-page-background-meta":{"desktop":{"background-color":"var(--ast-global-color-4)","background-image":"","background-repeat":"repeat","background-position":"center center","background-size":"auto","background-attachment":"scroll","background-type":"","background-media":"","overlay-type":"","overlay-color":"","overlay-opacity":"","overlay-gradient":""},"tablet":{"background-color":"","background-image":"","background-repeat":"repeat","background-position":"center center","background-size":"auto","background-attachment":"scroll","background-type":"","background-media":"","overlay-type":"","overlay-color":"","overlay-opacity":"","overlay-gradient":""},"mobile":{"background-color":"","background-image":"","background-repeat":"repeat","background-position":"center center","background-size":"auto","background-attachment":"scroll","background-type":"","background-media":"","overlay-type":"","overlay-color":"","overlay-opacity":"","overlay-gradient":""}},"ast-content-background-meta":{"desktop":{"background-color":"var(--ast-global-color-5)","background-image":"","background-repeat":"repeat","background-position":"center center","background-size":"auto","background-attachment":"scroll","background-type":"","background-media":"","overlay-type":"","overlay-color":"","overlay-opacity":"","overlay-gradient":""},"tablet":{"background-color":"var(--ast-global-color-5)","background-image":"","background-repeat":"repeat","background-position":"center center","background-size":"auto","background-attachment":"scroll","background-type":"","background-media":"","overlay-type":"","overlay-color":"","overlay-opacity":"","overlay-gradient":""},"mobile":{"background-color":"var(--ast-global-color-5)","background-image":"","background-repeat":"repeat","background-position":"center center","background-size":"auto","background-attachment":"scroll","background-type":"","background-media":"","overlay-type":"","overlay-color":"","overlay-opacity":"","overlay-gradient":""}},"footnotes":""},"class_list":["post-10358","page","type-page","status-publish","hentry"],"post_mailing_queue_ids":[],"_links":{"self":[{"href":"https:\/\/agora.xtec.cat\/ceip-angelguimera\/wp-json\/wp\/v2\/pages\/10358","targetHints":{"allow":["GET"]}}],"collection":[{"href":"https:\/\/agora.xtec.cat\/ceip-angelguimera\/wp-json\/wp\/v2\/pages"}],"about":[{"href":"https:\/\/agora.xtec.cat\/ceip-angelguimera\/wp-json\/wp\/v2\/types\/page"}],"author":[{"embeddable":true,"href":"https:\/\/agora.xtec.cat\/ceip-angelguimera\/wp-json\/wp\/v2\/users\/1"}],"replies":[{"embeddable":true,"href":"https:\/\/agora.xtec.cat\/ceip-angelguimera\/wp-json\/wp\/v2\/comments?post=10358"}],"version-history":[{"count":2,"href":"https:\/\/agora.xtec.cat\/ceip-angelguimera\/wp-json\/wp\/v2\/pages\/10358\/revisions"}],"predecessor-version":[{"id":10361,"href":"https:\/\/agora.xtec.cat\/ceip-angelguimera\/wp-json\/wp\/v2\/pages\/10358\/revisions\/10361"}],"wp:attachment":[{"href":"https:\/\/agora.xtec.cat\/ceip-angelguimera\/wp-json\/wp\/v2\/media?parent=10358"}],"curies":[{"name":"wp","href":"https:\/\/api.w.org\/{rel}","templated":true}]}}