{"id":10352,"date":"2026-02-03T09:02:15","date_gmt":"2026-02-03T08:02:15","guid":{"rendered":"https:\/\/agora.xtec.cat\/ceip-angelguimera\/?page_id=10352"},"modified":"2026-02-04T15:06:29","modified_gmt":"2026-02-04T14:06:29","slug":"%f0%9f%a4%96-robotica-i-pensament-computacional","status":"publish","type":"page","link":"https:\/\/agora.xtec.cat\/ceip-angelguimera\/%f0%9f%a4%96-robotica-i-pensament-computacional\/","title":{"rendered":"\ud83e\udd16 Rob\u00f2tica i pensament computacional"},"content":{"rendered":"\n<p>La rob\u00f2tica i el pensament computacional formen part de la metodologia del centre com a eina per desenvolupar el pensament l\u00f2gic, la resoluci\u00f3 de problemes, la creativitat i la compet\u00e8ncia digital de manera progressiva i adaptada a cada etapa.<\/p>\n\n\n\n<p>El treball de la rob\u00f2tica s\u2019organitza per cicles:<\/p>\n\n\n\n<ul class=\"wp-block-list\">\n<li><strong>Educaci\u00f3 Infantil<\/strong>: es treballa amb les <strong>Bee-Bots<\/strong>, afavorint la iniciaci\u00f3 a la programaci\u00f3 a trav\u00e9s del joc, el treball seq\u00fcencial, l\u2019orientaci\u00f3 espacial i el pensament computacional b\u00e0sic.<\/li>\n\n\n\n<li><strong>Cicle Inicial<\/strong>: s\u2019utilitzen les <strong>Tale-Bots<\/strong>, que permeten aprofundir en la programaci\u00f3 b\u00e0sica, la comprensi\u00f3 de seq\u00fc\u00e8ncies i la resoluci\u00f3 de petits reptes de manera l\u00fadica i manipulativa.<br><strong>Cicle Mitj\u00e0<\/strong>: es treballa amb <strong>LEGO Spike<\/strong>, fomentant la programaci\u00f3, la construcci\u00f3, el pensament l\u00f2gic i el treball cooperatiu mitjan\u00e7ant reptes progressius.<\/li>\n\n\n\n<li><strong>Cicle Superior<\/strong>: l\u2019alumnat utilitza <strong>Micro:bit<\/strong>, la <strong>talladora l\u00e0ser<\/strong> i la <strong>impressora 3D<\/strong>, integrant la programaci\u00f3, el disseny i la creaci\u00f3 de projectes m\u00e9s complexos, potenciant la creativitat, l\u2019autonomia i la compet\u00e8ncia digital avan\u00e7ada.<br><\/li>\n<\/ul>\n\n\n\n<p>Aquest recorregut garanteix una progressi\u00f3 coherent i continuada en l\u2019aprenentatge de la rob\u00f2tica al llarg de tota l\u2019etapa escolar.<\/p>\n\n\n\n<div class=\"wp-block-getwid-images-slider has-arrows-inside has-dots-inside has-images-center has-fitted-images has-fixed-height\"><div class=\"wp-block-getwid-images-slider__wrapper\" data-effect=\"slide\" data-slides-show=\"1\" data-slides-show-laptop=\"1\" data-slides-show-tablet=\"1\" data-slides-show-mobile=\"1\" data-slides-scroll=\"1\" data-autoplay=\"true\" data-pause-hover=\"true\" data-autoplay-speed=\"4000\" data-infinite=\"true\" data-animation-speed=\"800\" data-center-mode=\"false\" data-variable-width=\"false\" data-arrows=\"inside\" data-dots=\"inside\" data-spacing=\"none\"><div class=\"wp-block-getwid-images-slider__item\" style=\"height:1000px\"><figure><img loading=\"lazy\" decoding=\"async\" width=\"1920\" height=\"2560\" src=\"https:\/\/agora.xtec.cat\/ceip-angelguimera\/wp-content\/uploads\/usu637\/2026\/02\/IMG_20260202_144819-scaled.jpg\" alt=\"\" data-id=\"10414\" data-link=\"https:\/\/agora.xtec.cat\/ceip-angelguimera\/%f0%9f%a4%96-robotica-i-pensament-computacional\/attachment\/img_20260202_144819\/\" data-original-link=\"https:\/\/agora.xtec.cat\/ceip-angelguimera\/wp-content\/uploads\/usu637\/2026\/02\/IMG_20260202_144819-scaled.jpg\" class=\"wp-block-getwid-images-slider__image wp-image-10414\" srcset=\"https:\/\/agora.xtec.cat\/ceip-angelguimera\/wp-content\/uploads\/usu637\/2026\/02\/IMG_20260202_144819-scaled.jpg 1920w, https:\/\/agora.xtec.cat\/ceip-angelguimera\/wp-content\/uploads\/usu637\/2026\/02\/IMG_20260202_144819-225x300.jpg 225w, https:\/\/agora.xtec.cat\/ceip-angelguimera\/wp-content\/uploads\/usu637\/2026\/02\/IMG_20260202_144819-768x1024.jpg 768w, https:\/\/agora.xtec.cat\/ceip-angelguimera\/wp-content\/uploads\/usu637\/2026\/02\/IMG_20260202_144819-1152x1536.jpg 1152w, https:\/\/agora.xtec.cat\/ceip-angelguimera\/wp-content\/uploads\/usu637\/2026\/02\/IMG_20260202_144819-1536x2048.jpg 1536w\" sizes=\"auto, (max-width: 1920px) 100vw, 1920px\" \/><\/figure><\/div><div class=\"wp-block-getwid-images-slider__item\" style=\"height:1000px\"><figure><img loading=\"lazy\" decoding=\"async\" width=\"1920\" height=\"2560\" src=\"https:\/\/agora.xtec.cat\/ceip-angelguimera\/wp-content\/uploads\/usu637\/2026\/02\/IMG_20260202_094535-scaled.jpg\" alt=\"\" data-id=\"10413\" data-link=\"https:\/\/agora.xtec.cat\/ceip-angelguimera\/%f0%9f%a4%96-robotica-i-pensament-computacional\/attachment\/img_20260202_094535\/\" data-original-link=\"https:\/\/agora.xtec.cat\/ceip-angelguimera\/wp-content\/uploads\/usu637\/2026\/02\/IMG_20260202_094535-scaled.jpg\" class=\"wp-block-getwid-images-slider__image wp-image-10413\" srcset=\"https:\/\/agora.xtec.cat\/ceip-angelguimera\/wp-content\/uploads\/usu637\/2026\/02\/IMG_20260202_094535-scaled.jpg 1920w, https:\/\/agora.xtec.cat\/ceip-angelguimera\/wp-content\/uploads\/usu637\/2026\/02\/IMG_20260202_094535-225x300.jpg 225w, https:\/\/agora.xtec.cat\/ceip-angelguimera\/wp-content\/uploads\/usu637\/2026\/02\/IMG_20260202_094535-768x1024.jpg 768w, https:\/\/agora.xtec.cat\/ceip-angelguimera\/wp-content\/uploads\/usu637\/2026\/02\/IMG_20260202_094535-1152x1536.jpg 1152w, https:\/\/agora.xtec.cat\/ceip-angelguimera\/wp-content\/uploads\/usu637\/2026\/02\/IMG_20260202_094535-1536x2048.jpg 1536w\" sizes=\"auto, (max-width: 1920px) 100vw, 1920px\" \/><\/figure><\/div><div class=\"wp-block-getwid-images-slider__item\" style=\"height:1000px\"><figure><img loading=\"lazy\" decoding=\"async\" width=\"1920\" height=\"2560\" src=\"https:\/\/agora.xtec.cat\/ceip-angelguimera\/wp-content\/uploads\/usu637\/2026\/02\/IMG_20260126_093326-3-scaled.jpg\" alt=\"\" data-id=\"10412\" data-link=\"https:\/\/agora.xtec.cat\/ceip-angelguimera\/%f0%9f%a4%96-robotica-i-pensament-computacional\/attachment\/img_20260126_093326-4\/\" data-original-link=\"https:\/\/agora.xtec.cat\/ceip-angelguimera\/wp-content\/uploads\/usu637\/2026\/02\/IMG_20260126_093326-3-scaled.jpg\" class=\"wp-block-getwid-images-slider__image wp-image-10412\" srcset=\"https:\/\/agora.xtec.cat\/ceip-angelguimera\/wp-content\/uploads\/usu637\/2026\/02\/IMG_20260126_093326-3-scaled.jpg 1920w, https:\/\/agora.xtec.cat\/ceip-angelguimera\/wp-content\/uploads\/usu637\/2026\/02\/IMG_20260126_093326-3-225x300.jpg 225w, https:\/\/agora.xtec.cat\/ceip-angelguimera\/wp-content\/uploads\/usu637\/2026\/02\/IMG_20260126_093326-3-768x1024.jpg 768w, https:\/\/agora.xtec.cat\/ceip-angelguimera\/wp-content\/uploads\/usu637\/2026\/02\/IMG_20260126_093326-3-1152x1536.jpg 1152w, https:\/\/agora.xtec.cat\/ceip-angelguimera\/wp-content\/uploads\/usu637\/2026\/02\/IMG_20260126_093326-3-1536x2048.jpg 1536w\" sizes=\"auto, (max-width: 1920px) 100vw, 1920px\" \/><\/figure><\/div><div class=\"wp-block-getwid-images-slider__item\" style=\"height:1000px\"><figure><img loading=\"lazy\" decoding=\"async\" width=\"2560\" height=\"1920\" src=\"https:\/\/agora.xtec.cat\/ceip-angelguimera\/wp-content\/uploads\/usu637\/2026\/02\/IMG_20251110_094858-scaled.jpg\" alt=\"\" data-id=\"10411\" data-link=\"https:\/\/agora.xtec.cat\/ceip-angelguimera\/%f0%9f%a4%96-robotica-i-pensament-computacional\/attachment\/img_20251110_094858\/\" data-original-link=\"https:\/\/agora.xtec.cat\/ceip-angelguimera\/wp-content\/uploads\/usu637\/2026\/02\/IMG_20251110_094858-scaled.jpg\" class=\"wp-block-getwid-images-slider__image wp-image-10411\" srcset=\"https:\/\/agora.xtec.cat\/ceip-angelguimera\/wp-content\/uploads\/usu637\/2026\/02\/IMG_20251110_094858-scaled.jpg 2560w, https:\/\/agora.xtec.cat\/ceip-angelguimera\/wp-content\/uploads\/usu637\/2026\/02\/IMG_20251110_094858-300x225.jpg 300w, https:\/\/agora.xtec.cat\/ceip-angelguimera\/wp-content\/uploads\/usu637\/2026\/02\/IMG_20251110_094858-1024x768.jpg 1024w, https:\/\/agora.xtec.cat\/ceip-angelguimera\/wp-content\/uploads\/usu637\/2026\/02\/IMG_20251110_094858-768x576.jpg 768w, https:\/\/agora.xtec.cat\/ceip-angelguimera\/wp-content\/uploads\/usu637\/2026\/02\/IMG_20251110_094858-1536x1152.jpg 1536w, https:\/\/agora.xtec.cat\/ceip-angelguimera\/wp-content\/uploads\/usu637\/2026\/02\/IMG_20251110_094858-2048x1536.jpg 2048w\" sizes=\"auto, (max-width: 2560px) 100vw, 2560px\" \/><\/figure><\/div><div class=\"wp-block-getwid-images-slider__item\" style=\"height:1000px\"><figure><img loading=\"lazy\" decoding=\"async\" width=\"1920\" height=\"2560\" src=\"https:\/\/agora.xtec.cat\/ceip-angelguimera\/wp-content\/uploads\/usu637\/2026\/02\/IMG_20251110_094222-scaled.jpg\" alt=\"\" data-id=\"10410\" data-link=\"https:\/\/agora.xtec.cat\/ceip-angelguimera\/%f0%9f%a4%96-robotica-i-pensament-computacional\/attachment\/img_20251110_094222\/\" data-original-link=\"https:\/\/agora.xtec.cat\/ceip-angelguimera\/wp-content\/uploads\/usu637\/2026\/02\/IMG_20251110_094222-scaled.jpg\" class=\"wp-block-getwid-images-slider__image wp-image-10410\" srcset=\"https:\/\/agora.xtec.cat\/ceip-angelguimera\/wp-content\/uploads\/usu637\/2026\/02\/IMG_20251110_094222-scaled.jpg 1920w, https:\/\/agora.xtec.cat\/ceip-angelguimera\/wp-content\/uploads\/usu637\/2026\/02\/IMG_20251110_094222-225x300.jpg 225w, https:\/\/agora.xtec.cat\/ceip-angelguimera\/wp-content\/uploads\/usu637\/2026\/02\/IMG_20251110_094222-768x1024.jpg 768w, https:\/\/agora.xtec.cat\/ceip-angelguimera\/wp-content\/uploads\/usu637\/2026\/02\/IMG_20251110_094222-1152x1536.jpg 1152w, https:\/\/agora.xtec.cat\/ceip-angelguimera\/wp-content\/uploads\/usu637\/2026\/02\/IMG_20251110_094222-1536x2048.jpg 1536w\" sizes=\"auto, (max-width: 1920px) 100vw, 1920px\" \/><\/figure><\/div><div class=\"wp-block-getwid-images-slider__item\" style=\"height:1000px\"><figure><img loading=\"lazy\" decoding=\"async\" width=\"1920\" height=\"2560\" src=\"https:\/\/agora.xtec.cat\/ceip-angelguimera\/wp-content\/uploads\/usu637\/2026\/02\/IMG_20251103_151440-scaled.jpg\" alt=\"\" data-id=\"10409\" data-link=\"https:\/\/agora.xtec.cat\/ceip-angelguimera\/%f0%9f%a4%96-robotica-i-pensament-computacional\/attachment\/img_20251103_151440\/\" data-original-link=\"https:\/\/agora.xtec.cat\/ceip-angelguimera\/wp-content\/uploads\/usu637\/2026\/02\/IMG_20251103_151440-scaled.jpg\" class=\"wp-block-getwid-images-slider__image wp-image-10409\" srcset=\"https:\/\/agora.xtec.cat\/ceip-angelguimera\/wp-content\/uploads\/usu637\/2026\/02\/IMG_20251103_151440-scaled.jpg 1920w, https:\/\/agora.xtec.cat\/ceip-angelguimera\/wp-content\/uploads\/usu637\/2026\/02\/IMG_20251103_151440-225x300.jpg 225w, https:\/\/agora.xtec.cat\/ceip-angelguimera\/wp-content\/uploads\/usu637\/2026\/02\/IMG_20251103_151440-768x1024.jpg 768w, https:\/\/agora.xtec.cat\/ceip-angelguimera\/wp-content\/uploads\/usu637\/2026\/02\/IMG_20251103_151440-1152x1536.jpg 1152w, https:\/\/agora.xtec.cat\/ceip-angelguimera\/wp-content\/uploads\/usu637\/2026\/02\/IMG_20251103_151440-1536x2048.jpg 1536w\" sizes=\"auto, (max-width: 1920px) 100vw, 1920px\" \/><\/figure><\/div><div class=\"wp-block-getwid-images-slider__item\" style=\"height:1000px\"><figure><img loading=\"lazy\" decoding=\"async\" width=\"1200\" height=\"1600\" src=\"https:\/\/agora.xtec.cat\/ceip-angelguimera\/wp-content\/uploads\/usu637\/2026\/02\/IMG-20260120-WA0000.jpg\" alt=\"\" data-id=\"10401\" data-link=\"https:\/\/agora.xtec.cat\/ceip-angelguimera\/%f0%9f%a4%96-robotica-i-pensament-computacional\/attachment\/img-20260120-wa0000\/\" data-original-link=\"https:\/\/agora.xtec.cat\/ceip-angelguimera\/wp-content\/uploads\/usu637\/2026\/02\/IMG-20260120-WA0000.jpg\" class=\"wp-block-getwid-images-slider__image wp-image-10401\" srcset=\"https:\/\/agora.xtec.cat\/ceip-angelguimera\/wp-content\/uploads\/usu637\/2026\/02\/IMG-20260120-WA0000.jpg 1200w, https:\/\/agora.xtec.cat\/ceip-angelguimera\/wp-content\/uploads\/usu637\/2026\/02\/IMG-20260120-WA0000-225x300.jpg 225w, https:\/\/agora.xtec.cat\/ceip-angelguimera\/wp-content\/uploads\/usu637\/2026\/02\/IMG-20260120-WA0000-768x1024.jpg 768w, https:\/\/agora.xtec.cat\/ceip-angelguimera\/wp-content\/uploads\/usu637\/2026\/02\/IMG-20260120-WA0000-1152x1536.jpg 1152w\" sizes=\"auto, (max-width: 1200px) 100vw, 1200px\" \/><\/figure><\/div><\/div><\/div>\n","protected":false},"excerpt":{"rendered":"<p>La rob\u00f2tica i el pensament computacional formen part de la metodologia del centre com a eina per desenvolupar el pensament l\u00f2gic, la resoluci\u00f3 de problemes, la creativitat i la compet\u00e8ncia digital de manera progressiva i adaptada a cada etapa. El treball de la rob\u00f2tica s\u2019organitza per cicles: Aquest recorregut garanteix una progressi\u00f3 coherent i continuada [&hellip;]<\/p>\n","protected":false},"author":1,"featured_media":0,"parent":0,"menu_order":0,"comment_status":"closed","ping_status":"close","template":"","meta":{"_bbp_topic_count":0,"_bbp_reply_count":0,"_bbp_total_topic_count":0,"_bbp_total_reply_count":0,"_bbp_voice_count":0,"_bbp_anonymous_reply_count":0,"_bbp_topic_count_hidden":0,"_bbp_reply_count_hidden":0,"_bbp_forum_subforum_count":0,"site-sidebar-layout":"default","site-content-layout":"","ast-site-content-layout":"default","site-content-style":"default","site-sidebar-style":"default","ast-global-header-display":"","ast-banner-title-visibility":"","ast-main-header-display":"","ast-hfb-above-header-display":"","ast-hfb-below-header-display":"","ast-hfb-mobile-header-display":"","site-post-title":"","ast-breadcrumbs-content":"","ast-featured-img":"","footer-sml-layout":"","theme-transparent-header-meta":"","adv-header-id-meta":"","stick-header-meta":"","header-above-stick-meta":"","header-main-stick-meta":"","header-below-stick-meta":"","astra-migrate-meta-layouts":"set","ast-page-background-enabled":"default","ast-page-background-meta":{"desktop":{"background-color":"var(--ast-global-color-4)","background-image":"","background-repeat":"repeat","background-position":"center center","background-size":"auto","background-attachment":"scroll","background-type":"","background-media":"","overlay-type":"","overlay-color":"","overlay-opacity":"","overlay-gradient":""},"tablet":{"background-color":"","background-image":"","background-repeat":"repeat","background-position":"center center","background-size":"auto","background-attachment":"scroll","background-type":"","background-media":"","overlay-type":"","overlay-color":"","overlay-opacity":"","overlay-gradient":""},"mobile":{"background-color":"","background-image":"","background-repeat":"repeat","background-position":"center center","background-size":"auto","background-attachment":"scroll","background-type":"","background-media":"","overlay-type":"","overlay-color":"","overlay-opacity":"","overlay-gradient":""}},"ast-content-background-meta":{"desktop":{"background-color":"var(--ast-global-color-5)","background-image":"","background-repeat":"repeat","background-position":"center center","background-size":"auto","background-attachment":"scroll","background-type":"","background-media":"","overlay-type":"","overlay-color":"","overlay-opacity":"","overlay-gradient":""},"tablet":{"background-color":"var(--ast-global-color-5)","background-image":"","background-repeat":"repeat","background-position":"center center","background-size":"auto","background-attachment":"scroll","background-type":"","background-media":"","overlay-type":"","overlay-color":"","overlay-opacity":"","overlay-gradient":""},"mobile":{"background-color":"var(--ast-global-color-5)","background-image":"","background-repeat":"repeat","background-position":"center center","background-size":"auto","background-attachment":"scroll","background-type":"","background-media":"","overlay-type":"","overlay-color":"","overlay-opacity":"","overlay-gradient":""}},"footnotes":""},"class_list":["post-10352","page","type-page","status-publish","hentry"],"post_mailing_queue_ids":[],"_links":{"self":[{"href":"https:\/\/agora.xtec.cat\/ceip-angelguimera\/wp-json\/wp\/v2\/pages\/10352","targetHints":{"allow":["GET"]}}],"collection":[{"href":"https:\/\/agora.xtec.cat\/ceip-angelguimera\/wp-json\/wp\/v2\/pages"}],"about":[{"href":"https:\/\/agora.xtec.cat\/ceip-angelguimera\/wp-json\/wp\/v2\/types\/page"}],"author":[{"embeddable":true,"href":"https:\/\/agora.xtec.cat\/ceip-angelguimera\/wp-json\/wp\/v2\/users\/1"}],"replies":[{"embeddable":true,"href":"https:\/\/agora.xtec.cat\/ceip-angelguimera\/wp-json\/wp\/v2\/comments?post=10352"}],"version-history":[{"count":6,"href":"https:\/\/agora.xtec.cat\/ceip-angelguimera\/wp-json\/wp\/v2\/pages\/10352\/revisions"}],"predecessor-version":[{"id":10494,"href":"https:\/\/agora.xtec.cat\/ceip-angelguimera\/wp-json\/wp\/v2\/pages\/10352\/revisions\/10494"}],"wp:attachment":[{"href":"https:\/\/agora.xtec.cat\/ceip-angelguimera\/wp-json\/wp\/v2\/media?parent=10352"}],"curies":[{"name":"wp","href":"https:\/\/api.w.org\/{rel}","templated":true}]}}