{"id":10336,"date":"2026-02-03T08:55:49","date_gmt":"2026-02-03T07:55:49","guid":{"rendered":"https:\/\/agora.xtec.cat\/ceip-angelguimera\/?page_id=10336"},"modified":"2026-02-04T15:05:53","modified_gmt":"2026-02-04T14:05:53","slug":"%f0%9f%8c%b1-ambients-daprenentatge","status":"publish","type":"page","link":"https:\/\/agora.xtec.cat\/ceip-angelguimera\/%f0%9f%8c%b1-ambients-daprenentatge\/","title":{"rendered":"\ud83c\udf31 Ambients d\u2019aprenentatge"},"content":{"rendered":"\n<p>A l\u2019Escola \u00c0ngel Guimer\u00e0 organitzem els ambients d\u2019aprenentatge com a espais educatius que permeten a l\u2019alumnat explorar, investigar i aprendre a partir dels seus interessos. Aquesta manera de treballar afavoreix l\u2019autonomia, la presa de decisions, la responsabilitat i el respecte pels diferents ritmes d\u2019aprenentatge.<\/p>\n\n\n\n<p>Els infants accedeixen als ambients de manera lliure, escollint les propostes que m\u00e9s els motiven, i esdevenen protagonistes del seu propi proc\u00e9s d\u2019aprenentatge mitjan\u00e7ant el joc, l\u2019experimentaci\u00f3 i la interacci\u00f3 amb els altres.<\/p>\n\n\n\n<p>Els ambients que es desenvolupen al centre s\u00f3n:<\/p>\n\n\n\n<ul class=\"wp-block-list\">\n<li><strong>Hist\u00f2ries i fantasia<\/strong>: foment de la imaginaci\u00f3, el llenguatge oral i el gust pels relats.<\/li>\n\n\n\n<li><strong>Niu de ci\u00e8ncia<\/strong>: observaci\u00f3, experimentaci\u00f3 i descoberta del m\u00f3n natural.<\/li>\n\n\n\n<li><strong>Belluguem els dits<\/strong>: desenvolupament de la motricitat fina i la coordinaci\u00f3.<\/li>\n\n\n\n<li><strong>Mini Mons<\/strong>: joc simb\u00f2lic i construcci\u00f3 de petits escenaris que afavoreixen la creativitat i la comunicaci\u00f3.<\/li>\n\n\n\n<li><strong>M\u00e0gia en la foscor<\/strong>: exploraci\u00f3 sensorial i descoberta a trav\u00e9s de la llum i l\u2019ombra.<\/li>\n\n\n\n<li><strong>Fira T\u00e0rrega<\/strong>: joc simb\u00f2lic vinculat a l\u2019entorn i a la cultura propera.<\/li>\n\n\n\n<li><strong>Art\u00edstic<\/strong>: expressi\u00f3 pl\u00e0stica, creativitat i experimentaci\u00f3 amb materials diversos.<\/li>\n\n\n\n<li><strong>Jugar a ser<\/strong>: representaci\u00f3 de rols i situacions de la vida quotidiana.<\/li>\n\n\n\n<li><strong>Calma<\/strong>: espai de relaxaci\u00f3, benestar emocional i regulaci\u00f3 de les emocions.<\/li>\n\n\n\n<li><strong>Ens movem<\/strong>: desenvolupament del moviment, la coordinaci\u00f3 i el coneixement del cos.<\/li>\n\n\n\n<li><strong>Happy feet<\/strong>: expressi\u00f3 corporal, ritme i moviment a trav\u00e9s de la m\u00fasica.<\/li>\n<\/ul>\n\n\n\n<p>Aquests ambients estan acuradament organitzats, amb materials variats, atractius i motivadors, i permeten treballar de manera global els \u00e0mbits de descoberta d\u2019un mateix i dels altres, descoberta de l\u2019entorn i comunicaci\u00f3 i llenguatges<\/p>\n\n\n\n<div class=\"wp-block-getwid-images-slider has-arrows-inside has-dots-inside has-images-center has-fitted-images has-fixed-height\"><div class=\"wp-block-getwid-images-slider__wrapper\" data-effect=\"slide\" data-slides-show=\"1\" data-slides-show-laptop=\"1\" data-slides-show-tablet=\"1\" data-slides-show-mobile=\"1\" data-slides-scroll=\"1\" data-autoplay=\"true\" data-pause-hover=\"true\" data-autoplay-speed=\"4000\" data-infinite=\"true\" data-animation-speed=\"800\" data-center-mode=\"false\" data-variable-width=\"false\" data-arrows=\"inside\" data-dots=\"inside\" data-spacing=\"none\"><div class=\"wp-block-getwid-images-slider__item\" style=\"height:1000px\"><figure><img loading=\"lazy\" decoding=\"async\" width=\"1500\" height=\"2000\" src=\"https:\/\/agora.xtec.cat\/ceip-angelguimera\/wp-content\/uploads\/usu637\/2026\/02\/IMG-20260116-WA0030.jpg\" data-id=\"10381\" data-link=\"https:\/\/agora.xtec.cat\/ceip-angelguimera\/%f0%9f%8c%b1-ambients-daprenentatge\/attachment\/img-20260116-wa0030\/\" data-original-link=\"https:\/\/agora.xtec.cat\/ceip-angelguimera\/wp-content\/uploads\/usu637\/2026\/02\/IMG-20260116-WA0030.jpg\" class=\"wp-block-getwid-images-slider__image wp-image-10381\" srcset=\"https:\/\/agora.xtec.cat\/ceip-angelguimera\/wp-content\/uploads\/usu637\/2026\/02\/IMG-20260116-WA0030.jpg 1500w, https:\/\/agora.xtec.cat\/ceip-angelguimera\/wp-content\/uploads\/usu637\/2026\/02\/IMG-20260116-WA0030-225x300.jpg 225w, https:\/\/agora.xtec.cat\/ceip-angelguimera\/wp-content\/uploads\/usu637\/2026\/02\/IMG-20260116-WA0030-768x1024.jpg 768w, https:\/\/agora.xtec.cat\/ceip-angelguimera\/wp-content\/uploads\/usu637\/2026\/02\/IMG-20260116-WA0030-1152x1536.jpg 1152w\" sizes=\"auto, (max-width: 1500px) 100vw, 1500px\" \/><\/figure><\/div><div class=\"wp-block-getwid-images-slider__item\" style=\"height:1000px\"><figure><img loading=\"lazy\" decoding=\"async\" width=\"1500\" height=\"2000\" src=\"https:\/\/agora.xtec.cat\/ceip-angelguimera\/wp-content\/uploads\/usu637\/2026\/02\/IMG-20260116-WA0029.jpg\" data-id=\"10380\" data-link=\"https:\/\/agora.xtec.cat\/ceip-angelguimera\/%f0%9f%8c%b1-ambients-daprenentatge\/attachment\/img-20260116-wa0029\/\" data-original-link=\"https:\/\/agora.xtec.cat\/ceip-angelguimera\/wp-content\/uploads\/usu637\/2026\/02\/IMG-20260116-WA0029.jpg\" class=\"wp-block-getwid-images-slider__image wp-image-10380\" srcset=\"https:\/\/agora.xtec.cat\/ceip-angelguimera\/wp-content\/uploads\/usu637\/2026\/02\/IMG-20260116-WA0029.jpg 1500w, https:\/\/agora.xtec.cat\/ceip-angelguimera\/wp-content\/uploads\/usu637\/2026\/02\/IMG-20260116-WA0029-225x300.jpg 225w, https:\/\/agora.xtec.cat\/ceip-angelguimera\/wp-content\/uploads\/usu637\/2026\/02\/IMG-20260116-WA0029-768x1024.jpg 768w, https:\/\/agora.xtec.cat\/ceip-angelguimera\/wp-content\/uploads\/usu637\/2026\/02\/IMG-20260116-WA0029-1152x1536.jpg 1152w\" sizes=\"auto, (max-width: 1500px) 100vw, 1500px\" \/><\/figure><\/div><div class=\"wp-block-getwid-images-slider__item\" style=\"height:1000px\"><figure><img loading=\"lazy\" decoding=\"async\" width=\"1500\" height=\"2000\" src=\"https:\/\/agora.xtec.cat\/ceip-angelguimera\/wp-content\/uploads\/usu637\/2026\/02\/IMG-20260116-WA0028.jpg\" data-id=\"10379\" data-link=\"https:\/\/agora.xtec.cat\/ceip-angelguimera\/%f0%9f%8c%b1-ambients-daprenentatge\/attachment\/img-20260116-wa0028\/\" data-original-link=\"https:\/\/agora.xtec.cat\/ceip-angelguimera\/wp-content\/uploads\/usu637\/2026\/02\/IMG-20260116-WA0028.jpg\" class=\"wp-block-getwid-images-slider__image wp-image-10379\" srcset=\"https:\/\/agora.xtec.cat\/ceip-angelguimera\/wp-content\/uploads\/usu637\/2026\/02\/IMG-20260116-WA0028.jpg 1500w, https:\/\/agora.xtec.cat\/ceip-angelguimera\/wp-content\/uploads\/usu637\/2026\/02\/IMG-20260116-WA0028-225x300.jpg 225w, https:\/\/agora.xtec.cat\/ceip-angelguimera\/wp-content\/uploads\/usu637\/2026\/02\/IMG-20260116-WA0028-768x1024.jpg 768w, https:\/\/agora.xtec.cat\/ceip-angelguimera\/wp-content\/uploads\/usu637\/2026\/02\/IMG-20260116-WA0028-1152x1536.jpg 1152w\" sizes=\"auto, (max-width: 1500px) 100vw, 1500px\" \/><\/figure><\/div><div class=\"wp-block-getwid-images-slider__item\" style=\"height:1000px\"><figure><img loading=\"lazy\" decoding=\"async\" width=\"1500\" height=\"2000\" src=\"https:\/\/agora.xtec.cat\/ceip-angelguimera\/wp-content\/uploads\/usu637\/2026\/02\/IMG-20260116-WA0027.jpg\" data-id=\"10378\" data-link=\"https:\/\/agora.xtec.cat\/ceip-angelguimera\/%f0%9f%8c%b1-ambients-daprenentatge\/attachment\/img-20260116-wa0027\/\" data-original-link=\"https:\/\/agora.xtec.cat\/ceip-angelguimera\/wp-content\/uploads\/usu637\/2026\/02\/IMG-20260116-WA0027.jpg\" class=\"wp-block-getwid-images-slider__image wp-image-10378\" srcset=\"https:\/\/agora.xtec.cat\/ceip-angelguimera\/wp-content\/uploads\/usu637\/2026\/02\/IMG-20260116-WA0027.jpg 1500w, https:\/\/agora.xtec.cat\/ceip-angelguimera\/wp-content\/uploads\/usu637\/2026\/02\/IMG-20260116-WA0027-225x300.jpg 225w, https:\/\/agora.xtec.cat\/ceip-angelguimera\/wp-content\/uploads\/usu637\/2026\/02\/IMG-20260116-WA0027-768x1024.jpg 768w, https:\/\/agora.xtec.cat\/ceip-angelguimera\/wp-content\/uploads\/usu637\/2026\/02\/IMG-20260116-WA0027-1152x1536.jpg 1152w\" sizes=\"auto, (max-width: 1500px) 100vw, 1500px\" \/><\/figure><\/div><div class=\"wp-block-getwid-images-slider__item\" style=\"height:1000px\"><figure><img loading=\"lazy\" decoding=\"async\" width=\"1200\" height=\"1600\" src=\"https:\/\/agora.xtec.cat\/ceip-angelguimera\/wp-content\/uploads\/usu637\/2026\/02\/IMG-20260116-WA0026.jpg\" data-id=\"10377\" data-link=\"https:\/\/agora.xtec.cat\/ceip-angelguimera\/%f0%9f%8c%b1-ambients-daprenentatge\/attachment\/img-20260116-wa0026\/\" data-original-link=\"https:\/\/agora.xtec.cat\/ceip-angelguimera\/wp-content\/uploads\/usu637\/2026\/02\/IMG-20260116-WA0026.jpg\" class=\"wp-block-getwid-images-slider__image wp-image-10377\" srcset=\"https:\/\/agora.xtec.cat\/ceip-angelguimera\/wp-content\/uploads\/usu637\/2026\/02\/IMG-20260116-WA0026.jpg 1200w, https:\/\/agora.xtec.cat\/ceip-angelguimera\/wp-content\/uploads\/usu637\/2026\/02\/IMG-20260116-WA0026-225x300.jpg 225w, https:\/\/agora.xtec.cat\/ceip-angelguimera\/wp-content\/uploads\/usu637\/2026\/02\/IMG-20260116-WA0026-768x1024.jpg 768w, https:\/\/agora.xtec.cat\/ceip-angelguimera\/wp-content\/uploads\/usu637\/2026\/02\/IMG-20260116-WA0026-1152x1536.jpg 1152w\" sizes=\"auto, (max-width: 1200px) 100vw, 1200px\" \/><\/figure><\/div><div class=\"wp-block-getwid-images-slider__item\" style=\"height:1000px\"><figure><img loading=\"lazy\" decoding=\"async\" width=\"1600\" height=\"1200\" src=\"https:\/\/agora.xtec.cat\/ceip-angelguimera\/wp-content\/uploads\/usu637\/2026\/02\/IMG-20260116-WA0025.jpg\" data-id=\"10376\" data-link=\"https:\/\/agora.xtec.cat\/ceip-angelguimera\/%f0%9f%8c%b1-ambients-daprenentatge\/attachment\/img-20260116-wa0025\/\" data-original-link=\"https:\/\/agora.xtec.cat\/ceip-angelguimera\/wp-content\/uploads\/usu637\/2026\/02\/IMG-20260116-WA0025.jpg\" class=\"wp-block-getwid-images-slider__image wp-image-10376\" srcset=\"https:\/\/agora.xtec.cat\/ceip-angelguimera\/wp-content\/uploads\/usu637\/2026\/02\/IMG-20260116-WA0025.jpg 1600w, https:\/\/agora.xtec.cat\/ceip-angelguimera\/wp-content\/uploads\/usu637\/2026\/02\/IMG-20260116-WA0025-300x225.jpg 300w, https:\/\/agora.xtec.cat\/ceip-angelguimera\/wp-content\/uploads\/usu637\/2026\/02\/IMG-20260116-WA0025-1024x768.jpg 1024w, https:\/\/agora.xtec.cat\/ceip-angelguimera\/wp-content\/uploads\/usu637\/2026\/02\/IMG-20260116-WA0025-768x576.jpg 768w, https:\/\/agora.xtec.cat\/ceip-angelguimera\/wp-content\/uploads\/usu637\/2026\/02\/IMG-20260116-WA0025-1536x1152.jpg 1536w\" sizes=\"auto, (max-width: 1600px) 100vw, 1600px\" \/><\/figure><\/div><div class=\"wp-block-getwid-images-slider__item\" style=\"height:1000px\"><figure><img loading=\"lazy\" decoding=\"async\" width=\"1552\" height=\"1600\" src=\"https:\/\/agora.xtec.cat\/ceip-angelguimera\/wp-content\/uploads\/usu637\/2026\/02\/IMG-20260116-WA0020.jpg\" data-id=\"10373\" data-link=\"https:\/\/agora.xtec.cat\/ceip-angelguimera\/%f0%9f%8c%b1-ambients-daprenentatge\/attachment\/img-20260116-wa0020\/\" data-original-link=\"https:\/\/agora.xtec.cat\/ceip-angelguimera\/wp-content\/uploads\/usu637\/2026\/02\/IMG-20260116-WA0020.jpg\" class=\"wp-block-getwid-images-slider__image wp-image-10373\" srcset=\"https:\/\/agora.xtec.cat\/ceip-angelguimera\/wp-content\/uploads\/usu637\/2026\/02\/IMG-20260116-WA0020.jpg 1552w, https:\/\/agora.xtec.cat\/ceip-angelguimera\/wp-content\/uploads\/usu637\/2026\/02\/IMG-20260116-WA0020-291x300.jpg 291w, https:\/\/agora.xtec.cat\/ceip-angelguimera\/wp-content\/uploads\/usu637\/2026\/02\/IMG-20260116-WA0020-993x1024.jpg 993w, https:\/\/agora.xtec.cat\/ceip-angelguimera\/wp-content\/uploads\/usu637\/2026\/02\/IMG-20260116-WA0020-768x792.jpg 768w, https:\/\/agora.xtec.cat\/ceip-angelguimera\/wp-content\/uploads\/usu637\/2026\/02\/IMG-20260116-WA0020-1490x1536.jpg 1490w\" sizes=\"auto, (max-width: 1552px) 100vw, 1552px\" \/><\/figure><\/div><div class=\"wp-block-getwid-images-slider__item\" style=\"height:1000px\"><figure><img loading=\"lazy\" decoding=\"async\" width=\"1600\" height=\"1209\" src=\"https:\/\/agora.xtec.cat\/ceip-angelguimera\/wp-content\/uploads\/usu637\/2026\/02\/IMG-20260116-WA0019.jpg\" data-id=\"10372\" data-link=\"https:\/\/agora.xtec.cat\/ceip-angelguimera\/%f0%9f%8c%b1-ambients-daprenentatge\/attachment\/img-20260116-wa0019\/\" data-original-link=\"https:\/\/agora.xtec.cat\/ceip-angelguimera\/wp-content\/uploads\/usu637\/2026\/02\/IMG-20260116-WA0019.jpg\" class=\"wp-block-getwid-images-slider__image wp-image-10372\" srcset=\"https:\/\/agora.xtec.cat\/ceip-angelguimera\/wp-content\/uploads\/usu637\/2026\/02\/IMG-20260116-WA0019.jpg 1600w, https:\/\/agora.xtec.cat\/ceip-angelguimera\/wp-content\/uploads\/usu637\/2026\/02\/IMG-20260116-WA0019-300x227.jpg 300w, https:\/\/agora.xtec.cat\/ceip-angelguimera\/wp-content\/uploads\/usu637\/2026\/02\/IMG-20260116-WA0019-1024x774.jpg 1024w, https:\/\/agora.xtec.cat\/ceip-angelguimera\/wp-content\/uploads\/usu637\/2026\/02\/IMG-20260116-WA0019-768x580.jpg 768w, https:\/\/agora.xtec.cat\/ceip-angelguimera\/wp-content\/uploads\/usu637\/2026\/02\/IMG-20260116-WA0019-1536x1161.jpg 1536w\" sizes=\"auto, (max-width: 1600px) 100vw, 1600px\" \/><\/figure><\/div><div class=\"wp-block-getwid-images-slider__item\" style=\"height:1000px\"><figure><img loading=\"lazy\" decoding=\"async\" width=\"1600\" height=\"1303\" src=\"https:\/\/agora.xtec.cat\/ceip-angelguimera\/wp-content\/uploads\/usu637\/2026\/02\/IMG-20260116-WA0018.jpg\" data-id=\"10371\" data-link=\"https:\/\/agora.xtec.cat\/ceip-angelguimera\/%f0%9f%8c%b1-ambients-daprenentatge\/attachment\/img-20260116-wa0018\/\" data-original-link=\"https:\/\/agora.xtec.cat\/ceip-angelguimera\/wp-content\/uploads\/usu637\/2026\/02\/IMG-20260116-WA0018.jpg\" class=\"wp-block-getwid-images-slider__image wp-image-10371\" srcset=\"https:\/\/agora.xtec.cat\/ceip-angelguimera\/wp-content\/uploads\/usu637\/2026\/02\/IMG-20260116-WA0018.jpg 1600w, https:\/\/agora.xtec.cat\/ceip-angelguimera\/wp-content\/uploads\/usu637\/2026\/02\/IMG-20260116-WA0018-300x244.jpg 300w, https:\/\/agora.xtec.cat\/ceip-angelguimera\/wp-content\/uploads\/usu637\/2026\/02\/IMG-20260116-WA0018-1024x834.jpg 1024w, https:\/\/agora.xtec.cat\/ceip-angelguimera\/wp-content\/uploads\/usu637\/2026\/02\/IMG-20260116-WA0018-768x625.jpg 768w, https:\/\/agora.xtec.cat\/ceip-angelguimera\/wp-content\/uploads\/usu637\/2026\/02\/IMG-20260116-WA0018-1536x1251.jpg 1536w\" sizes=\"auto, (max-width: 1600px) 100vw, 1600px\" \/><\/figure><\/div><div class=\"wp-block-getwid-images-slider__item\" style=\"height:1000px\"><figure><img loading=\"lazy\" decoding=\"async\" width=\"1600\" height=\"1484\" src=\"https:\/\/agora.xtec.cat\/ceip-angelguimera\/wp-content\/uploads\/usu637\/2026\/02\/IMG-20260116-WA0017.jpg\" data-id=\"10370\" data-link=\"https:\/\/agora.xtec.cat\/ceip-angelguimera\/%f0%9f%8c%b1-ambients-daprenentatge\/attachment\/img-20260116-wa0017\/\" data-original-link=\"https:\/\/agora.xtec.cat\/ceip-angelguimera\/wp-content\/uploads\/usu637\/2026\/02\/IMG-20260116-WA0017.jpg\" class=\"wp-block-getwid-images-slider__image wp-image-10370\" srcset=\"https:\/\/agora.xtec.cat\/ceip-angelguimera\/wp-content\/uploads\/usu637\/2026\/02\/IMG-20260116-WA0017.jpg 1600w, https:\/\/agora.xtec.cat\/ceip-angelguimera\/wp-content\/uploads\/usu637\/2026\/02\/IMG-20260116-WA0017-300x278.jpg 300w, https:\/\/agora.xtec.cat\/ceip-angelguimera\/wp-content\/uploads\/usu637\/2026\/02\/IMG-20260116-WA0017-1024x950.jpg 1024w, https:\/\/agora.xtec.cat\/ceip-angelguimera\/wp-content\/uploads\/usu637\/2026\/02\/IMG-20260116-WA0017-768x712.jpg 768w, https:\/\/agora.xtec.cat\/ceip-angelguimera\/wp-content\/uploads\/usu637\/2026\/02\/IMG-20260116-WA0017-1536x1425.jpg 1536w\" sizes=\"auto, (max-width: 1600px) 100vw, 1600px\" \/><\/figure><\/div><div class=\"wp-block-getwid-images-slider__item\" style=\"height:1000px\"><figure><img loading=\"lazy\" decoding=\"async\" width=\"1600\" height=\"1528\" src=\"https:\/\/agora.xtec.cat\/ceip-angelguimera\/wp-content\/uploads\/usu637\/2026\/02\/IMG-20260116-WA0016.jpg\" data-id=\"10369\" data-link=\"https:\/\/agora.xtec.cat\/ceip-angelguimera\/%f0%9f%8c%b1-ambients-daprenentatge\/attachment\/img-20260116-wa0016\/\" data-original-link=\"https:\/\/agora.xtec.cat\/ceip-angelguimera\/wp-content\/uploads\/usu637\/2026\/02\/IMG-20260116-WA0016.jpg\" class=\"wp-block-getwid-images-slider__image wp-image-10369\" srcset=\"https:\/\/agora.xtec.cat\/ceip-angelguimera\/wp-content\/uploads\/usu637\/2026\/02\/IMG-20260116-WA0016.jpg 1600w, https:\/\/agora.xtec.cat\/ceip-angelguimera\/wp-content\/uploads\/usu637\/2026\/02\/IMG-20260116-WA0016-300x287.jpg 300w, https:\/\/agora.xtec.cat\/ceip-angelguimera\/wp-content\/uploads\/usu637\/2026\/02\/IMG-20260116-WA0016-1024x978.jpg 1024w, https:\/\/agora.xtec.cat\/ceip-angelguimera\/wp-content\/uploads\/usu637\/2026\/02\/IMG-20260116-WA0016-768x733.jpg 768w, https:\/\/agora.xtec.cat\/ceip-angelguimera\/wp-content\/uploads\/usu637\/2026\/02\/IMG-20260116-WA0016-1536x1467.jpg 1536w\" sizes=\"auto, (max-width: 1600px) 100vw, 1600px\" \/><\/figure><\/div><div class=\"wp-block-getwid-images-slider__item\" style=\"height:1000px\"><figure><img loading=\"lazy\" decoding=\"async\" width=\"1512\" height=\"2016\" src=\"https:\/\/agora.xtec.cat\/ceip-angelguimera\/wp-content\/uploads\/usu637\/2026\/02\/IMG-20260116-WA0015.jpg\" data-id=\"10368\" data-link=\"https:\/\/agora.xtec.cat\/ceip-angelguimera\/%f0%9f%8c%b1-ambients-daprenentatge\/attachment\/img-20260116-wa0015\/\" data-original-link=\"https:\/\/agora.xtec.cat\/ceip-angelguimera\/wp-content\/uploads\/usu637\/2026\/02\/IMG-20260116-WA0015.jpg\" class=\"wp-block-getwid-images-slider__image wp-image-10368\" srcset=\"https:\/\/agora.xtec.cat\/ceip-angelguimera\/wp-content\/uploads\/usu637\/2026\/02\/IMG-20260116-WA0015.jpg 1512w, https:\/\/agora.xtec.cat\/ceip-angelguimera\/wp-content\/uploads\/usu637\/2026\/02\/IMG-20260116-WA0015-225x300.jpg 225w, https:\/\/agora.xtec.cat\/ceip-angelguimera\/wp-content\/uploads\/usu637\/2026\/02\/IMG-20260116-WA0015-768x1024.jpg 768w, https:\/\/agora.xtec.cat\/ceip-angelguimera\/wp-content\/uploads\/usu637\/2026\/02\/IMG-20260116-WA0015-1152x1536.jpg 1152w\" sizes=\"auto, (max-width: 1512px) 100vw, 1512px\" \/><\/figure><\/div><div class=\"wp-block-getwid-images-slider__item\" style=\"height:1000px\"><figure><img loading=\"lazy\" decoding=\"async\" width=\"1512\" height=\"2016\" src=\"https:\/\/agora.xtec.cat\/ceip-angelguimera\/wp-content\/uploads\/usu637\/2026\/02\/IMG-20260116-WA0014.jpg\" data-id=\"10367\" data-link=\"https:\/\/agora.xtec.cat\/ceip-angelguimera\/%f0%9f%8c%b1-ambients-daprenentatge\/attachment\/img-20260116-wa0014\/\" data-original-link=\"https:\/\/agora.xtec.cat\/ceip-angelguimera\/wp-content\/uploads\/usu637\/2026\/02\/IMG-20260116-WA0014.jpg\" class=\"wp-block-getwid-images-slider__image wp-image-10367\" srcset=\"https:\/\/agora.xtec.cat\/ceip-angelguimera\/wp-content\/uploads\/usu637\/2026\/02\/IMG-20260116-WA0014.jpg 1512w, https:\/\/agora.xtec.cat\/ceip-angelguimera\/wp-content\/uploads\/usu637\/2026\/02\/IMG-20260116-WA0014-225x300.jpg 225w, https:\/\/agora.xtec.cat\/ceip-angelguimera\/wp-content\/uploads\/usu637\/2026\/02\/IMG-20260116-WA0014-768x1024.jpg 768w, https:\/\/agora.xtec.cat\/ceip-angelguimera\/wp-content\/uploads\/usu637\/2026\/02\/IMG-20260116-WA0014-1152x1536.jpg 1152w\" sizes=\"auto, (max-width: 1512px) 100vw, 1512px\" \/><\/figure><\/div><\/div><\/div>\n\n\n\n<p><\/p>\n","protected":false},"excerpt":{"rendered":"<p>A l\u2019Escola \u00c0ngel Guimer\u00e0 organitzem els ambients d\u2019aprenentatge com a espais educatius que permeten a l\u2019alumnat explorar, investigar i aprendre a partir dels seus interessos. Aquesta manera de treballar afavoreix l\u2019autonomia, la presa de decisions, la responsabilitat i el respecte pels diferents ritmes d\u2019aprenentatge. Els infants accedeixen als ambients de manera lliure, escollint les propostes [&hellip;]<\/p>\n","protected":false},"author":1,"featured_media":0,"parent":0,"menu_order":0,"comment_status":"closed","ping_status":"close","template":"","meta":{"_bbp_topic_count":0,"_bbp_reply_count":0,"_bbp_total_topic_count":0,"_bbp_total_reply_count":0,"_bbp_voice_count":0,"_bbp_anonymous_reply_count":0,"_bbp_topic_count_hidden":0,"_bbp_reply_count_hidden":0,"_bbp_forum_subforum_count":0,"site-sidebar-layout":"default","site-content-layout":"","ast-site-content-layout":"default","site-content-style":"default","site-sidebar-style":"default","ast-global-header-display":"","ast-banner-title-visibility":"","ast-main-header-display":"","ast-hfb-above-header-display":"","ast-hfb-below-header-display":"","ast-hfb-mobile-header-display":"","site-post-title":"","ast-breadcrumbs-content":"","ast-featured-img":"","footer-sml-layout":"","theme-transparent-header-meta":"","adv-header-id-meta":"","stick-header-meta":"","header-above-stick-meta":"","header-main-stick-meta":"","header-below-stick-meta":"","astra-migrate-meta-layouts":"set","ast-page-background-enabled":"default","ast-page-background-meta":{"desktop":{"background-color":"var(--ast-global-color-4)","background-image":"","background-repeat":"repeat","background-position":"center center","background-size":"auto","background-attachment":"scroll","background-type":"","background-media":"","overlay-type":"","overlay-color":"","overlay-opacity":"","overlay-gradient":""},"tablet":{"background-color":"","background-image":"","background-repeat":"repeat","background-position":"center center","background-size":"auto","background-attachment":"scroll","background-type":"","background-media":"","overlay-type":"","overlay-color":"","overlay-opacity":"","overlay-gradient":""},"mobile":{"background-color":"","background-image":"","background-repeat":"repeat","background-position":"center center","background-size":"auto","background-attachment":"scroll","background-type":"","background-media":"","overlay-type":"","overlay-color":"","overlay-opacity":"","overlay-gradient":""}},"ast-content-background-meta":{"desktop":{"background-color":"var(--ast-global-color-5)","background-image":"","background-repeat":"repeat","background-position":"center center","background-size":"auto","background-attachment":"scroll","background-type":"","background-media":"","overlay-type":"","overlay-color":"","overlay-opacity":"","overlay-gradient":""},"tablet":{"background-color":"var(--ast-global-color-5)","background-image":"","background-repeat":"repeat","background-position":"center center","background-size":"auto","background-attachment":"scroll","background-type":"","background-media":"","overlay-type":"","overlay-color":"","overlay-opacity":"","overlay-gradient":""},"mobile":{"background-color":"var(--ast-global-color-5)","background-image":"","background-repeat":"repeat","background-position":"center center","background-size":"auto","background-attachment":"scroll","background-type":"","background-media":"","overlay-type":"","overlay-color":"","overlay-opacity":"","overlay-gradient":""}},"footnotes":""},"class_list":["post-10336","page","type-page","status-publish","hentry"],"post_mailing_queue_ids":[],"_links":{"self":[{"href":"https:\/\/agora.xtec.cat\/ceip-angelguimera\/wp-json\/wp\/v2\/pages\/10336","targetHints":{"allow":["GET"]}}],"collection":[{"href":"https:\/\/agora.xtec.cat\/ceip-angelguimera\/wp-json\/wp\/v2\/pages"}],"about":[{"href":"https:\/\/agora.xtec.cat\/ceip-angelguimera\/wp-json\/wp\/v2\/types\/page"}],"author":[{"embeddable":true,"href":"https:\/\/agora.xtec.cat\/ceip-angelguimera\/wp-json\/wp\/v2\/users\/1"}],"replies":[{"embeddable":true,"href":"https:\/\/agora.xtec.cat\/ceip-angelguimera\/wp-json\/wp\/v2\/comments?post=10336"}],"version-history":[{"count":6,"href":"https:\/\/agora.xtec.cat\/ceip-angelguimera\/wp-json\/wp\/v2\/pages\/10336\/revisions"}],"predecessor-version":[{"id":10493,"href":"https:\/\/agora.xtec.cat\/ceip-angelguimera\/wp-json\/wp\/v2\/pages\/10336\/revisions\/10493"}],"wp:attachment":[{"href":"https:\/\/agora.xtec.cat\/ceip-angelguimera\/wp-json\/wp\/v2\/media?parent=10336"}],"curies":[{"name":"wp","href":"https:\/\/api.w.org\/{rel}","templated":true}]}}